000
CDUS43 KGRR 300518
CLIGRR


CLIMATE REPORT
NATIONAL WEATHER SERVICE GRAND RAPIDS, MI
118 AM EDT SUN AUG 30 2015


...................................

...THE GRAND RAPIDS MI CLIMATE SUMMARY FOR AUGUST 29 2015...

CLIMATE NORMAL PERIOD 1981 TO 2010
CLIMATE RECORD PERIOD 1892 TO 2015


WEATHER ITEM   OBSERVED TIME   RECORD YEAR NORMAL DEPARTURE LAST
                VALUE   (LST)  VALUE       VALUE  FROM      YEAR
                                                  NORMAL
..................................................................
TEMPERATURE (F)
 YESTERDAY
  MAXIMUM         68    222 PM  95    1953  79    -11       75
  MINIMUM         61    510 AM  41    1982  59      2       61
  AVERAGE         65                        69     -4       68

PRECIPITATION (IN)
  YESTERDAY        0.16          1.60 1955   0.12   0.04     0.07
  MONTH TO DATE    3.73                      3.34   0.39     3.48
  SINCE JUN 1      9.99                     10.89  -0.90    13.05
  SINCE JAN 1     21.62                     24.47  -2.85    26.32

SNOWFALL (IN)
  YESTERDAY        0.0           0.0    MM   0.0    0.0      0.0
  MONTH TO DATE    0.0                       0.0    0.0      0.0
  SINCE JUN 1      0.0                       0.0    0.0      0.0
  SINCE JUL 1      0.0                       0.0    0.0      0.0
  SNOW DEPTH       0

DEGREE DAYS
 HEATING
  YESTERDAY        0                         1     -1        0
  MONTH TO DATE   16                         7      9       10
  SINCE JUN 1     59                        58      1       32
  SINCE JUL 1     29                        13     16       19

 COOLING
  YESTERDAY        0                         5     -5        3
  MONTH TO DATE  155                       184    -29      181
  SINCE JUN 1    442                       568   -126      484
  SINCE JAN 1    494                       615   -121      537
..................................................................


WIND (MPH)
  RESULTANT WIND SPEED   5   RESULTANT WIND DIRECTION   E (80)
  HIGHEST WIND SPEED    12   HIGHEST WIND DIRECTION     E (110)
  HIGHEST GUST SPEED    23   HIGHEST GUST DIRECTION     E (100)
  AVERAGE WIND SPEED     5.9


SKY COVER
  POSSIBLE SUNSHINE   0 PERCENT
  AVERAGE SKY COVER 0.9


WEATHER CONDITIONS
 THE FOLLOWING WEATHER WAS RECORDED YESTERDAY.
  RAIN
  LIGHT RAIN
  FOG


RELATIVE HUMIDITY (PERCENT)
 HIGHEST   100           100 AM
 LOWEST     87           100 PM
 AVERAGE    94

..........................................................


THE GRAND RAPIDS MI CLIMATE NORMALS FOR TODAY
                         NORMAL    RECORD    YEAR
 MAXIMUM TEMPERATURE (F)   79        95      1899
 MINIMUM TEMPERATURE (F)   59        39      1976


SUNRISE AND SUNSET
AUGUST 30 2015........SUNRISE   704 AM EDT   SUNSET   820 PM EDT
AUGUST 31 2015........SUNRISE   705 AM EDT   SUNSET   819 PM EDT


-  INDICATES NEGATIVE NUMBERS.
R  INDICATES RECORD WAS SET OR TIED.
MM INDICATES DATA IS MISSING.
T  INDICATES TRACE AMOUNT.




$$
