000
CDUS43 KGRR 150522
CLIGRR


CLIMATE REPORT
NATIONAL WEATHER SERVICE GRAND RAPIDS, MI
122 AM EDT TUE APR 15 2014


...................................

...THE GRAND RAPIDS MI CLIMATE SUMMARY FOR APRIL 14 2014...

CLIMATE NORMAL PERIOD 1981 TO 2010
CLIMATE RECORD PERIOD 1892 TO 2014


WEATHER ITEM   OBSERVED TIME   RECORD YEAR NORMAL DEPARTURE LAST
                VALUE   (LST)  VALUE       VALUE  FROM      YEAR
                                                  NORMAL
..................................................................
TEMPERATURE (F)
 YESTERDAY
  MAXIMUM         65    526 AM  80    2006  58      7       50
                                      1941
  MINIMUM         27   1159 PM  21    1953  37    -10       32
                                      1943
  AVERAGE         46                        48     -2       41

PRECIPITATION (IN)
  YESTERDAY        0.27          1.07 1987   0.11   0.16     0.06
  MONTH TO DATE    1.61                      1.53   0.08     4.06
  SINCE MAR 1      3.15                      3.90  -0.75     5.00
  SINCE JAN 1      8.95                      7.78   1.17    12.06

SNOWFALL (IN)
  YESTERDAY        1.6 R         1.4  1939   0.1    1.5       T
  MONTH TO DATE    1.6                       1.4    0.2       T
  SINCE MAR 1      8.0                       9.7   -1.7      7.7
  SINCE JUL 1    115.8                      74.5   41.3     65.3
  SNOW DEPTH       0

DEGREE DAYS
 HEATING
  YESTERDAY       19                        18      1       24
  MONTH TO DATE  267                       284    -17      359
  SINCE MAR 1   1450                      1194    256     1387
  SINCE JUL 1   6731                      5971    760     5872

 COOLING
  YESTERDAY        0                         0      0        0
  MONTH TO DATE    0                         0      0        0
  SINCE MAR 1      0                         1     -1        0
  SINCE JAN 1      0                         1     -1        0
..................................................................


WIND (MPH)
  RESULTANT WIND SPEED  11   RESULTANT WIND DIRECTION  NW (310)
  HIGHEST WIND SPEED    38   HIGHEST WIND DIRECTION    SW (240)
  HIGHEST GUST SPEED    49   HIGHEST GUST DIRECTION    SW (230)
  AVERAGE WIND SPEED    16.6


SKY COVER
  POSSIBLE SUNSHINE   0 PERCENT
  AVERAGE SKY COVER 1.0


WEATHER CONDITIONS
 THE FOLLOWING WEATHER WAS RECORDED YESTERDAY.
  LIGHT RAIN
  LIGHT SNOW
  FOG
  HAZE


RELATIVE HUMIDITY (PERCENT)
 HIGHEST    85          1000 AM
 LOWEST     65           400 PM
 AVERAGE    75

..........................................................


THE GRAND RAPIDS MI CLIMATE NORMALS FOR TODAY
                         NORMAL    RECORD    YEAR
 MAXIMUM TEMPERATURE (F)   58        84      2003
                                             2002
 MINIMUM TEMPERATURE (F)   38        18      1943


SUNRISE AND SUNSET
APRIL 15 2014.........SUNRISE   700 AM EDT   SUNSET   824 PM EDT
APRIL 16 2014.........SUNRISE   659 AM EDT   SUNSET   826 PM EDT


-  INDICATES NEGATIVE NUMBERS.
R  INDICATES RECORD WAS SET OR TIED.
MM INDICATES DATA IS MISSING.
T  INDICATES TRACE AMOUNT.




$$
