000
CDUS43 KGRR 230513
CLIGRR


CLIMATE REPORT
NATIONAL WEATHER SERVICE GRAND RAPIDS, MI
1213 AM EST FRI JAN 23 2015


...................................

...THE GRAND RAPIDS MI CLIMATE SUMMARY FOR JANUARY 22 2015...

CLIMATE NORMAL PERIOD 1981 TO 2010
CLIMATE RECORD PERIOD 1892 TO 2015


WEATHER ITEM   OBSERVED TIME   RECORD YEAR NORMAL DEPARTURE LAST
                VALUE   (LST)  VALUE       VALUE  FROM      YEAR
                                                  NORMAL
..................................................................
TEMPERATURE (F)
 YESTERDAY
  MAXIMUM         31    503 PM  68    1894  30      1       12
  MINIMUM         24   1127 PM  -6    1970  18      6        6
  AVERAGE         28                        24      4        9

PRECIPITATION (IN)
  YESTERDAY        0.01          1.70 1898   0.06  -0.05     0.06
  MONTH TO DATE    1.79                      1.57   0.22     2.34
  SINCE DEC 1      3.36                      4.07  -0.71     5.04
  SINCE JAN 1      1.79                      1.57   0.22     2.34

SNOWFALL (IN)
  YESTERDAY        0.1          12.3  2005   0.7   -0.6      0.7
  MONTH TO DATE   22.7                      15.2    7.5     20.9
  SINCE DEC 1     23.7                      37.1  -13.4     55.6
  SINCE JUL 1     54.7                      44.4   10.3     57.8
  SNOW DEPTH       4

DEGREE DAYS
 HEATING
  YESTERDAY       37                        41     -4       56
  MONTH TO DATE  985                       893     92      989
  SINCE DEC 1   2004                      2004      0     2187
  SINCE JUL 1   3500                      3342    158     3509

 COOLING
  YESTERDAY        0                         0      0        0
  MONTH TO DATE    0                         0      0        0
  SINCE DEC 1      0                         0      0        0
  SINCE JAN 1      0                         0      0        0
..................................................................


WIND (MPH)
  RESULTANT WIND SPEED   5   RESULTANT WIND DIRECTION   W (260)
  HIGHEST WIND SPEED    14   HIGHEST WIND DIRECTION    SW (230)
  HIGHEST GUST SPEED    16   HIGHEST GUST DIRECTION    SW (230)
  AVERAGE WIND SPEED     6.3


SKY COVER
  POSSIBLE SUNSHINE  16 PERCENT
  AVERAGE SKY COVER 0.9


WEATHER CONDITIONS
 THE FOLLOWING WEATHER WAS RECORDED YESTERDAY.
  LIGHT SNOW
  FOG


RELATIVE HUMIDITY (PERCENT)
 HIGHEST    88           300 AM
 LOWEST     63          1200 PM
 AVERAGE    76

..........................................................


THE GRAND RAPIDS MI CLIMATE NORMALS FOR TODAY
                         NORMAL    RECORD    YEAR
 MAXIMUM TEMPERATURE (F)   31        56      1909
 MINIMUM TEMPERATURE (F)   18       -19      1948


SUNRISE AND SUNSET
JANUARY 23 2015.......SUNRISE   805 AM EST   SUNSET   543 PM EST
JANUARY 24 2015.......SUNRISE   804 AM EST   SUNSET   544 PM EST


-  INDICATES NEGATIVE NUMBERS.
R  INDICATES RECORD WAS SET OR TIED.
MM INDICATES DATA IS MISSING.
T  INDICATES TRACE AMOUNT.




$$
