000
CDUS43 KGRR 160515
CLIGRR


CLIMATE REPORT
NATIONAL WEATHER SERVICE GRAND RAPIDS, MI
115 AM EDT WED APR 16 2014


...................................

...THE GRAND RAPIDS MI CLIMATE SUMMARY FOR APRIL 15 2014...

CLIMATE NORMAL PERIOD 1981 TO 2010
CLIMATE RECORD PERIOD 1892 TO 2014


WEATHER ITEM   OBSERVED TIME   RECORD YEAR NORMAL DEPARTURE LAST
                VALUE   (LST)  VALUE       VALUE  FROM      YEAR
                                                  NORMAL
..................................................................
TEMPERATURE (F)
 YESTERDAY
  MAXIMUM         35    443 PM  84    2003  58    -23       65
                                      2002
  MINIMUM         25    606 AM  18    1943  38    -13       43
  AVERAGE         30                        48    -18       54

PRECIPITATION (IN)
  YESTERDAY        0.01          1.40 1991   0.12  -0.11     0.75
  MONTH TO DATE    1.62                      1.65  -0.03     4.81
  SINCE MAR 1      3.16                      4.02  -0.86     5.75
  SINCE JAN 1      8.96                      7.90   1.06    12.81

SNOWFALL (IN)
  YESTERDAY        0.2           4.0  1919   0.0    0.2      0.0
  MONTH TO DATE    1.8                       1.4    0.4       T
  SINCE MAR 1      8.2                       9.7   -1.5      7.7
  SINCE JUL 1    116.0                      74.5   41.5     65.3
  SNOW DEPTH       0

DEGREE DAYS
 HEATING
  YESTERDAY       35                        17     18       11
  MONTH TO DATE  302                       301      1      370
  SINCE MAR 1   1485                      1211    274     1398
  SINCE JUL 1   6766                      5988    778     5883

 COOLING
  YESTERDAY        0                         0      0        0
  MONTH TO DATE    0                         0      0        0
  SINCE MAR 1      0                         1     -1        0
  SINCE JAN 1      0                         1     -1        0
..................................................................


WIND (MPH)
  RESULTANT WIND SPEED  13   RESULTANT WIND DIRECTION  NW (310)
  HIGHEST WIND SPEED    24   HIGHEST WIND DIRECTION    NW (300)
  HIGHEST GUST SPEED    32   HIGHEST GUST DIRECTION    NW (310)
  AVERAGE WIND SPEED    13.6


SKY COVER
  POSSIBLE SUNSHINE  62 PERCENT
  AVERAGE SKY COVER 0.7


WEATHER CONDITIONS
 THE FOLLOWING WEATHER WAS RECORDED YESTERDAY.
  LIGHT SNOW


RELATIVE HUMIDITY (PERCENT)
 HIGHEST    81          1200 AM
 LOWEST     35           600 PM
 AVERAGE    58

..........................................................


THE GRAND RAPIDS MI CLIMATE NORMALS FOR TODAY
                         NORMAL    RECORD    YEAR
 MAXIMUM TEMPERATURE (F)   59        86      2002
 MINIMUM TEMPERATURE (F)   38        21      1904


SUNRISE AND SUNSET
APRIL 16 2014.........SUNRISE   659 AM EDT   SUNSET   826 PM EDT
APRIL 17 2014.........SUNRISE   657 AM EDT   SUNSET   827 PM EDT


-  INDICATES NEGATIVE NUMBERS.
R  INDICATES RECORD WAS SET OR TIED.
MM INDICATES DATA IS MISSING.
T  INDICATES TRACE AMOUNT.




$$
