000
CDUS43 KGRR 170606
CLIGRR


CLIMATE REPORT
NATIONAL WEATHER SERVICE GRAND RAPIDS, MI
206 AM EDT FRI MAR 17 2017


...................................

...THE GRAND RAPIDS MI CLIMATE SUMMARY FOR MARCH 16 2017...

CLIMATE NORMAL PERIOD 1981 TO 2010
CLIMATE RECORD PERIOD 1892 TO 2017


WEATHER ITEM   OBSERVED TIME   RECORD YEAR NORMAL DEPARTURE LAST
                VALUE   (LST)  VALUE       VALUE  FROM      YEAR
                                                  NORMAL
..................................................................
TEMPERATURE (F)
 YESTERDAY
  MAXIMUM         41    311 PM  79    2012  44     -3       53
  MINIMUM         15    714 AM   3    1900  27    -12       46
  AVERAGE         28                        36     -8       50

PRECIPITATION (IN)
  YESTERDAY        0.00          1.50 1942   0.07  -0.07     0.25
  MONTH TO DATE    0.69                      1.15  -0.46     2.20
  SINCE MAR 1      0.69                      1.15  -0.46     2.20
  SINCE JAN 1      6.25                      5.03   1.22     7.13

SNOWFALL (IN)
  YESTERDAY        0.0          10.0  1895   0.3   -0.3      0.0
  MONTH TO DATE    4.2                       5.6   -1.4     10.1
  SINCE MAR 1      4.2                       5.6   -1.4     10.1
  SINCE JUL 1     59.2                      70.4  -11.2     51.7
  SNOW DEPTH       T

DEGREE DAYS
 HEATING
  YESTERDAY       37                        30      7       15
  MONTH TO DATE  553                       515     38      398
  SINCE MAR 1    553                       515     38      398
  SINCE JUL 1   4607                      5292   -685     4475

 COOLING
  YESTERDAY        0                         0      0        0
  MONTH TO DATE    0                         0      0        0
  SINCE MAR 1      0                         0      0        0
  SINCE JAN 1      0                         0      0        0
..................................................................


WIND (MPH)
  RESULTANT WIND SPEED   6   RESULTANT WIND DIRECTION   W (260)
  HIGHEST WIND SPEED    18   HIGHEST WIND DIRECTION     W (270)
  HIGHEST GUST SPEED    23   HIGHEST GUST DIRECTION     W (270)
  AVERAGE WIND SPEED     6.4


SKY COVER
  POSSIBLE SUNSHINE  98 PERCENT
  AVERAGE SKY COVER 0.1


WEATHER CONDITIONS
 THE FOLLOWING WEATHER WAS RECORDED YESTERDAY.
  NO SIGNIFICANT WEATHER WAS OBSERVED.


RELATIVE HUMIDITY (PERCENT)
 HIGHEST    80           500 AM
 LOWEST     33           300 PM
 AVERAGE    57

..........................................................


THE GRAND RAPIDS MI CLIMATE NORMALS FOR TODAY
                         NORMAL    RECORD    YEAR
 MAXIMUM TEMPERATURE (F)   45        78      2012
 MINIMUM TEMPERATURE (F)   27        -4      1949


SUNRISE AND SUNSET
MARCH 17 2017.........SUNRISE   750 AM EDT   SUNSET   751 PM EDT
MARCH 18 2017.........SUNRISE   748 AM EDT   SUNSET   752 PM EDT


-  INDICATES NEGATIVE NUMBERS.
R  INDICATES RECORD WAS SET OR TIED.
MM INDICATES DATA IS MISSING.
T  INDICATES TRACE AMOUNT.




$$
