000
CDUS43 KGRR 270513
CLIGRR


CLIMATE REPORT
NATIONAL WEATHER SERVICE GRAND RAPIDS, MI
1213 AM EST TUE JAN 27 2015


...................................

...THE GRAND RAPIDS MI CLIMATE SUMMARY FOR JANUARY 26 2015...

CLIMATE NORMAL PERIOD 1981 TO 2010
CLIMATE RECORD PERIOD 1892 TO 2015


WEATHER ITEM   OBSERVED TIME   RECORD YEAR NORMAL DEPARTURE LAST
                VALUE   (LST)  VALUE       VALUE  FROM      YEAR
                                                  NORMAL
..................................................................
TEMPERATURE (F)
 YESTERDAY
  MAXIMUM         24    341 PM  62    1944  31     -7       25
  MINIMUM          8    817 AM  -9    1927  18    -10        6
  AVERAGE         16                        24     -8       16

PRECIPITATION (IN)
  YESTERDAY        T             1.09 1978   0.06  -0.06     0.23
  MONTH TO DATE    1.79                      1.80  -0.01     3.10
  SINCE DEC 1      3.36                      4.30  -0.94     5.80
  SINCE JAN 1      1.79                      1.80  -0.01     3.10

SNOWFALL (IN)
  YESTERDAY        T            16.1  1978   0.7   -0.7      5.0
  MONTH TO DATE   22.7                      17.7    5.0     35.5
  SINCE DEC 1     23.7                      39.6  -15.9     70.2
  SINCE JUL 1     54.7                      46.9    7.8     72.4
  SNOW DEPTH       3

DEGREE DAYS
 HEATING
  YESTERDAY       49                        41      8       49
  MONTH TO DATE 1140                      1057     83     1189
  SINCE DEC 1   2159                      2168     -9     2387
  SINCE JUL 1   3655                      3506    149     3709

 COOLING
  YESTERDAY        0                         0      0        0
  MONTH TO DATE    0                         0      0        0
  SINCE DEC 1      0                         0      0        0
  SINCE JAN 1      0                         0      0        0
..................................................................


WIND (MPH)
  RESULTANT WIND SPEED   6   RESULTANT WIND DIRECTION   E (70)
  HIGHEST WIND SPEED    15   HIGHEST WIND DIRECTION    NE (60)
  HIGHEST GUST SPEED    19   HIGHEST GUST DIRECTION    NE (60)
  AVERAGE WIND SPEED     6.1


SKY COVER
  POSSIBLE SUNSHINE  61 PERCENT
  AVERAGE SKY COVER 0.6


WEATHER CONDITIONS
 THE FOLLOWING WEATHER WAS RECORDED YESTERDAY.
  LIGHT SNOW


RELATIVE HUMIDITY (PERCENT)
 HIGHEST    84          1000 AM
 LOWEST     44           400 PM
 AVERAGE    64

..........................................................


THE GRAND RAPIDS MI CLIMATE NORMALS FOR TODAY
                         NORMAL    RECORD    YEAR
 MAXIMUM TEMPERATURE (F)   31        62      1916
 MINIMUM TEMPERATURE (F)   18       -12      2003


SUNRISE AND SUNSET
JANUARY 27 2015.......SUNRISE   802 AM EST   SUNSET   548 PM EST
JANUARY 28 2015.......SUNRISE   801 AM EST   SUNSET   549 PM EST


-  INDICATES NEGATIVE NUMBERS.
R  INDICATES RECORD WAS SET OR TIED.
MM INDICATES DATA IS MISSING.
T  INDICATES TRACE AMOUNT.




$$
