000
CDUS43 KGRR 080530
CLIGRR


CLIMATE REPORT
NATIONAL WEATHER SERVICE GRAND RAPIDS, MI
130 AM EDT TUE APR 8 2014


...................................

...THE GRAND RAPIDS MI CLIMATE SUMMARY FOR APRIL 7 2014...

CLIMATE NORMAL PERIOD 1981 TO 2010
CLIMATE RECORD PERIOD 1892 TO 2014


WEATHER ITEM   OBSERVED TIME   RECORD YEAR NORMAL DEPARTURE LAST
                VALUE   (LST)  VALUE       VALUE  FROM      YEAR
                                                  NORMAL
..................................................................
TEMPERATURE (F)
 YESTERDAY
  MAXIMUM         56    126 PM  81    1991  55      1       58
  MINIMUM         31    603 AM   3    1982  35     -4       34
  AVERAGE         44                        45     -1       46

PRECIPITATION (IN)
  YESTERDAY        0.00          1.06 2006   0.11  -0.11     0.04
  MONTH TO DATE    0.56                      0.73  -0.17     0.08
  SINCE MAR 1      2.10                      3.10  -1.00     1.02
  SINCE JAN 1      7.90                      6.98   0.92     8.08

SNOWFALL (IN)
  YESTERDAY        0.0           5.0  1956   0.1   -0.1      0.0
  MONTH TO DATE    T                         0.8   -0.8       T
  SINCE MAR 1      6.4                       9.1   -2.7      7.7
  SINCE JUL 1    114.2                      73.9   40.3     65.3
  SNOW DEPTH       0

DEGREE DAYS
 HEATING
  YESTERDAY       21                        20      1       19
  MONTH TO DATE  170                       152     18      187
  SINCE MAR 1   1353                      1062    291     1215
  SINCE JUL 1   6634                      5839    795     5700

 COOLING
  YESTERDAY        0                         0      0        0
  MONTH TO DATE    0                         0      0        0
  SINCE MAR 1      0                         1     -1        0
  SINCE JAN 1      0                         1     -1        0
..................................................................


WIND (MPH)
  RESULTANT WIND SPEED   6   RESULTANT WIND DIRECTION   E (70)
  HIGHEST WIND SPEED    20   HIGHEST WIND DIRECTION    NE (50)
  HIGHEST GUST SPEED    23   HIGHEST GUST DIRECTION     E (100)
  AVERAGE WIND SPEED     7.5


SKY COVER
  POSSIBLE SUNSHINE   2 PERCENT
  AVERAGE SKY COVER 0.8


WEATHER CONDITIONS
 THE FOLLOWING WEATHER WAS RECORDED YESTERDAY.
  NO SIGNIFICANT WEATHER WAS OBSERVED.


RELATIVE HUMIDITY (PERCENT)
 HIGHEST    78           600 AM
 LOWEST     35           300 PM
 AVERAGE    57

..........................................................


THE GRAND RAPIDS MI CLIMATE NORMALS FOR TODAY
                         NORMAL    RECORD    YEAR
 MAXIMUM TEMPERATURE (F)   55        74      1931
 MINIMUM TEMPERATURE (F)   35         7      1982


SUNRISE AND SUNSET
APRIL  8 2014.........SUNRISE   712 AM EDT   SUNSET   816 PM EDT
APRIL  9 2014.........SUNRISE   710 AM EDT   SUNSET   818 PM EDT


-  INDICATES NEGATIVE NUMBERS.
R  INDICATES RECORD WAS SET OR TIED.
MM INDICATES DATA IS MISSING.
T  INDICATES TRACE AMOUNT.




$$
