000
CDUS43 KGRR 120518
CLIGRR


CLIMATE REPORT
NATIONAL WEATHER SERVICE GRAND RAPIDS, MI
118 AM EDT WED JUL 12 2017


...................................

...THE GRAND RAPIDS MI CLIMATE SUMMARY FOR JULY 11 2017...

CLIMATE NORMAL PERIOD 1981 TO 2010
CLIMATE RECORD PERIOD 1892 TO 2017


WEATHER ITEM   OBSERVED TIME   RECORD YEAR NORMAL DEPARTURE LAST
                VALUE   (LST)  VALUE       VALUE  FROM      YEAR
                                                  NORMAL
..................................................................
TEMPERATURE (F)
 YESTERDAY
  MAXIMUM         88    409 PM  99    1936  83      5       90
  MINIMUM         64    557 AM  43    1945  62      2       64
  AVERAGE         76                        73      3       77

PRECIPITATION (IN)
  YESTERDAY        0.00          2.72 1922   0.12  -0.12     0.25
  MONTH TO DATE    0.41                      1.31  -0.90     1.04
  SINCE JUN 1      5.29                      5.08   0.21     2.19
  SINCE JAN 1     21.89                     18.66   3.23    18.99

SNOWFALL (IN)
  YESTERDAY        0.0           0.0  2006   0.0    0.0      0.0
                                      2005
                                      2004
  MONTH TO DATE    0.0                       0.0    0.0      0.0
  SINCE JUN 1      0.0                       0.0    0.0      0.0
  SINCE JUL 1      0.0                       0.0    0.0      0.0
  SNOW DEPTH       0

DEGREE DAYS
 HEATING
  YESTERDAY        0                         0      0        0
  MONTH TO DATE    0                         0      0        0
  SINCE JUN 1     22                        45    -23       21
  SINCE JUL 1      0                         0      0        0

 COOLING
  YESTERDAY       11                         8      3       12
  MONTH TO DATE   82                        85     -3       93
  SINCE JUN 1    244                       230     14      283
  SINCE JAN 1    274                       277     -3      354
..................................................................


WIND (MPH)
  RESULTANT WIND SPEED   3   RESULTANT WIND DIRECTION  SW (220)
  HIGHEST WIND SPEED    18   HIGHEST WIND DIRECTION     W (270)
  HIGHEST GUST SPEED    24   HIGHEST GUST DIRECTION     W (270)
  AVERAGE WIND SPEED     5.2


SKY COVER
  POSSIBLE SUNSHINE  78 PERCENT
  AVERAGE SKY COVER 0.6


WEATHER CONDITIONS
 THE FOLLOWING WEATHER WAS RECORDED YESTERDAY.
  FOG


RELATIVE HUMIDITY (PERCENT)
 HIGHEST   100           100 AM
 LOWEST     55           400 PM
 AVERAGE    78

..........................................................


THE GRAND RAPIDS MI CLIMATE NORMALS FOR TODAY
                         NORMAL    RECORD    YEAR
 MAXIMUM TEMPERATURE (F)   83       106      1936
 MINIMUM TEMPERATURE (F)   62        42      1898


SUNRISE AND SUNSET
JULY 12 2017..........SUNRISE   615 AM EDT   SUNSET   920 PM EDT
JULY 13 2017..........SUNRISE   615 AM EDT   SUNSET   920 PM EDT


-  INDICATES NEGATIVE NUMBERS.
R  INDICATES RECORD WAS SET OR TIED.
MM INDICATES DATA IS MISSING.
T  INDICATES TRACE AMOUNT.




$$
