000
CDUS43 KGRR 170532
CLIGRR


CLIMATE REPORT
NATIONAL WEATHER SERVICE GRAND RAPIDS, MI
132 AM EDT WED AUG 17 2016


...................................

...THE GRAND RAPIDS MI CLIMATE SUMMARY FOR AUGUST 16 2016...

CLIMATE NORMAL PERIOD 1981 TO 2010
CLIMATE RECORD PERIOD 1892 TO 2016


WEATHER ITEM   OBSERVED TIME   RECORD YEAR NORMAL DEPARTURE LAST
                VALUE   (LST)  VALUE       VALUE  FROM      YEAR
                                                  NORMAL
..................................................................
TEMPERATURE (F)
 YESTERDAY
  MAXIMUM         85    219 PM  99    1913  81      4       88
  MINIMUM         68   1159 PM  40    1979  61      7       68
  AVERAGE         77                        71      6       78

PRECIPITATION (IN)
  YESTERDAY        1.74R         1.71 1908   0.12   1.62     0.00
  MONTH TO DATE    5.59                      1.87   3.72     2.11
  SINCE JUN 1     12.36                      9.42   2.94     8.37
  SINCE JAN 1     29.16                     23.00   6.16    20.00

SNOWFALL (IN)
  YESTERDAY        0.0           0.0    MM   0.0    0.0      0.0
  MONTH TO DATE    0.0                       0.0    0.0      0.0
  SINCE JUN 1      0.0                       0.0    0.0      0.0
  SINCE JUL 1      0.0                       0.0    0.0      0.0
  SNOW DEPTH       0

DEGREE DAYS
 HEATING
  YESTERDAY        0                         0      0        0
  MONTH TO DATE    0                         0      0        0
  SINCE JUN 1     21                        51    -30       43
  SINCE JUL 1      0                         6     -6       13

 COOLING
  YESTERDAY       12                         6      6       13
  MONTH TO DATE  167                       111     56      114
  SINCE JUN 1    653                       495    158      401
  SINCE JAN 1    724                       542    182      453
..................................................................


WIND (MPH)
  RESULTANT WIND SPEED   5   RESULTANT WIND DIRECTION  NW (320)
  HIGHEST WIND SPEED    17   HIGHEST WIND DIRECTION    NE (30)
  HIGHEST GUST SPEED    22   HIGHEST GUST DIRECTION    NE (50)
  AVERAGE WIND SPEED     9.4


SKY COVER
  POSSIBLE SUNSHINE  77 PERCENT
  AVERAGE SKY COVER 0.7


WEATHER CONDITIONS
 THE FOLLOWING WEATHER WAS RECORDED YESTERDAY.
  HEAVY RAIN
  RAIN
  LIGHT RAIN
  FOG


RELATIVE HUMIDITY (PERCENT)
 HIGHEST    90          1200 AM
 LOWEST     55           200 PM
 AVERAGE    73

..........................................................


THE GRAND RAPIDS MI CLIMATE NORMALS FOR TODAY
                         NORMAL    RECORD    YEAR
 MAXIMUM TEMPERATURE (F)   81        98      1988
 MINIMUM TEMPERATURE (F)   61        45      1976
                                             1894


SUNRISE AND SUNSET
AUGUST 17 2016........SUNRISE   651 AM EDT   SUNSET   840 PM EDT
AUGUST 18 2016........SUNRISE   652 AM EDT   SUNSET   839 PM EDT


-  INDICATES NEGATIVE NUMBERS.
R  INDICATES RECORD WAS SET OR TIED.
MM INDICATES DATA IS MISSING.
T  INDICATES TRACE AMOUNT.




$$
