000
CDUS43 KGRR 290612
CLIGRR


CLIMATE REPORT
NATIONAL WEATHER SERVICE GRAND RAPIDS, MI
111 AM EST TUE NOV 29 2016


...................................

...THE GRAND RAPIDS MI CLIMATE SUMMARY FOR NOVEMBER 28 2016...

CLIMATE NORMAL PERIOD 1981 TO 2010
CLIMATE RECORD PERIOD 1892 TO 2016


WEATHER ITEM   OBSERVED TIME   RECORD YEAR NORMAL DEPARTURE LAST
                VALUE   (LST)  VALUE       VALUE  FROM      YEAR
                                                  NORMAL
..................................................................
TEMPERATURE (F)
 YESTERDAY
  MAXIMUM         51   1159 PM  67    1905  41     10       38
  MINIMUM         36   1246 AM   5    1969  29      7       25
  AVERAGE         44                        35      9       32

PRECIPITATION (IN)
  YESTERDAY        0.44          1.58 1968   0.11   0.33     0.00
  MONTH TO DATE    3.08                      3.30  -0.22     2.61
  SINCE SEP 1     11.63                     10.84   0.79     8.14
  SINCE JAN 1     43.17                     35.56   7.61    29.78

SNOWFALL (IN)
  YESTERDAY        0.0           7.9  1965   0.4   -0.4      0.0
  MONTH TO DATE    0.8                       6.0   -5.2      3.5
  SINCE SEP 1      0.8                       6.5   -5.7      3.5
  SINCE JUL 1      0.8                       6.5   -5.7      3.5
  SNOW DEPTH       0

DEGREE DAYS
 HEATING
  YESTERDAY       21                        30     -9       33
  MONTH TO DATE  546                       684   -138      511
  SINCE SEP 1    914                      1256   -342      963
  SINCE JUL 1    914                      1276   -362      992

 COOLING
  YESTERDAY        0                         0      0        0
  MONTH TO DATE    0                         0      0        0
  SINCE SEP 1    105                        74     31      135
  SINCE JAN 1    936                       699    237      642
..................................................................


WIND (MPH)
  RESULTANT WIND SPEED  14   RESULTANT WIND DIRECTION  SE (150)
  HIGHEST WIND SPEED    35   HIGHEST WIND DIRECTION     S (160)
  HIGHEST GUST SPEED    42   HIGHEST GUST DIRECTION    SE (150)
  AVERAGE WIND SPEED    15.1


SKY COVER
  POSSIBLE SUNSHINE   0 PERCENT
  AVERAGE SKY COVER 0.9


WEATHER CONDITIONS
 THE FOLLOWING WEATHER WAS RECORDED YESTERDAY.
  RAIN
  LIGHT RAIN
  FOG
  HAZE


RELATIVE HUMIDITY (PERCENT)
 HIGHEST    93           600 PM
 LOWEST     60           500 AM
 AVERAGE    77

..........................................................


THE GRAND RAPIDS MI CLIMATE NORMALS FOR TODAY
                         NORMAL    RECORD    YEAR
 MAXIMUM TEMPERATURE (F)   41        65      1998
 MINIMUM TEMPERATURE (F)   29         6      1929


SUNRISE AND SUNSET
NOVEMBER 29 2016......SUNRISE   752 AM EST   SUNSET   509 PM EST
NOVEMBER 30 2016......SUNRISE   753 AM EST   SUNSET   509 PM EST


-  INDICATES NEGATIVE NUMBERS.
R  INDICATES RECORD WAS SET OR TIED.
MM INDICATES DATA IS MISSING.
T  INDICATES TRACE AMOUNT.




$$
