000
CDUS43 KGRR 090519
CLIGRR


CLIMATE REPORT
NATIONAL WEATHER SERVICE GRAND RAPIDS, MI
1218 AM EST THU NOV 9 2017


...................................

...THE GRAND RAPIDS MI CLIMATE SUMMARY FOR NOVEMBER 8 2017...

CLIMATE NORMAL PERIOD 1981 TO 2010
CLIMATE RECORD PERIOD 1892 TO 2017


WEATHER ITEM   OBSERVED TIME   RECORD YEAR NORMAL DEPARTURE LAST
                VALUE   (LST)  VALUE       VALUE  FROM      YEAR
                                                  NORMAL
..................................................................
TEMPERATURE (F)
 YESTERDAY
  MAXIMUM         46    259 PM  72    2009  51     -5       59
                                      1931
  MINIMUM         25    539 AM  16    1991  35    -10       46
                                      1976
  AVERAGE         36                        43     -7       53

PRECIPITATION (IN)
  YESTERDAY        0.00          0.76 1916   0.11  -0.11      T
  MONTH TO DATE    0.66                      0.96  -0.30     1.35
  SINCE SEP 1     11.01                      8.50   2.51     9.90
  SINCE JAN 1     35.33                     33.22   2.11    41.44

SNOWFALL (IN)
  YESTERDAY        0.0           7.5  1921   0.1   -0.1      0.0
  MONTH TO DATE    T                         0.9   -0.9      0.0
  SINCE SEP 1      0.4                       1.4   -1.0      0.0
  SINCE JUL 1      0.4                       1.4   -1.0      0.0
  SNOW DEPTH       0

DEGREE DAYS
 HEATING
  YESTERDAY       29                        22      7       12
  MONTH TO DATE  179                       164     15       87
  SINCE SEP 1    570                       736   -166      455
  SINCE JUL 1    586                       756   -170      455

 COOLING
  YESTERDAY        0                         0      0        0
  MONTH TO DATE    0                         0      0        0
  SINCE SEP 1    147                        74     73      105
  SINCE JAN 1    719                       699     20      936
..................................................................


WIND (MPH)
  RESULTANT WIND SPEED   5   RESULTANT WIND DIRECTION  SW (230)
  HIGHEST WIND SPEED    20   HIGHEST WIND DIRECTION    SW (240)
  HIGHEST GUST SPEED    24   HIGHEST GUST DIRECTION     W (250)
  AVERAGE WIND SPEED     6.5


SKY COVER
  POSSIBLE SUNSHINE  65 PERCENT
  AVERAGE SKY COVER 0.4


WEATHER CONDITIONS
 THE FOLLOWING WEATHER WAS RECORDED YESTERDAY.
  NO SIGNIFICANT WEATHER WAS OBSERVED.


RELATIVE HUMIDITY (PERCENT)
 HIGHEST   100           200 AM
 LOWEST     58           200 PM
 AVERAGE    79

..........................................................


THE GRAND RAPIDS MI CLIMATE NORMALS FOR TODAY
                         NORMAL    RECORD    YEAR
 MAXIMUM TEMPERATURE (F)   51        73      1931
 MINIMUM TEMPERATURE (F)   35        16      2003


SUNRISE AND SUNSET
NOVEMBER  9 2017......SUNRISE   727 AM EST   SUNSET   524 PM EST
NOVEMBER 10 2017......SUNRISE   728 AM EST   SUNSET   523 PM EST


-  INDICATES NEGATIVE NUMBERS.
R  INDICATES RECORD WAS SET OR TIED.
MM INDICATES DATA IS MISSING.
T  INDICATES TRACE AMOUNT.




$$
