000
CDUS43 KGRR 310513
CLIGRR


CLIMATE REPORT
NATIONAL WEATHER SERVICE GRAND RAPIDS, MI
112 AM EDT MON AUG 31 2015


...................................

...THE GRAND RAPIDS MI CLIMATE SUMMARY FOR AUGUST 30 2015...

CLIMATE NORMAL PERIOD 1981 TO 2010
CLIMATE RECORD PERIOD 1892 TO 2015


WEATHER ITEM   OBSERVED TIME   RECORD YEAR NORMAL DEPARTURE LAST
                VALUE   (LST)  VALUE       VALUE  FROM      YEAR
                                                  NORMAL
..................................................................
TEMPERATURE (F)
 YESTERDAY
  MAXIMUM         78    427 PM  95    1899  79     -1       83
  MINIMUM         65   1046 PM  39    1976  59      6       71
  AVERAGE         72                        69      3       77

PRECIPITATION (IN)
  YESTERDAY        0.02          2.00 1955   0.12  -0.10     0.20
  MONTH TO DATE    3.75                      3.46   0.29     3.68
  SINCE JUN 1     10.01                     11.01  -1.00    13.25
  SINCE JAN 1     21.64                     24.59  -2.95    26.52

SNOWFALL (IN)
  YESTERDAY        0.0           0.0    MM   0.0    0.0      0.0
  MONTH TO DATE    0.0                       0.0    0.0      0.0
  SINCE JUN 1      0.0                       0.0    0.0      0.0
  SINCE JUL 1      0.0                       0.0    0.0      0.0
  SNOW DEPTH       0

DEGREE DAYS
 HEATING
  YESTERDAY        0                         1     -1        0
  MONTH TO DATE   16                         8      8       10
  SINCE JUN 1     59                        59      0       32
  SINCE JUL 1     29                        14     15       19

 COOLING
  YESTERDAY        7                         5      2       12
  MONTH TO DATE  162                       189    -27      193
  SINCE JUN 1    449                       573   -124      496
  SINCE JAN 1    501                       620   -119      549
..................................................................


WIND (MPH)
  RESULTANT WIND SPEED   2   RESULTANT WIND DIRECTION  SW (230)
  HIGHEST WIND SPEED    14   HIGHEST WIND DIRECTION    SW (240)
  HIGHEST GUST SPEED    22   HIGHEST GUST DIRECTION    SW (240)
  AVERAGE WIND SPEED     4.4


SKY COVER
  POSSIBLE SUNSHINE  22 PERCENT
  AVERAGE SKY COVER 0.8


WEATHER CONDITIONS
 THE FOLLOWING WEATHER WAS RECORDED YESTERDAY.
  LIGHT RAIN
  FOG
  FOG W/VISIBILITY <= 1/4 MILE
  HAZE


RELATIVE HUMIDITY (PERCENT)
 HIGHEST   100           800 AM
 LOWEST     67           400 PM
 AVERAGE    84

..........................................................


THE GRAND RAPIDS MI CLIMATE NORMALS FOR TODAY
                         NORMAL    RECORD    YEAR
 MAXIMUM TEMPERATURE (F)   79        97      1953
 MINIMUM TEMPERATURE (F)   58        43      1967
                                             1915


SUNRISE AND SUNSET
AUGUST 31 2015........SUNRISE   705 AM EDT   SUNSET   819 PM EDT
SEPTEMBER  1 2015.....SUNRISE   706 AM EDT   SUNSET   817 PM EDT


-  INDICATES NEGATIVE NUMBERS.
R  INDICATES RECORD WAS SET OR TIED.
MM INDICATES DATA IS MISSING.
T  INDICATES TRACE AMOUNT.




$$
