000
CDUS43 KGRR 022128
CLIGRR


CLIMATE REPORT
NATIONAL WEATHER SERVICE GRAND RAPIDS, MI
526 PM EDT THU JUL 2 2015


...................................

...THE GRAND RAPIDS MI CLIMATE SUMMARY FOR JULY 2 2015...
VALID TODAY AS OF 0500 PM LOCAL TIME.

CLIMATE NORMAL PERIOD 1981 TO 2010
CLIMATE RECORD PERIOD 1892 TO 2015


WEATHER ITEM   OBSERVED TIME   RECORD YEAR NORMAL DEPARTURE LAST
                VALUE   (LST)  VALUE       VALUE  FROM      YEAR
                                                  NORMAL
..................................................................
TEMPERATURE (F)
 TODAY
  MAXIMUM         74    338 PM  98    1910  83     -9       71
  MINIMUM         51    528 AM  43    2001  61    -10       60
  AVERAGE         63                        72     -9       66

PRECIPITATION (IN)
  TODAY            0.00          3.18 2008   0.12  -0.12      T
  MONTH TO DATE    0.00                      0.24  -0.24     0.16
  SINCE JUN 1      4.03                      4.01   0.02     5.31
  SINCE JAN 1     15.66                     17.59  -1.93    18.58

SNOWFALL (IN)
  TODAY            0.0           0.0  2006   0.0    0.0      0.0
                                      2005
                                      2004
  MONTH TO DATE    0.0                       0.0    0.0      0.0
  SINCE JUN 1      0.0                       0.0    0.0      0.0
  SINCE JUL 1      0.0                       0.0    0.0      0.0
  SNOW DEPTH       0

DEGREE DAYS
 HEATING
  TODAY            2                         0      2        0
  MONTH TO DATE    4                         0      4        0
  SINCE JUN 1     34                        45    -11       13
  SINCE JUL 1      4                         0      4        0

 COOLING
  TODAY            0                         7     -7        1
  MONTH TO DATE    0                        14    -14       10
  SINCE JUN 1     89                       159    -70      189
  SINCE JAN 1    141                       206    -65      242
..................................................................


WIND (MPH)
  RESULTANT WIND SPEED   6   RESULTANT WIND DIRECTION   E (70)
  HIGHEST WIND SPEED    14   HIGHEST WIND DIRECTION     E (70)
  HIGHEST GUST SPEED    24   HIGHEST GUST DIRECTION     E (80)
  AVERAGE WIND SPEED     6.6


SKY COVER
  AVERAGE SKY COVER 0.4


WEATHER CONDITIONS
 THE FOLLOWING WEATHER WAS RECORDED TODAY.
  NO SIGNIFICANT WEATHER WAS OBSERVED.


RELATIVE HUMIDITY (PERCENT)
 HIGHEST    93          1200 AM
 LOWEST     46           400 PM
 AVERAGE    70

..........................................................


THE GRAND RAPIDS MI CLIMATE NORMALS FOR TOMORROW
                         NORMAL    RECORD    YEAR
 MAXIMUM TEMPERATURE (F)   83        97      1966
                                             1949
                                             1921
 MINIMUM TEMPERATURE (F)   62        43      1968


SUNRISE AND SUNSET
JULY  2 2015..........SUNRISE   608 AM EDT   SUNSET   924 PM EDT
JULY  3 2015..........SUNRISE   608 AM EDT   SUNSET   924 PM EDT


-  INDICATES NEGATIVE NUMBERS.
R  INDICATES RECORD WAS SET OR TIED.
MM INDICATES DATA IS MISSING.
T  INDICATES TRACE AMOUNT.




$$

63
