000
CDUS43 KGRR 142131
CLIGRR


CLIMATE REPORT
NATIONAL WEATHER SERVICE GRAND RAPIDS, MI
526 PM EDT WED JUN 14 2017


...................................

...THE GRAND RAPIDS MI CLIMATE SUMMARY FOR JUNE 14 2017...
VALID TODAY AS OF 0500 PM LOCAL TIME.

CLIMATE NORMAL PERIOD 1981 TO 2010
CLIMATE RECORD PERIOD 1892 TO 2017


WEATHER ITEM   OBSERVED TIME   RECORD YEAR NORMAL DEPARTURE LAST
                VALUE   (LST)  VALUE       VALUE  FROM      YEAR
                                                  NORMAL
..................................................................
TEMPERATURE (F)
 TODAY
  MAXIMUM         91    341 PM  96    1894  79     12       82
  MINIMUM         67    530 AM  38    1978  58      9       60
  AVERAGE         79                        68     11       71

PRECIPITATION (IN)
  TODAY            T             2.89 1972   0.13  -0.13     0.05
  MONTH TO DATE    0.24                      1.80  -1.56     0.57
  SINCE JUN 1      0.24                      1.80  -1.56     0.57
  SINCE JAN 1     16.84                     15.38   1.46    17.37

SNOWFALL (IN)
  TODAY            0.0           0.0  2007   0.0    0.0      0.0
                                      2006
                                      2005
  MONTH TO DATE    0.0                       0.0    0.0      0.0
  SINCE JUN 1      0.0                       0.0    0.0      0.0
  SINCE JUL 1     60.1                      74.9  -14.8     61.1
  SNOW DEPTH       0

DEGREE DAYS
 HEATING
  TODAY            0                         1     -1        0
  MONTH TO DATE    7                        33    -26       21
  SINCE JUN 1      7                        33    -26       21
  SINCE JUL 1   5620                      6473   -853     5617

 COOLING
  TODAY           14                         5      9        6
  MONTH TO DATE   90                        49     41       59
  SINCE JUN 1     90                        49     41       59
  SINCE JAN 1    120                        96     24      130
..................................................................


WIND (MPH)
  RESULTANT WIND SPEED   7   RESULTANT WIND DIRECTION   E (110)
  HIGHEST WIND SPEED    18   HIGHEST WIND DIRECTION    SE (120)
  HIGHEST GUST SPEED    22   HIGHEST GUST DIRECTION    SE (140)
  AVERAGE WIND SPEED     8.3


SKY COVER
  AVERAGE SKY COVER 0.6


WEATHER CONDITIONS
 THE FOLLOWING WEATHER WAS RECORDED TODAY.
  LIGHT RAIN


RELATIVE HUMIDITY (PERCENT)
 HIGHEST    87           500 AM
 LOWEST     47           400 PM
 AVERAGE    67

..........................................................


THE GRAND RAPIDS MI CLIMATE NORMALS FOR TOMORROW
                         NORMAL    RECORD    YEAR
 MAXIMUM TEMPERATURE (F)   79        97      1894
 MINIMUM TEMPERATURE (F)   58        43      1999


SUNRISE AND SUNSET
JUNE 14 2017..........SUNRISE   603 AM EDT   SUNSET   922 PM EDT
JUNE 15 2017..........SUNRISE   603 AM EDT   SUNSET   923 PM EDT


-  INDICATES NEGATIVE NUMBERS.
R  INDICATES RECORD WAS SET OR TIED.
MM INDICATES DATA IS MISSING.
T  INDICATES TRACE AMOUNT.




$$

63
