000
CDUS43 KGRR 130518
CLIGRR


CLIMATE REPORT
NATIONAL WEATHER SERVICE GRAND RAPIDS, MI
1218 AM EST MON NOV 13 2017


...................................

...THE GRAND RAPIDS MI CLIMATE SUMMARY FOR NOVEMBER 12 2017...

CLIMATE NORMAL PERIOD 1981 TO 2010
CLIMATE RECORD PERIOD 1892 TO 2017


WEATHER ITEM   OBSERVED TIME   RECORD YEAR NORMAL DEPARTURE LAST
                VALUE   (LST)  VALUE       VALUE  FROM      YEAR
                                                  NORMAL
..................................................................
TEMPERATURE (F)
 YESTERDAY
  MAXIMUM         38    303 PM  68    1902  49    -11       49
  MINIMUM         34    732 AM  15    1986  34      0       25
                                      1911
  AVERAGE         36                        42     -6       37

PRECIPITATION (IN)
  YESTERDAY        0.18          0.89 1992   0.12   0.06     0.00
  MONTH TO DATE    0.86                      1.43  -0.57     1.35
  SINCE SEP 1     11.21                      8.97   2.24     9.90
  SINCE JAN 1     35.53                     33.69   1.84    41.44

SNOWFALL (IN)
  YESTERDAY        T             3.6  1997   0.1   -0.1      0.0
  MONTH TO DATE    0.2                       1.5   -1.3      0.0
  SINCE SEP 1      0.6                       2.0   -1.4      0.0
  SINCE JUL 1      0.6                       2.0   -1.4      0.0
  SNOW DEPTH       0

DEGREE DAYS
 HEATING
  YESTERDAY       29                        23      6       28
  MONTH TO DATE  321                       255     66      167
  SINCE SEP 1    712                       827   -115      535
  SINCE JUL 1    728                       847   -119      535

 COOLING
  YESTERDAY        0                         0      0        0
  MONTH TO DATE    0                         0      0        0
  SINCE SEP 1    147                        74     73      105
  SINCE JAN 1    719                       699     20      936
..................................................................


WIND (MPH)
  RESULTANT WIND SPEED   1   RESULTANT WIND DIRECTION   S (160)
  HIGHEST WIND SPEED     8   HIGHEST WIND DIRECTION     S (190)
  HIGHEST GUST SPEED    11   HIGHEST GUST DIRECTION     S (200)
  AVERAGE WIND SPEED     2.7


SKY COVER
  POSSIBLE SUNSHINE   0 PERCENT
  AVERAGE SKY COVER 1.0


WEATHER CONDITIONS
 THE FOLLOWING WEATHER WAS RECORDED YESTERDAY.
  RAIN
  LIGHT RAIN
  LIGHT SNOW
  SLEET
  FOG


RELATIVE HUMIDITY (PERCENT)
 HIGHEST   100           200 PM
 LOWEST     61          1200 AM
 AVERAGE    81

..........................................................


THE GRAND RAPIDS MI CLIMATE NORMALS FOR TODAY
                         NORMAL    RECORD    YEAR
 MAXIMUM TEMPERATURE (F)   49        70      1989
 MINIMUM TEMPERATURE (F)   34        10      1986


SUNRISE AND SUNSET
NOVEMBER 13 2017......SUNRISE   732 AM EST   SUNSET   520 PM EST
NOVEMBER 14 2017......SUNRISE   733 AM EST   SUNSET   519 PM EST


-  INDICATES NEGATIVE NUMBERS.
R  INDICATES RECORD WAS SET OR TIED.
MM INDICATES DATA IS MISSING.
T  INDICATES TRACE AMOUNT.




$$
