182
CDUS43 KGRR 090521
CLIGRR


CLIMATE REPORT
NATIONAL WEATHER SERVICE GRAND RAPIDS, MI
1219 AM EST TUE FEB 9 2016


...................................

...THE GRAND RAPIDS MI CLIMATE SUMMARY FOR FEBRUARY 8 2016...

CLIMATE NORMAL PERIOD 1981 TO 2010
CLIMATE RECORD PERIOD 1892 TO 2016


WEATHER ITEM   OBSERVED TIME   RECORD YEAR NORMAL DEPARTURE LAST
                VALUE   (LST)  VALUE       VALUE  FROM      YEAR
                                                  NORMAL
..................................................................
TEMPERATURE (F)
 YESTERDAY
  MAXIMUM         41    218 PM  60    1925  32      9       37
  MINIMUM         26    652 AM -12    1974  19      7       20
  AVERAGE         34                        25      9       29

PRECIPITATION (IN)
  YESTERDAY        T             0.75 1900   0.06  -0.06      T
  MONTH TO DATE    1.63                      0.45   1.18     0.76
  SINCE DEC 1      7.11                      5.04   2.07     4.20
  SINCE JAN 1      3.78                      2.54   1.24     2.63

SNOWFALL (IN)
  YESTERDAY        T             5.4  1952   0.6   -0.6       T
  MONTH TO DATE    1.0                       4.7   -3.7     10.5
  SINCE DEC 1     24.3                      47.4  -23.1     34.7
  SINCE JUL 1     27.8                      54.7  -26.9     65.7
  SNOW DEPTH       0

DEGREE DAYS
 HEATING
  YESTERDAY       31                        40     -9       36
  MONTH TO DATE  267                       320    -53      366
  SINCE DEC 1   2264                      2689   -425     2733
  SINCE JUL 1   3322                      4027   -705     4229

 COOLING
  YESTERDAY        0                         0      0        0
  MONTH TO DATE    0                         0      0        0
  SINCE DEC 1      0                         0      0        0
  SINCE JAN 1      0                         0      0        0
..................................................................


WIND (MPH)
  RESULTANT WIND SPEED   6   RESULTANT WIND DIRECTION  SW (230)
  HIGHEST WIND SPEED    14   HIGHEST WIND DIRECTION     W (260)
  HIGHEST GUST SPEED    16   HIGHEST GUST DIRECTION     W (260)
  AVERAGE WIND SPEED     7.4


SKY COVER
  POSSIBLE SUNSHINE  13 PERCENT
  AVERAGE SKY COVER 0.6


WEATHER CONDITIONS
 THE FOLLOWING WEATHER WAS RECORDED YESTERDAY.
  LIGHT SNOW
  FOG


RELATIVE HUMIDITY (PERCENT)
 HIGHEST    92           500 AM
 LOWEST     64           200 PM
 AVERAGE    78

..........................................................


THE GRAND RAPIDS MI CLIMATE NORMALS FOR TODAY
                         NORMAL    RECORD    YEAR
 MAXIMUM TEMPERATURE (F)   32        55      1925
 MINIMUM TEMPERATURE (F)   19       -16      1934


SUNRISE AND SUNSET
FEBRUARY  9 2016......SUNRISE   748 AM EST   SUNSET   605 PM EST
FEBRUARY 10 2016......SUNRISE   747 AM EST   SUNSET   606 PM EST


-  INDICATES NEGATIVE NUMBERS.
R  INDICATES RECORD WAS SET OR TIED.
MM INDICATES DATA IS MISSING.
T  INDICATES TRACE AMOUNT.




$$

63
