000
CDUS43 KGRR 180515
CLIGRR


CLIMATE REPORT
NATIONAL WEATHER SERVICE GRAND RAPIDS, MI
115 AM EDT SAT OCT 18 2014


...................................

...THE GRAND RAPIDS MI CLIMATE SUMMARY FOR OCTOBER 17 2014...

CLIMATE NORMAL PERIOD 1981 TO 2010
CLIMATE RECORD PERIOD 1892 TO 2014


WEATHER ITEM   OBSERVED TIME   RECORD YEAR NORMAL DEPARTURE LAST
                VALUE   (LST)  VALUE       VALUE  FROM      YEAR
                                                  NORMAL
..................................................................
TEMPERATURE (F)
 YESTERDAY
  MAXIMUM         61   1147 AM  84    1947  60      1       52
  MINIMUM         48   1159 PM  22    1972  41      7       43
  AVERAGE         55                        51      4       48

PRECIPITATION (IN)
  YESTERDAY        T             1.91 1905   0.10  -0.10     0.31
  MONTH TO DATE    4.28                      1.80   2.48     3.17
  SINCE SEP 1      7.38                      6.08   1.30     4.42
  SINCE JAN 1     33.90                     30.80   3.10    36.74

SNOWFALL (IN)
  YESTERDAY        0.0           0.5  1952   0.0    0.0      0.0
  MONTH TO DATE    0.0                       0.1   -0.1      0.0
  SINCE SEP 1      0.0                       0.1   -0.1      0.0
  SINCE JUL 1      0.0                       0.1   -0.1      0.0
  SNOW DEPTH       0

DEGREE DAYS
 HEATING
  YESTERDAY       10                        14     -4       17
  MONTH TO DATE  187                       203    -16      110
  SINCE SEP 1    318                       335    -17      222
  SINCE JUL 1    337                       355    -18      248

 COOLING
  YESTERDAY        0                         0      0        0
  MONTH TO DATE    0                         4     -4       14
  SINCE SEP 1     51                        71    -20       97
  SINCE JAN 1    611                       696    -85      767
..................................................................


WIND (MPH)
  RESULTANT WIND SPEED  10   RESULTANT WIND DIRECTION   W (250)
  HIGHEST WIND SPEED    25   HIGHEST WIND DIRECTION     W (270)
  HIGHEST GUST SPEED    33   HIGHEST GUST DIRECTION     W (280)
  AVERAGE WIND SPEED    13.2


SKY COVER
  POSSIBLE SUNSHINE  12 PERCENT
  AVERAGE SKY COVER 0.8


WEATHER CONDITIONS
 THE FOLLOWING WEATHER WAS RECORDED YESTERDAY.
  LIGHT RAIN
  FOG


RELATIVE HUMIDITY (PERCENT)
 HIGHEST   100          1200 AM
 LOWEST     72          1100 AM
 AVERAGE    86

..........................................................


THE GRAND RAPIDS MI CLIMATE NORMALS FOR TODAY
                         NORMAL    RECORD    YEAR
 MAXIMUM TEMPERATURE (F)   60        82      1950
                                             1938
                                             1910
 MINIMUM TEMPERATURE (F)   41        19      1976


SUNRISE AND SUNSET
OCTOBER 18 2014.......SUNRISE   759 AM EDT   SUNSET   655 PM EDT
OCTOBER 19 2014.......SUNRISE   800 AM EDT   SUNSET   653 PM EDT


-  INDICATES NEGATIVE NUMBERS.
R  INDICATES RECORD WAS SET OR TIED.
MM INDICATES DATA IS MISSING.
T  INDICATES TRACE AMOUNT.




$$
