000
CDUS43 KGRR 090519
CLIGRR


CLIMATE REPORT
NATIONAL WEATHER SERVICE GRAND RAPIDS, MI
119 AM EDT WED APR 9 2014


...................................

...THE GRAND RAPIDS MI CLIMATE SUMMARY FOR APRIL 8 2014...

CLIMATE NORMAL PERIOD 1981 TO 2010
CLIMATE RECORD PERIOD 1892 TO 2014


WEATHER ITEM   OBSERVED TIME   RECORD YEAR NORMAL DEPARTURE LAST
                VALUE   (LST)  VALUE       VALUE  FROM      YEAR
                                                  NORMAL
..................................................................
TEMPERATURE (F)
 YESTERDAY
  MAXIMUM         60    341 PM  74    1931  55      5       56
  MINIMUM         38    353 AM   7    1982  35      3       34
  AVERAGE         49                        45      4       45

PRECIPITATION (IN)
  YESTERDAY        0.00          1.47 2002   0.11  -0.11     0.51
  MONTH TO DATE    0.56                      0.84  -0.28     0.59
  SINCE MAR 1      2.10                      3.21  -1.11     1.53
  SINCE JAN 1      7.90                      7.09   0.81     8.59

SNOWFALL (IN)
  YESTERDAY        0.0           4.3  1938   0.1   -0.1      0.0
  MONTH TO DATE    T                         0.9   -0.9       T
  SINCE MAR 1      6.4                       9.2   -2.8      7.7
  SINCE JUL 1    114.2                      74.0   40.2     65.3
  SNOW DEPTH       0

DEGREE DAYS
 HEATING
  YESTERDAY       16                        20     -4       20
  MONTH TO DATE  186                       172     14      207
  SINCE MAR 1   1369                      1082    287     1235
  SINCE JUL 1   6650                      5859    791     5720

 COOLING
  YESTERDAY        0                         0      0        0
  MONTH TO DATE    0                         0      0        0
  SINCE MAR 1      0                         1     -1        0
  SINCE JAN 1      0                         1     -1        0
..................................................................


WIND (MPH)
  RESULTANT WIND SPEED   9   RESULTANT WIND DIRECTION  NW (310)
  HIGHEST WIND SPEED    22   HIGHEST WIND DIRECTION    NW (330)
  HIGHEST GUST SPEED    27   HIGHEST GUST DIRECTION    NW (310)
  AVERAGE WIND SPEED    10.3


SKY COVER
  POSSIBLE SUNSHINE  71 PERCENT
  AVERAGE SKY COVER 0.4


WEATHER CONDITIONS
 THE FOLLOWING WEATHER WAS RECORDED YESTERDAY.
  NO SIGNIFICANT WEATHER WAS OBSERVED.


RELATIVE HUMIDITY (PERCENT)
 HIGHEST    70           400 AM
 LOWEST     40          1200 PM
 AVERAGE    55

..........................................................


THE GRAND RAPIDS MI CLIMATE NORMALS FOR TODAY
                         NORMAL    RECORD    YEAR
 MAXIMUM TEMPERATURE (F)   55        79      1931
 MINIMUM TEMPERATURE (F)   35        18      1997


SUNRISE AND SUNSET
APRIL  9 2014.........SUNRISE   710 AM EDT   SUNSET   818 PM EDT
APRIL 10 2014.........SUNRISE   709 AM EDT   SUNSET   819 PM EDT


-  INDICATES NEGATIVE NUMBERS.
R  INDICATES RECORD WAS SET OR TIED.
MM INDICATES DATA IS MISSING.
T  INDICATES TRACE AMOUNT.




$$
