000
CDUS43 KGRR 072229
CLIGRR


CLIMATE REPORT
NATIONAL WEATHER SERVICE GRAND RAPIDS, MI
529 PM EST WED FEB 7 2018


...................................

...THE GRAND RAPIDS MI CLIMATE SUMMARY FOR FEBRUARY 7 2018...
VALID TODAY AS OF 0500 PM LOCAL TIME.

CLIMATE NORMAL PERIOD 1981 TO 2010
CLIMATE RECORD PERIOD 1892 TO 2018


WEATHER ITEM   OBSERVED TIME   RECORD YEAR NORMAL DEPARTURE LAST
                VALUE   (LST)  VALUE       VALUE  FROM      YEAR
                                                  NORMAL
..................................................................
TEMPERATURE (F)
 TODAY
  MAXIMUM         24    107 PM  52    2009  32     -8       38
  MINIMUM         15    821 AM -15    1899  19     -4       33
  AVERAGE         20                        25     -5       36

PRECIPITATION (IN)
  TODAY            0.11          0.53 2013   0.06   0.05     0.42
  MONTH TO DATE    0.71                      0.39   0.32     0.53
  SINCE DEC 1      4.79                      4.98  -0.19     7.00
  SINCE JAN 1      2.83                      2.48   0.35     4.04

SNOWFALL (IN)
  TODAY            1.4           8.1  1933   0.5    0.9      0.0
  MONTH TO DATE   11.0                       4.1    6.9      1.2
  SINCE DEC 1     56.5                      46.8    9.7     53.0
  SINCE JUL 1     57.1                      54.1    3.0     53.8
  SNOW DEPTH       6

DEGREE DAYS
 HEATING
  TODAY           45                        40      5       29
  MONTH TO DATE  320                       280     40      280
  SINCE DEC 1   2807                      2649    158     2544
  SINCE JUL 1   3998                      3987     11     3492

 COOLING
  TODAY            0                         0      0        0
  MONTH TO DATE    0                         0      0        0
  SINCE DEC 1      0                         0      0        0
  SINCE JAN 1      0                         0      0        0
..................................................................


WIND (MPH)
  RESULTANT WIND SPEED   2   RESULTANT WIND DIRECTION   N (340)
  HIGHEST WIND SPEED    14   HIGHEST WIND DIRECTION     W (250)
  HIGHEST GUST SPEED    16   HIGHEST GUST DIRECTION     W (250)
  AVERAGE WIND SPEED     4.4


SKY COVER
  AVERAGE SKY COVER 0.9


WEATHER CONDITIONS
 THE FOLLOWING WEATHER WAS RECORDED TODAY.
  LIGHT SNOW
  FOG


RELATIVE HUMIDITY (PERCENT)
 HIGHEST    88           300 AM
 LOWEST     67          1200 AM
 AVERAGE    78

..........................................................


THE GRAND RAPIDS MI CLIMATE NORMALS FOR TOMORROW
                         NORMAL    RECORD    YEAR
 MAXIMUM TEMPERATURE (F)   32        60      1925
 MINIMUM TEMPERATURE (F)   19       -12      1974


SUNRISE AND SUNSET
FEBRUARY  7 2018......SUNRISE   750 AM EST   SUNSET   603 PM EST
FEBRUARY  8 2018......SUNRISE   749 AM EST   SUNSET   604 PM EST


-  INDICATES NEGATIVE NUMBERS.
R  INDICATES RECORD WAS SET OR TIED.
MM INDICATES DATA IS MISSING.
T  INDICATES TRACE AMOUNT.




$$
