996
CDUS43 KGRR 210526
CLIGRR


CLIMATE REPORT
NATIONAL WEATHER SERVICE GRAND RAPIDS, MI
126 AM EDT WED JUN 21 2017


...................................

...THE GRAND RAPIDS MI CLIMATE SUMMARY FOR JUNE 20 2017...

CLIMATE NORMAL PERIOD 1981 TO 2010
CLIMATE RECORD PERIOD 1892 TO 2017


WEATHER ITEM   OBSERVED TIME   RECORD YEAR NORMAL DEPARTURE LAST
                VALUE   (LST)  VALUE       VALUE  FROM      YEAR
                                                  NORMAL
..................................................................
TEMPERATURE (F)
 YESTERDAY
  MAXIMUM         74   1205 PM 102    1953  81     -7       89
  MINIMUM         56   1157 PM  41    1970  59     -3       69
  AVERAGE         65                        70     -5       79

PRECIPITATION (IN)
  YESTERDAY        0.11          1.84 1997   0.12  -0.01     0.08
  MONTH TO DATE    3.08                      2.55   0.53     0.93
  SINCE JUN 1      3.08                      2.55   0.53     0.93
  SINCE JAN 1     19.68                     16.13   3.55    17.73

SNOWFALL (IN)
  YESTERDAY        0.0           0.0  2007   0.0    0.0      0.0
                                      2006
                                      2005
  MONTH TO DATE    0.0                       0.0    0.0      0.0
  SINCE JUN 1      0.0                       0.0    0.0      0.0
  SINCE JUL 1     60.1                      74.9  -14.8     61.1
  SNOW DEPTH       0

DEGREE DAYS
 HEATING
  YESTERDAY        0                         1     -1        0
  MONTH TO DATE    7                        39    -32       21
  SINCE JUN 1      7                        39    -32       21
  SINCE JUL 1   5620                      6479   -859     5617

 COOLING
  YESTERDAY        0                         6     -6       14
  MONTH TO DATE  130                        81     49      122
  SINCE JUN 1    130                        81     49      122
  SINCE JAN 1    160                       128     32      193
..................................................................


WIND (MPH)
  RESULTANT WIND SPEED  11   RESULTANT WIND DIRECTION   W (260)
  HIGHEST WIND SPEED    26   HIGHEST WIND DIRECTION    NW (320)
  HIGHEST GUST SPEED    34   HIGHEST GUST DIRECTION    NW (300)
  AVERAGE WIND SPEED    12.0


SKY COVER
  POSSIBLE SUNSHINE  65 PERCENT
  AVERAGE SKY COVER 0.4


WEATHER CONDITIONS
 THE FOLLOWING WEATHER WAS RECORDED YESTERDAY.
  LIGHT RAIN
  FOG


RELATIVE HUMIDITY (PERCENT)
 HIGHEST   100           400 AM
 LOWEST     46          1200 PM
 AVERAGE    73

..........................................................


THE GRAND RAPIDS MI CLIMATE NORMALS FOR TODAY
                         NORMAL    RECORD    YEAR
 MAXIMUM TEMPERATURE (F)   81        98      1988
 MINIMUM TEMPERATURE (F)   60        40      1969


SUNRISE AND SUNSET
JUNE 21 2017..........SUNRISE   603 AM EDT   SUNSET   924 PM EDT
JUNE 22 2017..........SUNRISE   604 AM EDT   SUNSET   925 PM EDT


-  INDICATES NEGATIVE NUMBERS.
R  INDICATES RECORD WAS SET OR TIED.
MM INDICATES DATA IS MISSING.
T  INDICATES TRACE AMOUNT.




$$
