000
CDUS43 KGRR 230533
CLIGRR


CLIMATE REPORT
NATIONAL WEATHER SERVICE GRAND RAPIDS, MI
133 AM EDT THU JUL 23 2015


...................................

...THE GRAND RAPIDS MI CLIMATE SUMMARY FOR JULY 22 2015...

CLIMATE NORMAL PERIOD 1981 TO 2010
CLIMATE RECORD PERIOD 1892 TO 2015


WEATHER ITEM   OBSERVED TIME   RECORD YEAR NORMAL DEPARTURE LAST
                VALUE   (LST)  VALUE       VALUE  FROM      YEAR
                                                  NORMAL
..................................................................
TEMPERATURE (F)
 YESTERDAY
  MAXIMUM         81    432 PM  97    1934  83     -2       89
  MINIMUM         56    556 AM  43    1947  63     -7       66
  AVERAGE         69                        73     -4       78

PRECIPITATION (IN)
  YESTERDAY        0.00          2.36 1991   0.13  -0.13     0.02
  MONTH TO DATE    2.23                      2.68  -0.45     4.34
  SINCE JUN 1      6.26                      6.45  -0.19     9.49
  SINCE JAN 1     17.89                     20.03  -2.14    22.76

SNOWFALL (IN)
  YESTERDAY        0.0           0.0  2006   0.0    0.0      0.0
                                      2005
                                      2004
  MONTH TO DATE    0.0                       0.0    0.0      0.0
  SINCE JUN 1      0.0                       0.0    0.0      0.0
  SINCE JUL 1      0.0                       0.0    0.0      0.0
  SNOW DEPTH       0

DEGREE DAYS
 HEATING
  YESTERDAY        0                         0      0        0
  MONTH TO DATE   13                         0     13        7
  SINCE JUN 1     43                        45     -2       20
  SINCE JUL 1     13                         0     13        7

 COOLING
  YESTERDAY        4                         8     -4       13
  MONTH TO DATE  104                       173    -69       99
  SINCE JUN 1    193                       318   -125      278
  SINCE JAN 1    245                       365   -120      331
..................................................................


WIND (MPH)
  RESULTANT WIND SPEED   5   RESULTANT WIND DIRECTION  NW (300)
  HIGHEST WIND SPEED    16   HIGHEST WIND DIRECTION    NW (300)
  HIGHEST GUST SPEED    20   HIGHEST GUST DIRECTION    NW (300)
  AVERAGE WIND SPEED     6.0


SKY COVER
  POSSIBLE SUNSHINE  87 PERCENT
  AVERAGE SKY COVER 0.4


WEATHER CONDITIONS
 THE FOLLOWING WEATHER WAS RECORDED YESTERDAY.
  NO SIGNIFICANT WEATHER WAS OBSERVED.


RELATIVE HUMIDITY (PERCENT)
 HIGHEST    93           600 AM
 LOWEST     36           300 PM
 AVERAGE    65

..........................................................


THE GRAND RAPIDS MI CLIMATE NORMALS FOR TODAY
                         NORMAL    RECORD    YEAR
 MAXIMUM TEMPERATURE (F)   83       101      1934
 MINIMUM TEMPERATURE (F)   63        45      1985
                                             1947


SUNRISE AND SUNSET
JULY 23 2015..........SUNRISE   624 AM EDT   SUNSET   913 PM EDT
JULY 24 2015..........SUNRISE   625 AM EDT   SUNSET   912 PM EDT


-  INDICATES NEGATIVE NUMBERS.
R  INDICATES RECORD WAS SET OR TIED.
MM INDICATES DATA IS MISSING.
T  INDICATES TRACE AMOUNT.




$$
