000
CDUS43 KGRR 141433
CLIGRR


CLIMATE REPORT
NATIONAL WEATHER SERVICE GRAND RAPIDS, MI
932 AM EST FRI NOV 14 2014


...................................

...THE GRAND RAPIDS MI CLIMATE SUMMARY FOR NOVEMBER 14 2014...
VALID AS OF 0900 AM LOCAL TIME.

CLIMATE NORMAL PERIOD 1981 TO 2010
CLIMATE RECORD PERIOD 1892 TO 2014


WEATHER ITEM   OBSERVED TIME   RECORD YEAR NORMAL DEPARTURE LAST
                VALUE   (LST)  VALUE       VALUE  FROM      YEAR
                                                  NORMAL
..................................................................
TEMPERATURE (F)
 TODAY
  MAXIMUM         29    859 AM  68    1902  48    -19       47
  MINIMUM         22    340 AM  13    1969  34    -12       32
  AVERAGE         26                        41    -15       40

PRECIPITATION (IN)
  TODAY            T             1.41 1957   0.13  -0.13     0.00
  MONTH TO DATE    0.67                      1.68  -1.01     1.85
  SINCE SEP 1      8.75                      9.22  -0.47     8.56
  SINCE JAN 1     35.27                     33.94   1.33    40.88

SNOWFALL (IN)
  TODAY            T             4.5  1974   0.2   -0.2      0.0
  MONTH TO DATE    1.1                       1.9   -0.8      0.1
  SINCE SEP 1      1.1                       2.4   -1.3      0.1
  SINCE JUL 1      1.1                       2.4   -1.3      0.1
  SNOW DEPTH       T

DEGREE DAYS
 HEATING
  TODAY           39                        24     15       25
  MONTH TO DATE  347                       303     44      323
  SINCE SEP 1    910                       875     35      811
  SINCE JUL 1    929                       895     34      837

 COOLING
  TODAY            0                         0      0        0
  MONTH TO DATE    0                         0      0        0
  SINCE SEP 1     51                        74    -23       97
  SINCE JAN 1    611                       699    -88      767
..................................................................


WIND (MPH)
  RESULTANT WIND SPEED   6   RESULTANT WIND DIRECTION   W (260)
  HIGHEST WIND SPEED     9   HIGHEST WIND DIRECTION     W (250)
  HIGHEST GUST SPEED    11   HIGHEST GUST DIRECTION     W (270)
  AVERAGE WIND SPEED     6.3



WEATHER CONDITIONS
 THE FOLLOWING WEATHER WAS RECORDED TODAY.
  LIGHT SNOW
  FOG


..........................................................




SUNRISE AND SUNSET
NOVEMBER 14 2014......SUNRISE   733 AM EST   SUNSET   520 PM EST
NOVEMBER 15 2014......SUNRISE   734 AM EST   SUNSET   519 PM EST


-  INDICATES NEGATIVE NUMBERS.
R  INDICATES RECORD WAS SET OR TIED.
MM INDICATES DATA IS MISSING.
T  INDICATES TRACE AMOUNT.




$$

EBW
