000
CDUS43 KGRR 240518
CLIGRR


CLIMATE REPORT
NATIONAL WEATHER SERVICE GRAND RAPIDS, MI
1218 AM EST THU NOV 24 2016


...................................

...THE GRAND RAPIDS MI CLIMATE SUMMARY FOR NOVEMBER 23 2016...

CLIMATE NORMAL PERIOD 1981 TO 2010
CLIMATE RECORD PERIOD 1892 TO 2016


WEATHER ITEM   OBSERVED TIME   RECORD YEAR NORMAL DEPARTURE LAST
                VALUE   (LST)  VALUE       VALUE  FROM      YEAR
                                                  NORMAL
..................................................................
TEMPERATURE (F)
 YESTERDAY
  MAXIMUM         38   1159 PM  70    1931  44     -6       36
  MINIMUM         31   1221 AM   2    1956  31      0       23
  AVERAGE         35                        37     -2       30

PRECIPITATION (IN)
  YESTERDAY        0.50          1.16 2014   0.12   0.38     0.01
  MONTH TO DATE    2.33                      2.76  -0.43     1.52
  SINCE SEP 1     10.88                     10.30   0.58     7.05
  SINCE JAN 1     42.42                     35.02   7.40    28.69

SNOWFALL (IN)
  YESTERDAY        T             3.4  1970   0.3   -0.3      0.2
  MONTH TO DATE    0.8                       4.2   -3.4      3.5
  SINCE SEP 1      0.8                       4.7   -3.9      3.5
  SINCE JUL 1      0.8                       4.7   -3.9      3.5
  SNOW DEPTH       0

DEGREE DAYS
 HEATING
  YESTERDAY       30                        28      2       35
  MONTH TO DATE  423                       539   -116      398
  SINCE SEP 1    791                      1111   -320      850
  SINCE JUL 1    791                      1131   -340      879

 COOLING
  YESTERDAY        0                         0      0        0
  MONTH TO DATE    0                         0      0        0
  SINCE SEP 1    105                        74     31      135
  SINCE JAN 1    936                       699    237      642
..................................................................


WIND (MPH)
  RESULTANT WIND SPEED  10   RESULTANT WIND DIRECTION   E (110)
  HIGHEST WIND SPEED    17   HIGHEST WIND DIRECTION     E (110)
  HIGHEST GUST SPEED    21   HIGHEST GUST DIRECTION     E (100)
  AVERAGE WIND SPEED    10.3


SKY COVER
  POSSIBLE SUNSHINE   0 PERCENT
  AVERAGE SKY COVER 1.0


WEATHER CONDITIONS
 THE FOLLOWING WEATHER WAS RECORDED YESTERDAY.
  RAIN
  LIGHT RAIN
  LT FREEZING RAIN
  SNOW
  SLEET
  FOG


RELATIVE HUMIDITY (PERCENT)
 HIGHEST    92           200 PM
 LOWEST     61           200 AM
 AVERAGE    77

..........................................................


THE GRAND RAPIDS MI CLIMATE NORMALS FOR TODAY
                         NORMAL    RECORD    YEAR
 MAXIMUM TEMPERATURE (F)   43        66      1931
 MINIMUM TEMPERATURE (F)   30        -9      1950


SUNRISE AND SUNSET
NOVEMBER 24 2016......SUNRISE   746 AM EST   SUNSET   512 PM EST
NOVEMBER 25 2016......SUNRISE   747 AM EST   SUNSET   511 PM EST


-  INDICATES NEGATIVE NUMBERS.
R  INDICATES RECORD WAS SET OR TIED.
MM INDICATES DATA IS MISSING.
T  INDICATES TRACE AMOUNT.




$$
