000
CDUS43 KGRR 162126
CLIGRR


CLIMATE REPORT
NATIONAL WEATHER SERVICE GRAND RAPIDS, MI
525 PM EDT SAT APR 16 2016


...................................

...THE GRAND RAPIDS MI CLIMATE SUMMARY FOR APRIL 16 2016...
VALID TODAY AS OF 0500 PM LOCAL TIME.

CLIMATE NORMAL PERIOD 1981 TO 2010
CLIMATE RECORD PERIOD 1892 TO 2016


WEATHER ITEM   OBSERVED TIME   RECORD YEAR NORMAL DEPARTURE LAST
                VALUE   (LST)  VALUE       VALUE  FROM      YEAR
                                                  NORMAL
..................................................................
TEMPERATURE (F)
 TODAY
  MAXIMUM         79    359 PM  86    2002  59     20       64
  MINIMUM         42    550 AM  21    1904  38      4       43
  AVERAGE         61                        48     13       54

PRECIPITATION (IN)
  TODAY            0.00          1.97 1972   0.11  -0.11     0.03
  MONTH TO DATE    2.26                      1.76   0.50     3.21
  SINCE MAR 1      7.20                      4.13   3.07     4.26
  SINCE JAN 1     12.13                      8.01   4.12     7.30

SNOWFALL (IN)
  TODAY            0.0          11.8  1961   0.1   -0.1      0.0
  MONTH TO DATE    9.4                       1.5    7.9       T
  SINCE MAR 1     19.5                       9.8    9.7      3.2
  SINCE JUL 1     61.1                      74.6  -13.5     78.0
  SNOW DEPTH       0

DEGREE DAYS
 HEATING
  TODAY            4                        17    -13       11
  MONTH TO DATE  407                       318     89      281
  SINCE MAR 1   1156                      1228    -72     1285
  SINCE JUL 1   5233                      6005   -772     6587

 COOLING
  TODAY            0                         0      0        0
  MONTH TO DATE    0                         0      0        0
  SINCE MAR 1      0                         1     -1        0
  SINCE JAN 1      0                         1     -1        0
..................................................................


WIND (MPH)
  RESULTANT WIND SPEED   7   RESULTANT WIND DIRECTION   E (100)
  HIGHEST WIND SPEED    16   HIGHEST WIND DIRECTION    SE (120)
  HIGHEST GUST SPEED    20   HIGHEST GUST DIRECTION     E (110)
  AVERAGE WIND SPEED     7.0


SKY COVER
  AVERAGE SKY COVER 0.0


WEATHER CONDITIONS
 THE FOLLOWING WEATHER WAS RECORDED TODAY.
  NO SIGNIFICANT WEATHER WAS OBSERVED.


RELATIVE HUMIDITY (PERCENT)
 HIGHEST    70           600 AM
 LOWEST     23           300 PM
 AVERAGE    47

..........................................................


THE GRAND RAPIDS MI CLIMATE NORMALS FOR TOMORROW
                         NORMAL    RECORD    YEAR
 MAXIMUM TEMPERATURE (F)   59        84      1976
 MINIMUM TEMPERATURE (F)   38        24      1983


SUNRISE AND SUNSET
APRIL 16 2016.........SUNRISE   658 AM EDT   SUNSET   826 PM EDT
APRIL 17 2016.........SUNRISE   656 AM EDT   SUNSET   827 PM EDT


-  INDICATES NEGATIVE NUMBERS.
R  INDICATES RECORD WAS SET OR TIED.
MM INDICATES DATA IS MISSING.
T  INDICATES TRACE AMOUNT.




$$
