000
CDUS43 KGRR 270517
CLIGRR


CLIMATE REPORT
NATIONAL WEATHER SERVICE GRAND RAPIDS, MI
1216 AM EST FRI FEB 27 2015


...................................

...THE GRAND RAPIDS MI CLIMATE SUMMARY FOR FEBRUARY 26 2015...

CLIMATE NORMAL PERIOD 1981 TO 2010
CLIMATE RECORD PERIOD 1892 TO 2015


WEATHER ITEM   OBSERVED TIME   RECORD YEAR NORMAL DEPARTURE LAST
                VALUE   (LST)  VALUE       VALUE  FROM      YEAR
                                                  NORMAL
..................................................................
TEMPERATURE (F)
 YESTERDAY
  MAXIMUM         16    415 PM  64    1944  37    -21       16
  MINIMUM          3   1159 PM  -9    1963  22    -19        3
  AVERAGE         10                        29    -19       10

PRECIPITATION (IN)
  YESTERDAY        0.02          1.37 2009   0.07  -0.05     0.08
  MONTH TO DATE    1.17                      1.64  -0.47     2.26
  SINCE DEC 1      4.61                      6.23  -1.62     8.41
  SINCE JAN 1      3.04                      3.73  -0.69     5.71

SNOWFALL (IN)
  YESTERDAY        0.2           4.5  1912   0.4   -0.2      1.9
  MONTH TO DATE   19.6                      13.9    5.7     27.0
  SINCE DEC 1     43.8                      56.6  -12.8    103.6
  SINCE JUL 1     74.8                      63.9   10.9    105.8
  SNOW DEPTH       7

DEGREE DAYS
 HEATING
  YESTERDAY       55                        36     19       55
  MONTH TO DATE 1322                       998    324     1196
  SINCE DEC 1   3689                      3367    322     3839
  SINCE JUL 1   5185                      4705    480     5161

 COOLING
  YESTERDAY        0                         0      0        0
  MONTH TO DATE    0                         0      0        0
  SINCE DEC 1      0                         0      0        0
  SINCE JAN 1      0                         0      0        0
..................................................................


WIND (MPH)
  RESULTANT WIND SPEED   7   RESULTANT WIND DIRECTION   N (10)
  HIGHEST WIND SPEED    20   HIGHEST WIND DIRECTION    NE (30)
  HIGHEST GUST SPEED    23   HIGHEST GUST DIRECTION    NE (30)
  AVERAGE WIND SPEED     8.3


SKY COVER
  POSSIBLE SUNSHINE  63 PERCENT
  AVERAGE SKY COVER 0.8


WEATHER CONDITIONS
 THE FOLLOWING WEATHER WAS RECORDED YESTERDAY.
  LIGHT SNOW
  HAZE


RELATIVE HUMIDITY (PERCENT)
 HIGHEST    83           700 AM
 LOWEST     40           400 PM
 AVERAGE    62

..........................................................


THE GRAND RAPIDS MI CLIMATE NORMALS FOR TODAY
                         NORMAL    RECORD    YEAR
 MAXIMUM TEMPERATURE (F)   37        67      1976
 MINIMUM TEMPERATURE (F)   22       -12      1994


SUNRISE AND SUNSET
FEBRUARY 27 2015......SUNRISE   722 AM EST   SUNSET   629 PM EST
FEBRUARY 28 2015......SUNRISE   720 AM EST   SUNSET   630 PM EST


-  INDICATES NEGATIVE NUMBERS.
R  INDICATES RECORD WAS SET OR TIED.
MM INDICATES DATA IS MISSING.
T  INDICATES TRACE AMOUNT.




$$
