000
CDUS43 KGRR 300520
CLIGRR


CLIMATE REPORT
NATIONAL WEATHER SERVICE GRAND RAPIDS, MI
119 AM EDT MON MAY 30 2016


...................................

...THE GRAND RAPIDS MI CLIMATE SUMMARY FOR MAY 29 2016...

CLIMATE NORMAL PERIOD 1981 TO 2010
CLIMATE RECORD PERIOD 1892 TO 2016


WEATHER ITEM   OBSERVED TIME   RECORD YEAR NORMAL DEPARTURE LAST
                VALUE   (LST)  VALUE       VALUE  FROM      YEAR
                                                  NORMAL
..................................................................
TEMPERATURE (F)
 YESTERDAY
  MAXIMUM         84    135 PM  92    1962  74     10       84
  MINIMUM         65   1159 PM  35    1966  52     13       62
  AVERAGE         75                        63     12       73

PRECIPITATION (IN)
  YESTERDAY        0.00          0.80 1916   0.13  -0.13     0.33
  MONTH TO DATE    3.22                      3.73  -0.51     2.90
  SINCE MAR 1     12.08                      9.45   2.63     8.02
  SINCE JAN 1     17.01                     13.33   3.68    11.06

SNOWFALL (IN)
  YESTERDAY        0.0           0.0  2007   0.0    0.0      0.0
  MONTH TO DATE    T                         0.0    0.0      0.0
  SINCE MAR 1     19.5                      10.1    9.4      3.3
  SINCE JUL 1     61.1                      74.9  -13.8     78.1
  SNOW DEPTH       0

DEGREE DAYS
 HEATING
  YESTERDAY        0                         4     -4        0
  MONTH TO DATE  206                       227    -21      153
  SINCE MAR 1   1519                      1655   -136     1668
  SINCE JUL 1   5596                      6432   -836     6970

 COOLING
  YESTERDAY       10                         2      8        8
  MONTH TO DATE   59                        33     26       52
  SINCE MAR 1     59                        41     18       52
  SINCE JAN 1     59                        41     18       52
..................................................................


WIND (MPH)
  RESULTANT WIND SPEED  12   RESULTANT WIND DIRECTION  SW (230)
  HIGHEST WIND SPEED    29   HIGHEST WIND DIRECTION    SW (240)
  HIGHEST GUST SPEED    37   HIGHEST GUST DIRECTION    SW (240)
  AVERAGE WIND SPEED    13.1


SKY COVER
  POSSIBLE SUNSHINE  93 PERCENT
  AVERAGE SKY COVER 0.4


WEATHER CONDITIONS
 THE FOLLOWING WEATHER WAS RECORDED YESTERDAY.
  FOG
  HAZE


RELATIVE HUMIDITY (PERCENT)
 HIGHEST    84           600 AM
 LOWEST     40           200 PM
 AVERAGE    62

..........................................................


THE GRAND RAPIDS MI CLIMATE NORMALS FOR TODAY
                         NORMAL    RECORD    YEAR
 MAXIMUM TEMPERATURE (F)   74        92      1919
 MINIMUM TEMPERATURE (F)   53        34      1996
                                             1965


SUNRISE AND SUNSET
MAY 30 2016...........SUNRISE   607 AM EDT   SUNSET   913 PM EDT
MAY 31 2016...........SUNRISE   606 AM EDT   SUNSET   914 PM EDT


-  INDICATES NEGATIVE NUMBERS.
R  INDICATES RECORD WAS SET OR TIED.
MM INDICATES DATA IS MISSING.
T  INDICATES TRACE AMOUNT.




$$
