000
CDUS43 KGRR 140552
CLIGRR


CLIMATE REPORT
NATIONAL WEATHER SERVICE GRAND RAPIDS, MI
1251 AM EST TUE FEB 14 2017


...................................

...THE GRAND RAPIDS MI CLIMATE SUMMARY FOR FEBRUARY 13 2017...

CLIMATE NORMAL PERIOD 1981 TO 2010
CLIMATE RECORD PERIOD 1892 TO 2017


WEATHER ITEM   OBSERVED TIME   RECORD YEAR NORMAL DEPARTURE LAST
                VALUE   (LST)  VALUE       VALUE  FROM      YEAR
                                                  NORMAL
..................................................................
TEMPERATURE (F)
 YESTERDAY
  MAXIMUM         42    333 PM  58    1938  33      9       17
  MINIMUM         27    810 AM -24    1899  20      7        3
  AVERAGE         35                        26      9       10

PRECIPITATION (IN)
  YESTERDAY        0.00          0.68 1938   0.06  -0.06      T
  MONTH TO DATE    0.63                      0.76  -0.13     1.67
  SINCE DEC 1      7.10                      5.35   1.75     7.15
  SINCE JAN 1      4.14                      2.85   1.29     3.82

SNOWFALL (IN)
  YESTERDAY        0.0           5.0  1900   0.6   -0.6       T
  MONTH TO DATE    1.9                       7.4   -5.5      2.1
  SINCE DEC 1     53.7                      50.1    3.6     25.4
  SINCE JUL 1     54.5                      57.4   -2.9     28.9
  SNOW DEPTH       0

DEGREE DAYS
 HEATING
  YESTERDAY       30                        39     -9       55
  MONTH TO DATE  487                       515    -28      502
  SINCE DEC 1   2751                      2884   -133     2499
  SINCE JUL 1   3699                      4222   -523     3557

 COOLING
  YESTERDAY        0                         0      0        0
  MONTH TO DATE    0                         0      0        0
  SINCE DEC 1      0                         0      0        0
  SINCE JAN 1      0                         0      0        0
..................................................................


WIND (MPH)
  RESULTANT WIND SPEED   9   RESULTANT WIND DIRECTION   W (260)
  HIGHEST WIND SPEED    20   HIGHEST WIND DIRECTION     W (250)
  HIGHEST GUST SPEED    23   HIGHEST GUST DIRECTION     W (260)
  AVERAGE WIND SPEED    10.9


SKY COVER
  POSSIBLE SUNSHINE  98 PERCENT
  AVERAGE SKY COVER 0.1


WEATHER CONDITIONS
 THE FOLLOWING WEATHER WAS RECORDED YESTERDAY.
  NO SIGNIFICANT WEATHER WAS OBSERVED.


RELATIVE HUMIDITY (PERCENT)
 HIGHEST    69           700 AM
 LOWEST     38           400 PM
 AVERAGE    54

..........................................................


THE GRAND RAPIDS MI CLIMATE NORMALS FOR TODAY
                         NORMAL    RECORD    YEAR
 MAXIMUM TEMPERATURE (F)   33        53      1918
 MINIMUM TEMPERATURE (F)   20       -24      1899


SUNRISE AND SUNSET
FEBRUARY 14 2017......SUNRISE   740 AM EST   SUNSET   613 PM EST
FEBRUARY 15 2017......SUNRISE   739 AM EST   SUNSET   614 PM EST


-  INDICATES NEGATIVE NUMBERS.
R  INDICATES RECORD WAS SET OR TIED.
MM INDICATES DATA IS MISSING.
T  INDICATES TRACE AMOUNT.




$$

jam
