000
CDUS43 KGRR 202229
CLIGRR


CLIMATE REPORT
NATIONAL WEATHER SERVICE GRAND RAPIDS, MI
529 PM EST SUN NOV 20 2016


...................................

...THE GRAND RAPIDS MI CLIMATE SUMMARY FOR NOVEMBER 20 2016...
VALID TODAY AS OF 0500 PM LOCAL TIME.

CLIMATE NORMAL PERIOD 1981 TO 2010
CLIMATE RECORD PERIOD 1892 TO 2016


WEATHER ITEM   OBSERVED TIME   RECORD YEAR NORMAL DEPARTURE LAST
                VALUE   (LST)  VALUE       VALUE  FROM      YEAR
                                                  NORMAL
..................................................................
TEMPERATURE (F)
 TODAY
  MAXIMUM         32    459 PM  71    1930  45    -13       43
  MINIMUM         30    910 AM  13    1969  32     -2       34
  AVERAGE         31                        38     -7       39

PRECIPITATION (IN)
  TODAY            T             1.27 1981   0.12  -0.12     0.00
  MONTH TO DATE    1.83                      2.41  -0.58     1.17
  SINCE SEP 1     10.38                      9.95   0.43     6.70
  SINCE JAN 1     41.92                     34.67   7.25    28.34

SNOWFALL (IN)
  TODAY            T            11.5  2000   0.3   -0.3      0.0
  MONTH TO DATE    0.8                       3.3   -2.5       T
  SINCE SEP 1      0.8                       3.8   -3.0       T
  SINCE JUL 1      0.8                       3.8   -3.0       T
  SNOW DEPTH       T

DEGREE DAYS
 HEATING
  TODAY           34                        27      7       26
  MONTH TO DATE  326                       457   -131      292
  SINCE SEP 1    694                      1029   -335      744
  SINCE JUL 1    694                      1049   -355      773

 COOLING
  TODAY            0                         0      0        0
  MONTH TO DATE    0                         0      0        0
  SINCE SEP 1    105                        74     31      135
  SINCE JAN 1    936                       699    237      642
..................................................................


WIND (MPH)
  RESULTANT WIND SPEED  17   RESULTANT WIND DIRECTION  NW (320)
  HIGHEST WIND SPEED    25   HIGHEST WIND DIRECTION    NW (310)
  HIGHEST GUST SPEED    32   HIGHEST GUST DIRECTION    NW (310)
  AVERAGE WIND SPEED    16.8


SKY COVER
  AVERAGE SKY COVER 1.0


WEATHER CONDITIONS
 THE FOLLOWING WEATHER WAS RECORDED TODAY.
  LIGHT SNOW


RELATIVE HUMIDITY (PERCENT)
 HIGHEST    69           400 AM
 LOWEST     54           400 PM
 AVERAGE    62

..........................................................


THE GRAND RAPIDS MI CLIMATE NORMALS FOR TOMORROW
                         NORMAL    RECORD    YEAR
 MAXIMUM TEMPERATURE (F)   45        70      1913
 MINIMUM TEMPERATURE (F)   31        10      2014


SUNRISE AND SUNSET
NOVEMBER 20 2016......SUNRISE   741 AM EST   SUNSET   514 PM EST
NOVEMBER 21 2016......SUNRISE   742 AM EST   SUNSET   514 PM EST


-  INDICATES NEGATIVE NUMBERS.
R  INDICATES RECORD WAS SET OR TIED.
MM INDICATES DATA IS MISSING.
T  INDICATES TRACE AMOUNT.




$$
