000
CDUS43 KGRR 280519
CLIGRR


CLIMATE REPORT
NATIONAL WEATHER SERVICE GRAND RAPIDS, MI
116 AM EDT SUN JUN 28 2015


...................................

...THE GRAND RAPIDS MI CLIMATE SUMMARY FOR JUNE 27 2015...

CLIMATE NORMAL PERIOD 1981 TO 2010
CLIMATE RECORD PERIOD 1892 TO 2015


WEATHER ITEM   OBSERVED TIME   RECORD YEAR NORMAL DEPARTURE LAST
                VALUE   (LST)  VALUE       VALUE  FROM      YEAR
                                                  NORMAL
..................................................................
TEMPERATURE (F)
 YESTERDAY
  MAXIMUM         76    315 PM  97    1944  82     -6       86
                                      1933
  MINIMUM         59   1140 PM  45    1905  61     -2       63
                                      1902
  AVERAGE         68                        71     -3       75

PRECIPITATION (IN)
  YESTERDAY        0.01          1.30 1921   0.12  -0.11     0.00
  MONTH TO DATE    3.65                      3.42   0.23     4.65
  SINCE JUN 1      3.65                      3.42   0.23     4.65
  SINCE JAN 1     15.28                     17.00  -1.72    17.92

SNOWFALL (IN)
  YESTERDAY        0.0           0.0  2007   0.0    0.0      0.0
                                      2006
                                      2005
  MONTH TO DATE    0.0                       0.0    0.0      0.0
  SINCE JUN 1      0.0                       0.0    0.0      0.0
  SINCE JUL 1     78.1                      74.9    3.2    116.0
  SNOW DEPTH       0

DEGREE DAYS
 HEATING
  YESTERDAY        0                         0      0        0
  MONTH TO DATE   30                        44    -14       13
  SINCE JUN 1     30                        44    -14       13
  SINCE JUL 1   7019                      6484    535     7213

 COOLING
  YESTERDAY        3                         7     -4       10
  MONTH TO DATE   86                       126    -40      140
  SINCE JUN 1     86                       126    -40      140
  SINCE JAN 1    138                       173    -35      193
..................................................................


WIND (MPH)
  RESULTANT WIND SPEED  11   RESULTANT WIND DIRECTION  NE (30)
  HIGHEST WIND SPEED    23   HIGHEST WIND DIRECTION    NE (50)
  HIGHEST GUST SPEED    32   HIGHEST GUST DIRECTION    NE (50)
  AVERAGE WIND SPEED    11.0


SKY COVER
  POSSIBLE SUNSHINE  44 PERCENT
  AVERAGE SKY COVER 0.7


WEATHER CONDITIONS
 THE FOLLOWING WEATHER WAS RECORDED YESTERDAY.
  LIGHT RAIN


RELATIVE HUMIDITY (PERCENT)
 HIGHEST    84          1000 AM
 LOWEST     35           500 PM
 AVERAGE    60

..........................................................


THE GRAND RAPIDS MI CLIMATE NORMALS FOR TODAY
                         NORMAL    RECORD    YEAR
 MAXIMUM TEMPERATURE (F)   82        97      2012
                                             1931
 MINIMUM TEMPERATURE (F)   61        43      1992


SUNRISE AND SUNSET
JUNE 28 2015..........SUNRISE   606 AM EDT   SUNSET   925 PM EDT
JUNE 29 2015..........SUNRISE   606 AM EDT   SUNSET   925 PM EDT


-  INDICATES NEGATIVE NUMBERS.
R  INDICATES RECORD WAS SET OR TIED.
MM INDICATES DATA IS MISSING.
T  INDICATES TRACE AMOUNT.




$$
