000
CDUS43 KGRR 160532
CLIGRR


CLIMATE REPORT
NATIONAL WEATHER SERVICE GRAND RAPIDS, MI
131 AM EDT MON MAY 16 2016


...................................

...THE GRAND RAPIDS MI CLIMATE SUMMARY FOR MAY 15 2016...

CLIMATE NORMAL PERIOD 1981 TO 2010
CLIMATE RECORD PERIOD 1892 TO 2016


WEATHER ITEM   OBSERVED TIME   RECORD YEAR NORMAL DEPARTURE LAST
                VALUE   (LST)  VALUE       VALUE  FROM      YEAR
                                                  NORMAL
..................................................................
TEMPERATURE (F)
 YESTERDAY
  MAXIMUM         50    628 PM  91    1991  69    -19       70
  MINIMUM         36    600 AM  34    1920  47    -11       50
  AVERAGE         43                        58    -15       60

PRECIPITATION (IN)
  YESTERDAY        T             4.15 2001   0.13  -0.13     0.29
  MONTH TO DATE    2.63                      1.89   0.74     2.03
  SINCE MAR 1     11.49                      7.61   3.88     7.15
  SINCE JAN 1     16.42                     11.49   4.93    10.19

SNOWFALL (IN)
  YESTERDAY        T   R         T    1973   0.0    0.0      0.0
  MONTH TO DATE    T                         0.0    0.0      0.0
  SINCE MAR 1     19.5                      10.1    9.4      3.3
  SINCE JUL 1     61.1                      74.9  -13.8     78.1
  SNOW DEPTH       0

DEGREE DAYS
 HEATING
  YESTERDAY       22                         8     14        5
  MONTH TO DATE  168                       145     23       89
  SINCE MAR 1   1481                      1573    -92     1604
  SINCE JUL 1   5558                      6350   -792     6906

 COOLING
  YESTERDAY        0                         1     -1        0
  MONTH TO DATE    0                        11    -11       17
  SINCE MAR 1      0                        19    -19       17
  SINCE JAN 1      0                        19    -19       17
..................................................................


WIND (MPH)
  RESULTANT WIND SPEED  10   RESULTANT WIND DIRECTION   W (290)
  HIGHEST WIND SPEED    23   HIGHEST WIND DIRECTION    NW (300)
  HIGHEST GUST SPEED    31   HIGHEST GUST DIRECTION    NW (300)
  AVERAGE WIND SPEED    12.3


SKY COVER
  POSSIBLE SUNSHINE  70 PERCENT
  AVERAGE SKY COVER 0.6


WEATHER CONDITIONS
 THE FOLLOWING WEATHER WAS RECORDED YESTERDAY.
  LIGHT RAIN
  LIGHT SNOW
  SLEET
  HAZE


RELATIVE HUMIDITY (PERCENT)
 HIGHEST    82           600 AM
 LOWEST     36           200 PM
 AVERAGE    59

..........................................................


THE GRAND RAPIDS MI CLIMATE NORMALS FOR TODAY
                         NORMAL    RECORD    YEAR
 MAXIMUM TEMPERATURE (F)   70        89      1977
                                             1962
 MINIMUM TEMPERATURE (F)   48        29      1997


SUNRISE AND SUNSET
MAY 16 2016...........SUNRISE   618 AM EDT   SUNSET   900 PM EDT
MAY 17 2016...........SUNRISE   617 AM EDT   SUNSET   901 PM EDT


-  INDICATES NEGATIVE NUMBERS.
R  INDICATES RECORD WAS SET OR TIED.
MM INDICATES DATA IS MISSING.
T  INDICATES TRACE AMOUNT.




$$
