000
CDUS43 KGRR 132130
CLIGRR


CLIMATE REPORT
NATIONAL WEATHER SERVICE GRAND RAPIDS, MI
528 PM EDT SUN AUG 13 2017


...................................

...THE GRAND RAPIDS MI CLIMATE SUMMARY FOR AUGUST 13 2017...
VALID TODAY AS OF 0500 PM LOCAL TIME.

CLIMATE NORMAL PERIOD 1981 TO 2010
CLIMATE RECORD PERIOD 1892 TO 2017


WEATHER ITEM   OBSERVED TIME   RECORD YEAR NORMAL DEPARTURE LAST
                VALUE   (LST)  VALUE       VALUE  FROM      YEAR
                                                  NORMAL
..................................................................
TEMPERATURE (F)
 TODAY
  MAXIMUM         80    314 PM  97    1918  81     -1       83
  MINIMUM         55    613 AM  44    1941  62     -7       70
  AVERAGE         68                        71     -3       77

PRECIPITATION (IN)
  TODAY            0.00          1.80 1994   0.12  -0.12     0.66
  MONTH TO DATE    0.79                      1.51  -0.72     3.27
  SINCE JUN 1      6.79                      9.06  -2.27    10.04
  SINCE JAN 1     23.39                     22.64   0.75    26.84

SNOWFALL (IN)
  TODAY            0.0           0.0    MM   0.0    0.0      0.0
  MONTH TO DATE    0.0                       0.0    0.0      0.0
  SINCE JUN 1      0.0                       0.0    0.0      0.0
  SINCE JUL 1      0.0                       0.0    0.0      0.0
  SNOW DEPTH       0

DEGREE DAYS
 HEATING
  TODAY            0                         0      0        0
  MONTH TO DATE    2                         0      2        0
  SINCE JUN 1     24                        51    -27       21
  SINCE JUL 1      2                         6     -4        0

 COOLING
  TODAY            3                         7     -4       12
  MONTH TO DATE   62                        91    -29      138
  SINCE JUN 1    464                       475    -11      624
  SINCE JAN 1    494                       522    -28      695
..................................................................


WIND (MPH)
  RESULTANT WIND SPEED   1   RESULTANT WIND DIRECTION   E (70)
  HIGHEST WIND SPEED     9   HIGHEST WIND DIRECTION    SW (240)
  HIGHEST GUST SPEED    13   HIGHEST GUST DIRECTION     S (180)
  AVERAGE WIND SPEED     2.2


SKY COVER
  AVERAGE SKY COVER 0.4


WEATHER CONDITIONS
 THE FOLLOWING WEATHER WAS RECORDED TODAY.
  NO SIGNIFICANT WEATHER WAS OBSERVED.


RELATIVE HUMIDITY (PERCENT)
 HIGHEST    93           400 AM
 LOWEST     42           400 PM
 AVERAGE    68

..........................................................


THE GRAND RAPIDS MI CLIMATE NORMALS FOR TOMORROW
                         NORMAL    RECORD    YEAR
 MAXIMUM TEMPERATURE (F)   81        96      1944
 MINIMUM TEMPERATURE (F)   62        41      1964


SUNRISE AND SUNSET
AUGUST 13 2017........SUNRISE   646 AM EDT   SUNSET   847 PM EDT
AUGUST 14 2017........SUNRISE   647 AM EDT   SUNSET   845 PM EDT


-  INDICATES NEGATIVE NUMBERS.
R  INDICATES RECORD WAS SET OR TIED.
MM INDICATES DATA IS MISSING.
T  INDICATES TRACE AMOUNT.




$$

63
