000
CDUS43 KGRR 190518
CLIGRR


CLIMATE REPORT
NATIONAL WEATHER SERVICE GRAND RAPIDS, MI
115 AM EDT THU MAR 19 2015


...................................

...THE GRAND RAPIDS MI CLIMATE SUMMARY FOR MARCH 18 2015...

CLIMATE NORMAL PERIOD 1981 TO 2010
CLIMATE RECORD PERIOD 1892 TO 2015


WEATHER ITEM   OBSERVED TIME   RECORD YEAR NORMAL DEPARTURE LAST
                VALUE   (LST)  VALUE       VALUE  FROM      YEAR
                                                  NORMAL
..................................................................
TEMPERATURE (F)
 YESTERDAY
  MAXIMUM         48    212 PM  75    2012  45      3       43
                                      1903
                                      1894
  MINIMUM         25    545 AM   5    1923  27     -2       21
  AVERAGE         37                        36      1       32

PRECIPITATION (IN)
  YESTERDAY        0.00          1.06 1899   0.08  -0.08     0.00
  MONTH TO DATE    0.44                      1.30  -0.86     0.49
  SINCE MAR 1      0.44                      1.30  -0.86     0.49
  SINCE JAN 1      3.48                      5.18  -1.70     6.29

SNOWFALL (IN)
  YESTERDAY        0.0           5.7  1965   0.3   -0.3      0.0
  MONTH TO DATE    3.1                       6.1   -3.0      4.8
  SINCE MAR 1      3.1                       6.1   -3.0      4.8
  SINCE JUL 1     77.9                      70.9    7.0    112.6
  SNOW DEPTH       0

DEGREE DAYS
 HEATING
  YESTERDAY       28                        29     -1       33
  MONTH TO DATE  596                       573     23      751
  SINCE MAR 1    596                       573     23      751
  SINCE JUL 1   5898                      5350    548     6032

 COOLING
  YESTERDAY        0                         0      0        0
  MONTH TO DATE    0                         0      0        0
  SINCE MAR 1      0                         0      0        0
  SINCE JAN 1      0                         0      0        0
..................................................................


WIND (MPH)
  RESULTANT WIND SPEED   9   RESULTANT WIND DIRECTION   W (280)
  HIGHEST WIND SPEED    22   HIGHEST WIND DIRECTION    NW (320)
  HIGHEST GUST SPEED    27   HIGHEST GUST DIRECTION     W (260)
  AVERAGE WIND SPEED     9.6


SKY COVER
  POSSIBLE SUNSHINE  96 PERCENT
  AVERAGE SKY COVER 0.5


WEATHER CONDITIONS
 THE FOLLOWING WEATHER WAS RECORDED YESTERDAY.
  NO SIGNIFICANT WEATHER WAS OBSERVED.


RELATIVE HUMIDITY (PERCENT)
 HIGHEST    81           300 AM
 LOWEST     37          1200 PM
 AVERAGE    59

..........................................................


THE GRAND RAPIDS MI CLIMATE NORMALS FOR TODAY
                         NORMAL    RECORD    YEAR
 MAXIMUM TEMPERATURE (F)   46        81      2012
 MINIMUM TEMPERATURE (F)   28         0      1923


SUNRISE AND SUNSET
MARCH 19 2015.........SUNRISE   748 AM EDT   SUNSET   753 PM EDT
MARCH 20 2015.........SUNRISE   746 AM EDT   SUNSET   754 PM EDT


-  INDICATES NEGATIVE NUMBERS.
R  INDICATES RECORD WAS SET OR TIED.
MM INDICATES DATA IS MISSING.
T  INDICATES TRACE AMOUNT.




$$
