000
CDUS43 KGRR 090523
CLIGRR


CLIMATE REPORT
NATIONAL WEATHER SERVICE GRAND RAPIDS, MI
122 AM EDT MON MAY 9 2016


...................................

...THE GRAND RAPIDS MI CLIMATE SUMMARY FOR MAY 8 2016...

CLIMATE NORMAL PERIOD 1981 TO 2010
CLIMATE RECORD PERIOD 1892 TO 2016


WEATHER ITEM   OBSERVED TIME   RECORD YEAR NORMAL DEPARTURE LAST
                VALUE   (LST)  VALUE       VALUE  FROM      YEAR
                                                  NORMAL
..................................................................
TEMPERATURE (F)
 YESTERDAY
  MAXIMUM         68    317 PM  89    1926  67      1       82
  MINIMUM         41    508 AM  27    1976  45     -4       63
  AVERAGE         55                        56     -1       73

PRECIPITATION (IN)
  YESTERDAY        0.00          1.50 1901   0.12  -0.12     0.04
  MONTH TO DATE    1.11                      0.99   0.12     0.66
  SINCE MAR 1      9.97                      6.71   3.26     5.78
  SINCE JAN 1     14.90                     10.59   4.31     8.82

SNOWFALL (IN)
  YESTERDAY        0.0           T    1980   0.0    0.0      0.0
  MONTH TO DATE    0.0                       0.0    0.0      0.0
  SINCE MAR 1     19.5                      10.1    9.4      3.3
  SINCE JUL 1     61.1                      74.9  -13.8     78.1
  SNOW DEPTH       0

DEGREE DAYS
 HEATING
  YESTERDAY       10                        10      0        0
  MONTH TO DATE   86                        85      1       27
  SINCE MAR 1   1399                      1513   -114     1542
  SINCE JUL 1   5476                      6290   -814     6844

 COOLING
  YESTERDAY        0                         1     -1        8
  MONTH TO DATE    0                         4     -4       16
  SINCE MAR 1      0                        12    -12       16
  SINCE JAN 1      0                        12    -12       16
..................................................................


WIND (MPH)
  RESULTANT WIND SPEED   8   RESULTANT WIND DIRECTION   W (270)
  HIGHEST WIND SPEED    23   HIGHEST WIND DIRECTION     W (260)
  HIGHEST GUST SPEED    29   HIGHEST GUST DIRECTION     W (250)
  AVERAGE WIND SPEED     9.2


SKY COVER
  POSSIBLE SUNSHINE  92 PERCENT
  AVERAGE SKY COVER 0.6


WEATHER CONDITIONS
 THE FOLLOWING WEATHER WAS RECORDED YESTERDAY.
  NO SIGNIFICANT WEATHER WAS OBSERVED.


RELATIVE HUMIDITY (PERCENT)
 HIGHEST    70           700 AM
 LOWEST     24           500 PM
 AVERAGE    47

..........................................................


THE GRAND RAPIDS MI CLIMATE NORMALS FOR TODAY
                         NORMAL    RECORD    YEAR
 MAXIMUM TEMPERATURE (F)   67        88      1930
                                             1896
 MINIMUM TEMPERATURE (F)   46        23      1947


SUNRISE AND SUNSET
MAY  9 2016...........SUNRISE   625 AM EDT   SUNSET   852 PM EDT
MAY 10 2016...........SUNRISE   624 AM EDT   SUNSET   853 PM EDT


-  INDICATES NEGATIVE NUMBERS.
R  INDICATES RECORD WAS SET OR TIED.
MM INDICATES DATA IS MISSING.
T  INDICATES TRACE AMOUNT.




$$
