000
CDUS43 KGRR 060517
CLIGRR


CLIMATE REPORT
NATIONAL WEATHER SERVICE GRAND RAPIDS, MI
1216 AM EST MON NOV 6 2017


...................................

...THE GRAND RAPIDS MI CLIMATE SUMMARY FOR NOVEMBER 5 2017...

CLIMATE NORMAL PERIOD 1981 TO 2010
CLIMATE RECORD PERIOD 1892 TO 2017


WEATHER ITEM   OBSERVED TIME   RECORD YEAR NORMAL DEPARTURE LAST
                VALUE   (LST)  VALUE       VALUE  FROM      YEAR
                                                  NORMAL
..................................................................
TEMPERATURE (F)
 YESTERDAY
  MAXIMUM         53   1228 PM  75    1978  52      1       66
  MINIMUM         46   1159 PM   6    1951  36     10       39
  AVERAGE         50                        44      6       53

PRECIPITATION (IN)
  YESTERDAY        0.03          2.66 1902   0.13  -0.10     0.00
  MONTH TO DATE    0.66                      0.61   0.05     1.35
  SINCE SEP 1     11.01                      8.15   2.86     9.90
  SINCE JAN 1     35.33                     32.87   2.46    41.44

SNOWFALL (IN)
  YESTERDAY        0.0           2.6  1982   0.1   -0.1      0.0
  MONTH TO DATE    T                         0.5   -0.5      0.0
  SINCE SEP 1      0.4                       1.0   -0.6      0.0
  SINCE JUL 1      0.4                       1.0   -0.6      0.0
  SNOW DEPTH       0

DEGREE DAYS
 HEATING
  YESTERDAY       15                        21     -6       12
  MONTH TO DATE  102                       100      2       51
  SINCE SEP 1    493                       672   -179      419
  SINCE JUL 1    509                       692   -183      419

 COOLING
  YESTERDAY        0                         0      0        0
  MONTH TO DATE    0                         0      0        0
  SINCE SEP 1    147                        74     73      105
  SINCE JAN 1    719                       699     20      936
..................................................................


WIND (MPH)
  RESULTANT WIND SPEED   3   RESULTANT WIND DIRECTION   W (280)
  HIGHEST WIND SPEED    15   HIGHEST WIND DIRECTION     W (290)
  HIGHEST GUST SPEED    18   HIGHEST GUST DIRECTION    NW (300)
  AVERAGE WIND SPEED     5.2


SKY COVER
  POSSIBLE SUNSHINE   0 PERCENT
  AVERAGE SKY COVER 0.9


WEATHER CONDITIONS
 THE FOLLOWING WEATHER WAS RECORDED YESTERDAY.
  LIGHT RAIN
  FOG
  FOG W/VISIBILITY <= 1/4 MILE


RELATIVE HUMIDITY (PERCENT)
 HIGHEST   100           200 AM
 LOWEST     80           700 PM
 AVERAGE    90

..........................................................


THE GRAND RAPIDS MI CLIMATE NORMALS FOR TODAY
                         NORMAL    RECORD    YEAR
 MAXIMUM TEMPERATURE (F)   52        77      1975
 MINIMUM TEMPERATURE (F)   36         9      1951


SUNRISE AND SUNSET
NOVEMBER  6 2017......SUNRISE   723 AM EST   SUNSET   528 PM EST
NOVEMBER  7 2017......SUNRISE   724 AM EST   SUNSET   527 PM EST


-  INDICATES NEGATIVE NUMBERS.
R  INDICATES RECORD WAS SET OR TIED.
MM INDICATES DATA IS MISSING.
T  INDICATES TRACE AMOUNT.




$$
