000
CDUS43 KGRR 162230
CLIGRR


CLIMATE REPORT
NATIONAL WEATHER SERVICE GRAND RAPIDS, MI
529 PM EST SUN NOV 16 2014


...................................

...THE GRAND RAPIDS MI CLIMATE SUMMARY FOR NOVEMBER 16 2014...
VALID TODAY AS OF 0500 PM LOCAL TIME.

CLIMATE NORMAL PERIOD 1981 TO 2010
CLIMATE RECORD PERIOD 1892 TO 2014


WEATHER ITEM   OBSERVED TIME   RECORD YEAR NORMAL DEPARTURE LAST
                VALUE   (LST)  VALUE       VALUE  FROM      YEAR
                                                  NORMAL
..................................................................
TEMPERATURE (F)
 TODAY
  MAXIMUM         33        MM  68    1896  47    -14       57
  MINIMUM         MM        MM  11    1933  33     MM       36
  AVERAGE         MM                        40     MM

PRECIPITATION (IN)
  TODAY            0.11          1.34 1909   0.12  -0.01     0.46
  MONTH TO DATE    0.81                      1.93  -1.12     2.31
  SINCE SEP 1      8.89                      9.47  -0.58     9.02
  SINCE JAN 1     35.41                     34.19   1.22    41.34

SNOWFALL (IN)
  TODAY            2.6           5.0  2005   0.2    2.4
  MONTH TO DATE    4.2                       2.3    1.9
  SINCE SEP 1      4.2                       2.8    1.4
  SINCE JUL 1      4.2                       2.8    1.4
  SNOW DEPTH       1

DEGREE DAYS
 HEATING
  TODAY           MM                        25     MM       18
  MONTH TO DATE  382                       353     29      363
  SINCE SEP 1    945                       925     20      851
  SINCE JUL 1    964                       945     19      877

 COOLING
  TODAY           MM                         0     MM        0
  MONTH TO DATE    0                         0      0        0
  SINCE SEP 1     51                        74    -23       97
  SINCE JAN 1    611                       699    -88      767
..................................................................


WIND (MPH)
  RESULTANT WIND SPEED   9   RESULTANT WIND DIRECTION   S (190)
  HIGHEST WIND SPEED    14   HIGHEST WIND DIRECTION     S (190)
  HIGHEST GUST SPEED    MM   HIGHEST GUST DIRECTION    MM
  AVERAGE WIND SPEED     9.4


SKY COVER
  AVERAGE SKY COVER 1.0


WEATHER CONDITIONS
 THE FOLLOWING WEATHER WAS RECORDED TODAY.
  LIGHT SNOW
  FOG
  HAZE


RELATIVE HUMIDITY (PERCENT)
 HIGHEST    85          1000 AM
 LOWEST     69           400 PM
 AVERAGE    77

..........................................................


THE GRAND RAPIDS MI CLIMATE NORMALS FOR TOMORROW
                         NORMAL    RECORD    YEAR
 MAXIMUM TEMPERATURE (F)   47        70      1958
                                             1953
 MINIMUM TEMPERATURE (F)   33         9      1959


SUNRISE AND SUNSET
NOVEMBER 16 2014......SUNRISE   735 AM EST   SUNSET   518 PM EST
NOVEMBER 17 2014......SUNRISE   737 AM EST   SUNSET   517 PM EST


-  INDICATES NEGATIVE NUMBERS.
R  INDICATES RECORD WAS SET OR TIED.
MM INDICATES DATA IS MISSING.
T  INDICATES TRACE AMOUNT.




$$

CAS
