000
CDUS43 KGRR 122240
CLIGRR


CLIMATE REPORT
NATIONAL WEATHER SERVICE GRAND RAPIDS, MI
539 PM EST WED NOV 12 2014


...................................

...THE GRAND RAPIDS MI CLIMATE SUMMARY FOR NOVEMBER 12 2014...
VALID TODAY AS OF 0500 PM LOCAL TIME.

CLIMATE NORMAL PERIOD 1981 TO 2010
CLIMATE RECORD PERIOD 1892 TO 2014


WEATHER ITEM   OBSERVED TIME   RECORD YEAR NORMAL DEPARTURE LAST
                VALUE   (LST)  VALUE       VALUE  FROM      YEAR
                                                  NORMAL
..................................................................
TEMPERATURE (F)
 TODAY
  MAXIMUM         35   1213 AM  68    1902  49    -14       36
  MINIMUM         31    459 PM  15    1986  34     -3       22
                                      1911
  AVERAGE         33                        42     -9

PRECIPITATION (IN)
  TODAY            T             0.89 1992   0.12  -0.12      T
  MONTH TO DATE    0.62                      1.43  -0.81     1.85
  SINCE SEP 1      8.70                      8.97  -0.27     8.56
  SINCE JAN 1     35.22                     33.69   1.53    40.88

SNOWFALL (IN)
  TODAY            0.1           3.6  1997   0.1    0.0
  MONTH TO DATE    0.1                       1.5   -1.4
  SINCE SEP 1      0.1                       2.0   -1.9
  SINCE JUL 1      0.1                       2.0   -1.9
  SNOW DEPTH       0

DEGREE DAYS
 HEATING
  TODAY           32                        23      9       36
  MONTH TO DATE  272                       255     17      264
  SINCE SEP 1    835                       827      8      752
  SINCE JUL 1    854                       847      7      778

 COOLING
  TODAY            0                         0      0        0
  MONTH TO DATE    0                         0      0        0
  SINCE SEP 1     51                        74    -23       97
  SINCE JAN 1    611                       699    -88      767
..................................................................


WIND (MPH)
  RESULTANT WIND SPEED  14   RESULTANT WIND DIRECTION   W (280)
  HIGHEST WIND SPEED    24   HIGHEST WIND DIRECTION     W (270)
  HIGHEST GUST SPEED    30   HIGHEST GUST DIRECTION     W (270)
  AVERAGE WIND SPEED    14.3


SKY COVER
  AVERAGE SKY COVER 1.0


WEATHER CONDITIONS
 THE FOLLOWING WEATHER WAS RECORDED TODAY.
  LIGHT SNOW


RELATIVE HUMIDITY (PERCENT)
 HIGHEST    89          1200 AM
 LOWEST     61          1200 PM
 AVERAGE    75

..........................................................


THE GRAND RAPIDS MI CLIMATE NORMALS FOR TOMORROW
                         NORMAL    RECORD    YEAR
 MAXIMUM TEMPERATURE (F)   49        70      1989
 MINIMUM TEMPERATURE (F)   34        10      1986


SUNRISE AND SUNSET
NOVEMBER 12 2014......SUNRISE   730 AM EST   SUNSET   522 PM EST
NOVEMBER 13 2014......SUNRISE   732 AM EST   SUNSET   521 PM EST


-  INDICATES NEGATIVE NUMBERS.
R  INDICATES RECORD WAS SET OR TIED.
MM INDICATES DATA IS MISSING.
T  INDICATES TRACE AMOUNT.




$$

63
