000
CDUS43 KGRR 062129
CLIGRR


CLIMATE REPORT
NATIONAL WEATHER SERVICE GRAND RAPIDS, MI
528 PM EDT SAT MAY 6 2017


...................................

...THE GRAND RAPIDS MI CLIMATE SUMMARY FOR MAY 6 2017...
VALID TODAY AS OF 0500 PM LOCAL TIME.

CLIMATE NORMAL PERIOD 1981 TO 2010
CLIMATE RECORD PERIOD 1892 TO 2017


WEATHER ITEM   OBSERVED TIME   RECORD YEAR NORMAL DEPARTURE LAST
                VALUE   (LST)  VALUE       VALUE  FROM      YEAR
                                                  NORMAL
..................................................................
TEMPERATURE (F)
 TODAY
  MAXIMUM         62    317 PM  90    1959  66     -4       75
  MINIMUM         39    554 AM  25    1968  45     -6       41
  AVERAGE         51                        55     -4       58

PRECIPITATION (IN)
  TODAY            0.00          1.22 1941   0.13  -0.13     0.00
  MONTH TO DATE    0.36                      0.74  -0.38     0.99
  SINCE MAR 1      9.90                      6.46   3.44     9.85
  SINCE JAN 1     15.46                     10.34   5.12    14.78

SNOWFALL (IN)
  TODAY            0.0           T    1989   0.0    0.0      0.0
  MONTH TO DATE    0.0                       0.0    0.0      0.0
  SINCE MAR 1      5.1                      10.1   -5.0     19.5
  SINCE JUL 1     60.1                      74.9  -14.8     61.1
  SNOW DEPTH       0

DEGREE DAYS
 HEATING
  TODAY           14                        10      4        7
  MONTH TO DATE   95                        65     30       73
  SINCE MAR 1   1407                      1493    -86     1386
  SINCE JUL 1   5461                      6270   -809     5463

 COOLING
  TODAY            0                         1     -1        0
  MONTH TO DATE    0                         2     -2        0
  SINCE MAR 1      5                        10     -5        0
  SINCE JAN 1      5                        10     -5        0
..................................................................


WIND (MPH)
  RESULTANT WIND SPEED  11   RESULTANT WIND DIRECTION  NW (330)
  HIGHEST WIND SPEED    26   HIGHEST WIND DIRECTION    NW (320)
  HIGHEST GUST SPEED    34   HIGHEST GUST DIRECTION    NW (330)
  AVERAGE WIND SPEED    11.7


SKY COVER
  AVERAGE SKY COVER 0.3


WEATHER CONDITIONS
 THE FOLLOWING WEATHER WAS RECORDED TODAY.
  NO SIGNIFICANT WEATHER WAS OBSERVED.


RELATIVE HUMIDITY (PERCENT)
 HIGHEST    85           500 AM
 LOWEST     34           300 PM
 AVERAGE    60

..........................................................


THE GRAND RAPIDS MI CLIMATE NORMALS FOR TOMORROW
                         NORMAL    RECORD    YEAR
 MAXIMUM TEMPERATURE (F)   67        89      1965
 MINIMUM TEMPERATURE (F)   45        25      1974


SUNRISE AND SUNSET
MAY  6 2017...........SUNRISE   629 AM EDT   SUNSET   849 PM EDT
MAY  7 2017...........SUNRISE   628 AM EDT   SUNSET   850 PM EDT


-  INDICATES NEGATIVE NUMBERS.
R  INDICATES RECORD WAS SET OR TIED.
MM INDICATES DATA IS MISSING.
T  INDICATES TRACE AMOUNT.




$$

jam
