412
CDUS43 KGRR 280924 CCA
CLIGRR

CLIMATE REPORT...CORRECTED
NATIONAL WEATHER SERVICE GRAND RAPIDS, MI
154 AM EDT WED SEP 28 2016


...................................

...THE GRAND RAPIDS MI CLIMATE SUMMARY FOR SEPTEMBER 27 2016...

CLIMATE NORMAL PERIOD 1981 TO 2010
CLIMATE RECORD PERIOD 1892 TO 2016


WEATHER ITEM   OBSERVED TIME   RECORD YEAR NORMAL DEPARTURE LAST
                VALUE   (LST)  VALUE       VALUE  FROM      YEAR
                                                  NORMAL
..................................................................
TEMPERATURE (F)
 YESTERDAY
  MAXIMUM         64   1226 PM  86    1946  68     -4       73
  MINIMUM         48    612 AM  29    1989  48      0       62
  AVERAGE         56                        58     -2       68

PRECIPITATION (IN)
  YESTERDAY           T          1.80 1911   0.14  -0.14     0.00
  MONTH TO DATE    1.60                      3.88  -2.28     2.26
  SINCE SEP 1      1.60                      3.88  -2.28     2.26
  SINCE JAN 1     33.14                     28.60   4.54    23.90

SNOWFALL (IN)
  YESTERDAY        0.0           T    1942   0.0    0.0      0.0
  MONTH TO DATE    0.0                       0.0    0.0      0.0
  SINCE SEP 1      0.0                       0.0    0.0      0.0
  SINCE JUL 1      0.0                       0.0    0.0      0.0
  SNOW DEPTH       0

DEGREE DAYS
 HEATING
  YESTERDAY        9                         8      1        0
  MONTH TO DATE   29                       106    -77       42
  SINCE SEP 1     29                       106    -77       42
  SINCE JUL 1     29                       126    -97       71

 COOLING
  YESTERDAY        0                         1     -1        3
  MONTH TO DATE   95                        64     31      128
  SINCE SEP 1     95                        64     31      128
  SINCE JAN 1    926                       689    237      635
..................................................................


WIND (MPH)
  RESULTANT WIND SPEED  11   RESULTANT WIND DIRECTION  SW (240)
  HIGHEST WIND SPEED    30   HIGHEST WIND DIRECTION     W (250)
  HIGHEST GUST SPEED    37   HIGHEST GUST DIRECTION    SW (240)
  AVERAGE WIND SPEED    12.4


SKY COVER
  POSSIBLE SUNSHINE  34 PERCENT
  AVERAGE SKY COVER 0.6


WEATHER CONDITIONS
 THE FOLLOWING WEATHER WAS RECORDED YESTERDAY.
  LIGHT RAIN


RELATIVE HUMIDITY (PERCENT)
 HIGHEST    83          1000 PM
 LOWEST     49          1100 AM
 AVERAGE    66

..........................................................


THE GRAND RAPIDS MI CLIMATE NORMALS FOR TODAY
                         NORMAL    RECORD    YEAR
 MAXIMUM TEMPERATURE (F)   68        86      1905
 MINIMUM TEMPERATURE (F)   48        27      1991


SUNRISE AND SUNSET
SEPTEMBER 28 2016.....SUNRISE   736 AM EDT   SUNSET   728 PM EDT
SEPTEMBER 29 2016.....SUNRISE   738 AM EDT   SUNSET   726 PM EDT


-  INDICATES NEGATIVE NUMBERS.
R  INDICATES RECORD WAS SET OR TIED.
MM INDICATES DATA IS MISSING.
T  INDICATES TRACE AMOUNT.




$$
