000
CDUS43 KGRR 290527
CLIGRR


CLIMATE REPORT
NATIONAL WEATHER SERVICE GRAND RAPIDS, MI
121 AM EDT SUN MAR 29 2015


...................................

...THE GRAND RAPIDS MI CLIMATE SUMMARY FOR MARCH 28 2015...

CLIMATE NORMAL PERIOD 1981 TO 2010
CLIMATE RECORD PERIOD 1892 TO 2015


WEATHER ITEM   OBSERVED TIME   RECORD YEAR NORMAL DEPARTURE LAST
                VALUE   (LST)  VALUE       VALUE  FROM      YEAR
                                                  NORMAL
..................................................................
TEMPERATURE (F)
 YESTERDAY
  MAXIMUM         37    513 PM  78    1905  50    -13       48
  MINIMUM         12    637 AM   8    1923  31    -19       31
  AVERAGE         25                        40    -15       40

PRECIPITATION (IN)
  YESTERDAY        0.00          1.02 1985   0.09  -0.09     0.31
  MONTH TO DATE    0.75                      2.10  -1.35     1.54
  SINCE MAR 1      0.75                      2.10  -1.35     1.54
  SINCE JAN 1      3.79                      5.98  -2.19     7.34

SNOWFALL (IN)
  YESTERDAY        0.0           3.3  1947   0.2   -0.2       T
  MONTH TO DATE    3.1                       7.9   -4.8      6.4
  SINCE MAR 1      3.1                       7.9   -4.8      6.4
  SINCE JUL 1     77.9                      72.7    5.2    114.2
  SNOW DEPTH       0

DEGREE DAYS
 HEATING
  YESTERDAY       40                        25     15       25
  MONTH TO DATE  927                       839     88     1107
  SINCE MAR 1    927                       839     88     1107
  SINCE JUL 1   6229                      5616    613     6388

 COOLING
  YESTERDAY        0                         0      0        0
  MONTH TO DATE    0                         0      0        0
  SINCE MAR 1      0                         0      0        0
  SINCE JAN 1      0                         0      0        0
..................................................................


WIND (MPH)
  RESULTANT WIND SPEED   2   RESULTANT WIND DIRECTION  NW (310)
  HIGHEST WIND SPEED    16   HIGHEST WIND DIRECTION     W (270)
  HIGHEST GUST SPEED    19   HIGHEST GUST DIRECTION     W (270)
  AVERAGE WIND SPEED     4.8


SKY COVER
  POSSIBLE SUNSHINE 100 PERCENT
  AVERAGE SKY COVER 0.0


WEATHER CONDITIONS
 THE FOLLOWING WEATHER WAS RECORDED YESTERDAY.
  NO SIGNIFICANT WEATHER WAS OBSERVED.


RELATIVE HUMIDITY (PERCENT)
 HIGHEST    67           400 AM
 LOWEST     26           300 PM
 AVERAGE    47

..........................................................


THE GRAND RAPIDS MI CLIMATE NORMALS FOR TODAY
                         NORMAL    RECORD    YEAR
 MAXIMUM TEMPERATURE (F)   50        82      1910
 MINIMUM TEMPERATURE (F)   31         6      1970


SUNRISE AND SUNSET
MARCH 29 2015.........SUNRISE   730 AM EDT   SUNSET   805 PM EDT
MARCH 30 2015.........SUNRISE   728 AM EDT   SUNSET   806 PM EDT


-  INDICATES NEGATIVE NUMBERS.
R  INDICATES RECORD WAS SET OR TIED.
MM INDICATES DATA IS MISSING.
T  INDICATES TRACE AMOUNT.




$$
