368
CDUS43 KGRR 270553
CLIGRR


CLIMATE REPORT
NATIONAL WEATHER SERVICE GRAND RAPIDS, MI
152 AM EDT SAT AUG 27 2016


...................................

...THE GRAND RAPIDS MI CLIMATE SUMMARY FOR AUGUST 26 2016...

CLIMATE NORMAL PERIOD 1981 TO 2010
CLIMATE RECORD PERIOD 1892 TO 2016


WEATHER ITEM   OBSERVED TIME   RECORD YEAR NORMAL DEPARTURE LAST
                VALUE   (LST)  VALUE       VALUE  FROM      YEAR
                                                  NORMAL
..................................................................
TEMPERATURE (F)
 YESTERDAY
  MAXIMUM         81    358 PM  95    1973  80      1       67
                                      1948
  MINIMUM         61    532 AM  42    1945  60      1       57
  AVERAGE         71                        70      1       62

PRECIPITATION (IN)
  YESTERDAY        0.00          2.07 1986   0.12  -0.12      T
  MONTH TO DATE    6.79                      2.98   3.81     3.54
  SINCE JUN 1     13.56                     10.53   3.03     9.80
  SINCE JAN 1     30.36                     24.11   6.25    21.43

SNOWFALL (IN)
  YESTERDAY        0.0           0.0    MM   0.0    0.0      0.0
  MONTH TO DATE    0.0                       0.0    0.0      0.0
  SINCE JUN 1      0.0                       0.0    0.0      0.0
  SINCE JUL 1      0.0                       0.0    0.0      0.0
  SNOW DEPTH       0

DEGREE DAYS
 HEATING
  YESTERDAY        0                         1     -1        3
  MONTH TO DATE    0                         4     -4       11
  SINCE JUN 1     21                        55    -34       54
  SINCE JUL 1      0                        10    -10       24

 COOLING
  YESTERDAY        6                         5      1        0
  MONTH TO DATE  231                       169     62      155
  SINCE JUN 1    717                       553    164      442
  SINCE JAN 1    788                       600    188      494
..................................................................


WIND (MPH)
  RESULTANT WIND SPEED   5   RESULTANT WIND DIRECTION   W (270)
  HIGHEST WIND SPEED    13   HIGHEST WIND DIRECTION     W (260)
  HIGHEST GUST SPEED    17   HIGHEST GUST DIRECTION     W (280)
  AVERAGE WIND SPEED     5.7


SKY COVER
  POSSIBLE SUNSHINE  96 PERCENT
  AVERAGE SKY COVER 0.5


WEATHER CONDITIONS
 THE FOLLOWING WEATHER WAS RECORDED YESTERDAY.
  FOG


RELATIVE HUMIDITY (PERCENT)
 HIGHEST    93           600 AM
 LOWEST     42           300 PM
 AVERAGE    68

..........................................................


THE GRAND RAPIDS MI CLIMATE NORMALS FOR TODAY
                         NORMAL    RECORD    YEAR
 MAXIMUM TEMPERATURE (F)   79        95      1953
                                             1948
 MINIMUM TEMPERATURE (F)   59        42      1915


SUNRISE AND SUNSET
AUGUST 27 2016........SUNRISE   702 AM EDT   SUNSET   824 PM EDT
AUGUST 28 2016........SUNRISE   703 AM EDT   SUNSET   823 PM EDT


-  INDICATES NEGATIVE NUMBERS.
R  INDICATES RECORD WAS SET OR TIED.
MM INDICATES DATA IS MISSING.
T  INDICATES TRACE AMOUNT.




$$
