000
CDUS43 KGRR 270521
CLIGRR


CLIMATE REPORT
NATIONAL WEATHER SERVICE GRAND RAPIDS, MI
121 AM EDT THU APR 27 2017


...................................

...THE GRAND RAPIDS MI CLIMATE SUMMARY FOR APRIL 26 2017...

CLIMATE NORMAL PERIOD 1981 TO 2010
CLIMATE RECORD PERIOD 1892 TO 2017


WEATHER ITEM   OBSERVED TIME   RECORD YEAR NORMAL DEPARTURE LAST
                VALUE   (LST)  VALUE       VALUE  FROM      YEAR
                                                  NORMAL
..................................................................
TEMPERATURE (F)
 YESTERDAY
  MAXIMUM         81    221 PM  88    1915  63     18       49
  MINIMUM         59    402 AM  24    1907  41     18       39
  AVERAGE         70                        52     18       44

PRECIPITATION (IN)
  YESTERDAY        T             1.48 1995   0.11  -0.11     0.00
  MONTH TO DATE    4.04                      2.87   1.17     2.99
  SINCE MAR 1      7.31                      5.24   2.07     7.93
  SINCE JAN 1     12.87                      9.12   3.75    12.86

SNOWFALL (IN)
  YESTERDAY        0.0           T    2011   0.0    0.0      0.0
                                      1996
  MONTH TO DATE    0.4                       1.8   -1.4      9.4
  SINCE MAR 1      5.1                      10.1   -5.0     19.5
  SINCE JUL 1     60.1                      74.9  -14.8     61.1
  SNOW DEPTH       0

DEGREE DAYS
 HEATING
  YESTERDAY        0                        13    -13       21
  MONTH TO DATE  329                       468   -139      490
  SINCE MAR 1   1250                      1378   -128     1239
  SINCE JUL 1   5304                      6155   -851     5316

 COOLING
  YESTERDAY        5                         0      5        0
  MONTH TO DATE    5                         0      5        0
  SINCE MAR 1      5                         1      4        0
  SINCE JAN 1      5                         1      4        0
..................................................................


WIND (MPH)
  RESULTANT WIND SPEED   8   RESULTANT WIND DIRECTION  SE (150)
  HIGHEST WIND SPEED    29   HIGHEST WIND DIRECTION     S (170)
  HIGHEST GUST SPEED    35   HIGHEST GUST DIRECTION     S (170)
  AVERAGE WIND SPEED    12.4


SKY COVER
  POSSIBLE SUNSHINE  63 PERCENT
  AVERAGE SKY COVER 0.7


WEATHER CONDITIONS
 THE FOLLOWING WEATHER WAS RECORDED YESTERDAY.
  THUNDERSTORM
  LIGHT RAIN


RELATIVE HUMIDITY (PERCENT)
 HIGHEST    84           500 AM
 LOWEST     48           100 PM
 AVERAGE    66

..........................................................


THE GRAND RAPIDS MI CLIMATE NORMALS FOR TODAY
                         NORMAL    RECORD    YEAR
 MAXIMUM TEMPERATURE (F)   63        85      1990
 MINIMUM TEMPERATURE (F)   42        27      1928


SUNRISE AND SUNSET
APRIL 27 2017.........SUNRISE   641 AM EDT   SUNSET   839 PM EDT
APRIL 28 2017.........SUNRISE   640 AM EDT   SUNSET   840 PM EDT


-  INDICATES NEGATIVE NUMBERS.
R  INDICATES RECORD WAS SET OR TIED.
MM INDICATES DATA IS MISSING.
T  INDICATES TRACE AMOUNT.




$$
