000
CDUS43 KGRR 290518
CLIGRR


CLIMATE REPORT
NATIONAL WEATHER SERVICE GRAND RAPIDS, MI
1216 AM EST THU JAN 29 2015


...................................

...THE GRAND RAPIDS MI CLIMATE SUMMARY FOR JANUARY 28 2015...

CLIMATE NORMAL PERIOD 1981 TO 2010
CLIMATE RECORD PERIOD 1892 TO 2015


WEATHER ITEM   OBSERVED TIME   RECORD YEAR NORMAL DEPARTURE LAST
                VALUE   (LST)  VALUE       VALUE  FROM      YEAR
                                                  NORMAL
..................................................................
TEMPERATURE (F)
 YESTERDAY
  MAXIMUM         31    456 PM  53    2002  31      0        9
                                      1914
  MINIMUM         10    806 AM  -9    2014  18     -8       -9
  AVERAGE         21                        24     -3        0

PRECIPITATION (IN)
  YESTERDAY        0.00          0.79 1994   0.06  -0.06     0.12
  MONTH TO DATE    1.79                      1.92  -0.13     3.37
  SINCE DEC 1      3.36                      4.42  -1.06     6.07
  SINCE JAN 1      1.79                      1.92  -0.13     3.37

SNOWFALL (IN)
  YESTERDAY        0.0           6.0  1977   0.6   -0.6      2.2
  MONTH TO DATE   22.7                      18.9    3.8     40.3
  SINCE DEC 1     23.7                      40.8  -17.1     75.0
  SINCE JUL 1     54.7                      48.1    6.6     77.2
  SNOW DEPTH       2

DEGREE DAYS
 HEATING
  YESTERDAY       44                        41      3       65
  MONTH TO DATE 1228                      1139     89     1312
  SINCE DEC 1   2247                      2250     -3     2510
  SINCE JUL 1   3743                      3588    155     3832

 COOLING
  YESTERDAY        0                         0      0        0
  MONTH TO DATE    0                         0      0        0
  SINCE DEC 1      0                         0      0        0
  SINCE JAN 1      0                         0      0        0
..................................................................


WIND (MPH)
  RESULTANT WIND SPEED   7   RESULTANT WIND DIRECTION   S (160)
  HIGHEST WIND SPEED    17   HIGHEST WIND DIRECTION    SE (140)
  HIGHEST GUST SPEED    22   HIGHEST GUST DIRECTION    SE (140)
  AVERAGE WIND SPEED     7.7


SKY COVER
  POSSIBLE SUNSHINE  43 PERCENT
  AVERAGE SKY COVER 0.6


WEATHER CONDITIONS
 THE FOLLOWING WEATHER WAS RECORDED YESTERDAY.
  NO SIGNIFICANT WEATHER WAS OBSERVED.


RELATIVE HUMIDITY (PERCENT)
 HIGHEST    84           100 AM
 LOWEST     39           300 PM
 AVERAGE    62

..........................................................


THE GRAND RAPIDS MI CLIMATE NORMALS FOR TODAY
                         NORMAL    RECORD    YEAR
 MAXIMUM TEMPERATURE (F)   31        59      1914
 MINIMUM TEMPERATURE (F)   18       -16      1966


SUNRISE AND SUNSET
JANUARY 29 2015.......SUNRISE   800 AM EST   SUNSET   551 PM EST
JANUARY 30 2015.......SUNRISE   759 AM EST   SUNSET   552 PM EST


-  INDICATES NEGATIVE NUMBERS.
R  INDICATES RECORD WAS SET OR TIED.
MM INDICATES DATA IS MISSING.
T  INDICATES TRACE AMOUNT.




$$

63
