000
CDUS43 KGRR 230514
CLIGRR


CLIMATE REPORT
NATIONAL WEATHER SERVICE GRAND RAPIDS, MI
1213 AM EST TUE DEC 23 2014


...................................

...THE GRAND RAPIDS MI CLIMATE SUMMARY FOR DECEMBER 22 2014...

CLIMATE NORMAL PERIOD 1981 TO 2010
CLIMATE RECORD PERIOD 1892 TO 2014


WEATHER ITEM   OBSERVED TIME   RECORD YEAR NORMAL DEPARTURE LAST
                VALUE   (LST)  VALUE       VALUE  FROM      YEAR
                                                  NORMAL
..................................................................
TEMPERATURE (F)
 YESTERDAY
  MAXIMUM         37    310 PM  57    1941  33      4       33
  MINIMUM         26    844 AM -11    1989  22      4       29
  AVERAGE         32                        27      5       31

PRECIPITATION (IN)
  YESTERDAY        0.27          1.07 1920   0.08   0.19     0.24
  MONTH TO DATE    0.48                      1.82  -1.34     2.30
  SINCE DEC 1      0.48                      1.82  -1.34     2.30
  SINCE JAN 1     39.19                     37.59   1.60    45.08

SNOWFALL (IN)
  YESTERDAY        T             8.5  1951   0.8   -0.8      0.6
  MONTH TO DATE    0.3                      14.8  -14.5     23.1
  SINCE DEC 1      0.3                      14.8  -14.5     23.1
  SINCE JUL 1     31.3                      22.1    9.2     25.3
  SNOW DEPTH       0

DEGREE DAYS
 HEATING
  YESTERDAY       33                        38     -5       34
  MONTH TO DATE  726                       762    -36      834
  SINCE DEC 1    726                       762    -36      834
  SINCE JUL 1   2222                      2100    122     2156

 COOLING
  YESTERDAY        0                         0      0        0
  MONTH TO DATE    0                         0      0        0
  SINCE DEC 1      0                         0      0        0
  SINCE JAN 1    611                       699    -88      767
..................................................................


WIND (MPH)
  RESULTANT WIND SPEED  11   RESULTANT WIND DIRECTION   E (110)
  HIGHEST WIND SPEED    18   HIGHEST WIND DIRECTION     E (90)
  HIGHEST GUST SPEED    22   HIGHEST GUST DIRECTION     E (100)
  AVERAGE WIND SPEED    11.8


SKY COVER
  POSSIBLE SUNSHINE  25 PERCENT
  AVERAGE SKY COVER 0.7


WEATHER CONDITIONS
 THE FOLLOWING WEATHER WAS RECORDED YESTERDAY.
  LIGHT RAIN
  LIGHT SNOW
  FOG
  HAZE


RELATIVE HUMIDITY (PERCENT)
 HIGHEST    96          1000 PM
 LOWEST     70          1200 PM
 AVERAGE    83

..........................................................


THE GRAND RAPIDS MI CLIMATE NORMALS FOR TODAY
                         NORMAL    RECORD    YEAR
 MAXIMUM TEMPERATURE (F)   33        57      1982
                                             1941
 MINIMUM TEMPERATURE (F)   21       -11      1989


SUNRISE AND SUNSET
DECEMBER 23 2014......SUNRISE   811 AM EST   SUNSET   512 PM EST
DECEMBER 24 2014......SUNRISE   811 AM EST   SUNSET   512 PM EST


-  INDICATES NEGATIVE NUMBERS.
R  INDICATES RECORD WAS SET OR TIED.
MM INDICATES DATA IS MISSING.
T  INDICATES TRACE AMOUNT.




$$

JAM
