000
CDUS43 KGRR 120529
CLIGRR


CLIMATE REPORT
NATIONAL WEATHER SERVICE GRAND RAPIDS, MI
1228 AM EST SUN NOV 12 2017


...................................

...THE GRAND RAPIDS MI CLIMATE SUMMARY FOR NOVEMBER 11 2017...

CLIMATE NORMAL PERIOD 1981 TO 2010
CLIMATE RECORD PERIOD 1892 TO 2017


WEATHER ITEM   OBSERVED TIME   RECORD YEAR NORMAL DEPARTURE LAST
                VALUE   (LST)  VALUE       VALUE  FROM      YEAR
                                                  NORMAL
..................................................................
TEMPERATURE (F)
 YESTERDAY
  MAXIMUM         34   1159 PM  73    1909  50    -16       53
  MINIMUM         19    405 AM  18    1987  35    -16       34
  AVERAGE         27                        42    -15       44

PRECIPITATION (IN)
  YESTERDAY        0.00          1.19 1911   0.12  -0.12     0.00
  MONTH TO DATE    0.68                      1.31  -0.63     1.35
  SINCE SEP 1     11.03                      8.85   2.18     9.90
  SINCE JAN 1     35.35                     33.57   1.78    41.44

SNOWFALL (IN)
  YESTERDAY        0.0           5.8  1995   0.2   -0.2      0.0
  MONTH TO DATE    0.2                       1.4   -1.2      0.0
  SINCE SEP 1      0.6                       1.9   -1.3      0.0
  SINCE JUL 1      0.6                       1.9   -1.3      0.0
  SNOW DEPTH       0

DEGREE DAYS
 HEATING
  YESTERDAY       38                        23     15       21
  MONTH TO DATE  292                       232     60      139
  SINCE SEP 1    683                       804   -121      507
  SINCE JUL 1    699                       824   -125      507

 COOLING
  YESTERDAY        0                         0      0        0
  MONTH TO DATE    0                         0      0        0
  SINCE SEP 1    147                        74     73      105
  SINCE JAN 1    719                       699     20      936
..................................................................


WIND (MPH)
  RESULTANT WIND SPEED   7   RESULTANT WIND DIRECTION  SE (140)
  HIGHEST WIND SPEED    15   HIGHEST WIND DIRECTION    SE (150)
  HIGHEST GUST SPEED    19   HIGHEST GUST DIRECTION     S (170)
  AVERAGE WIND SPEED     7.6


SKY COVER
  POSSIBLE SUNSHINE   8 PERCENT
  AVERAGE SKY COVER 0.8


WEATHER CONDITIONS
 THE FOLLOWING WEATHER WAS RECORDED YESTERDAY.
  NO SIGNIFICANT WEATHER WAS OBSERVED.


RELATIVE HUMIDITY (PERCENT)
 HIGHEST    77           300 AM
 LOWEST     45           100 PM
 AVERAGE    61

..........................................................


THE GRAND RAPIDS MI CLIMATE NORMALS FOR TODAY
                         NORMAL    RECORD    YEAR
 MAXIMUM TEMPERATURE (F)   49        68      1902
 MINIMUM TEMPERATURE (F)   34        15      1986
                                             1911


SUNRISE AND SUNSET
NOVEMBER 12 2017......SUNRISE   731 AM EST   SUNSET   521 PM EST
NOVEMBER 13 2017......SUNRISE   732 AM EST   SUNSET   520 PM EST


-  INDICATES NEGATIVE NUMBERS.
R  INDICATES RECORD WAS SET OR TIED.
MM INDICATES DATA IS MISSING.
T  INDICATES TRACE AMOUNT.




$$
