000
CDUS43 KGRR 110520
CLIGRR


CLIMATE REPORT
NATIONAL WEATHER SERVICE GRAND RAPIDS, MI
120 AM EDT FRI APR 11 2014


...................................

...THE GRAND RAPIDS MI CLIMATE SUMMARY FOR APRIL 10 2014...

CLIMATE NORMAL PERIOD 1981 TO 2010
CLIMATE RECORD PERIOD 1892 TO 2014


WEATHER ITEM   OBSERVED TIME   RECORD YEAR NORMAL DEPARTURE LAST
                VALUE   (LST)  VALUE       VALUE  FROM      YEAR
                                                  NORMAL
..................................................................
TEMPERATURE (F)
 YESTERDAY
  MAXIMUM         66   1032 AM  85    2011  56     10       42
  MINIMUM         41   1159 PM  15    1989  36      5       37
  AVERAGE         54                        46      8       40

PRECIPITATION (IN)
  YESTERDAY        T             1.61 2008   0.12  -0.12     0.41
  MONTH TO DATE    0.56                      1.07  -0.51     2.17
  SINCE MAR 1      2.10                      3.44  -1.34     3.11
  SINCE JAN 1      7.90                      7.32   0.58    10.17

SNOWFALL (IN)
  YESTERDAY        0.0           2.0  1894   0.1   -0.1      0.0
  MONTH TO DATE    T                         1.1   -1.1       T
  SINCE MAR 1      6.4                       9.4   -3.0      7.7
  SINCE JUL 1    114.2                      74.2   40.0     65.3
  SNOW DEPTH       0

DEGREE DAYS
 HEATING
  YESTERDAY       11                        19     -8       25
  MONTH TO DATE  216                       211      5      252
  SINCE MAR 1   1399                      1121    278     1280
  SINCE JUL 1   6680                      5898    782     5765

 COOLING
  YESTERDAY        0                         0      0        0
  MONTH TO DATE    0                         0      0        0
  SINCE MAR 1      0                         1     -1        0
  SINCE JAN 1      0                         1     -1        0
..................................................................


WIND (MPH)
  RESULTANT WIND SPEED  12   RESULTANT WIND DIRECTION  SW (240)
  HIGHEST WIND SPEED    35   HIGHEST WIND DIRECTION     W (260)
  HIGHEST GUST SPEED    45   HIGHEST GUST DIRECTION     W (250)
  AVERAGE WIND SPEED    13.9


SKY COVER
  POSSIBLE SUNSHINE  23 PERCENT
  AVERAGE SKY COVER 0.6


WEATHER CONDITIONS
 THE FOLLOWING WEATHER WAS RECORDED YESTERDAY.
  NO SIGNIFICANT WEATHER WAS OBSERVED.


RELATIVE HUMIDITY (PERCENT)
 HIGHEST    53          1100 PM
 LOWEST     32           700 PM
 AVERAGE    43

..........................................................


THE GRAND RAPIDS MI CLIMATE NORMALS FOR TODAY
                         NORMAL    RECORD    YEAR
 MAXIMUM TEMPERATURE (F)   56        82      1977
 MINIMUM TEMPERATURE (F)   36        14      1973


SUNRISE AND SUNSET
APRIL 11 2014.........SUNRISE   707 AM EDT   SUNSET   820 PM EDT
APRIL 12 2014.........SUNRISE   705 AM EDT   SUNSET   821 PM EDT


-  INDICATES NEGATIVE NUMBERS.
R  INDICATES RECORD WAS SET OR TIED.
MM INDICATES DATA IS MISSING.
T  INDICATES TRACE AMOUNT.




$$
