000
CDUS43 KGRR 252123
CLIGRR


CLIMATE REPORT
NATIONAL WEATHER SERVICE GRAND RAPIDS, MI
523 PM EDT TUE AUG 25 2015


...................................

...THE GRAND RAPIDS MI CLIMATE SUMMARY FOR AUGUST 25 2015...
VALID TODAY AS OF 0500 PM LOCAL TIME.

CLIMATE NORMAL PERIOD 1981 TO 2010
CLIMATE RECORD PERIOD 1892 TO 2015


WEATHER ITEM   OBSERVED TIME   RECORD YEAR NORMAL DEPARTURE LAST
                VALUE   (LST)  VALUE       VALUE  FROM      YEAR
                                                  NORMAL
..................................................................
TEMPERATURE (F)
 TODAY
  MAXIMUM         62    334 PM  94    1959  80    -18       85
                                      1948
  MINIMUM         54    432 AM  41    1942  60     -6       68
  AVERAGE         58                        70    -12       77

PRECIPITATION (IN)
  TODAY            0.05          2.02 1940   0.11  -0.06     0.11
  MONTH TO DATE    3.54                      2.86   0.68     2.94
  SINCE JUN 1      9.80                     10.41  -0.61    12.51
  SINCE JAN 1     21.43                     23.99  -2.56    25.78

SNOWFALL (IN)
  TODAY            0.0           0.0    MM   0.0    0.0      0.0
  MONTH TO DATE    0.0                       0.0    0.0      0.0
  SINCE JUN 1      0.0                       0.0    0.0      0.0
  SINCE JUL 1      0.0                       0.0    0.0      0.0
  SNOW DEPTH       0

DEGREE DAYS
 HEATING
  TODAY            7                         1      6        0
  MONTH TO DATE    8                         3      5        9
  SINCE JUN 1     51                        54     -3       31
  SINCE JUL 1     21                         9     12       18

 COOLING
  TODAY            0                         5     -5       12
  MONTH TO DATE  155                       164     -9      166
  SINCE JUN 1    442                       548   -106      469
  SINCE JAN 1    494                       595   -101      522
..................................................................


WIND (MPH)
  RESULTANT WIND SPEED   9   RESULTANT WIND DIRECTION   W (280)
  HIGHEST WIND SPEED    16   HIGHEST WIND DIRECTION     W (290)
  HIGHEST GUST SPEED    20   HIGHEST GUST DIRECTION     W (270)
  AVERAGE WIND SPEED     9.3


SKY COVER
  AVERAGE SKY COVER 1.0


WEATHER CONDITIONS
 THE FOLLOWING WEATHER WAS RECORDED TODAY.
  LIGHT RAIN
  FOG


RELATIVE HUMIDITY (PERCENT)
 HIGHEST   100          1000 AM
 LOWEST     72          1200 AM
 AVERAGE    86

..........................................................


THE GRAND RAPIDS MI CLIMATE NORMALS FOR TOMORROW
                         NORMAL    RECORD    YEAR
 MAXIMUM TEMPERATURE (F)   80        95      1973
                                             1948
 MINIMUM TEMPERATURE (F)   60        42      1945


SUNRISE AND SUNSET
AUGUST 25 2015........SUNRISE   659 AM EDT   SUNSET   829 PM EDT
AUGUST 26 2015........SUNRISE   700 AM EDT   SUNSET   827 PM EDT


-  INDICATES NEGATIVE NUMBERS.
R  INDICATES RECORD WAS SET OR TIED.
MM INDICATES DATA IS MISSING.
T  INDICATES TRACE AMOUNT.




$$
