000
CDUS43 KGRR 190525
CLIGRR


CLIMATE REPORT
NATIONAL WEATHER SERVICE GRAND RAPIDS, MI
1223 AM EST WED NOV 19 2014


...................................

...THE GRAND RAPIDS MI CLIMATE SUMMARY FOR NOVEMBER 18 2014...

CLIMATE NORMAL PERIOD 1981 TO 2010
CLIMATE RECORD PERIOD 1892 TO 2014


WEATHER ITEM   OBSERVED TIME   RECORD YEAR NORMAL DEPARTURE LAST
                VALUE   (LST)  VALUE       VALUE  FROM      YEAR
                                                  NORMAL
..................................................................
TEMPERATURE (F)
 YESTERDAY
  MAXIMUM         19   1005 PM  70    1958  46    -27       46
  MINIMUM         15    129 AM  11    1959  32    -17       35
  AVERAGE         17                        39    -22       41

PRECIPITATION (IN)
  YESTERDAY        0.51          1.68 1921   0.12   0.39      T
  MONTH TO DATE    1.62                      2.17  -0.55     3.52
  SINCE SEP 1      9.70                      9.71  -0.01    10.23
  SINCE JAN 1     36.22                     34.43   1.79    42.55

SNOWFALL (IN)
  YESTERDAY        9.6 R         2.9  1989   0.3    9.3       T
  MONTH TO DATE   20.5                       2.8   17.7      0.1
  SINCE SEP 1     20.5                       3.3   17.2      0.1
  SINCE JUL 1     20.5                       3.3   17.2      0.1
  SNOW DEPTH       8

DEGREE DAYS
 HEATING
  YESTERDAY       48                        26     22       24
  MONTH TO DATE  508                       404    104      398
  SINCE SEP 1   1071                       976     95      886
  SINCE JUL 1   1090                       996     94      912

 COOLING
  YESTERDAY        0                         0      0        0
  MONTH TO DATE    0                         0      0        0
  SINCE SEP 1     51                        74    -23       97
  SINCE JAN 1    611                       699    -88      767
..................................................................


WIND (MPH)
  RESULTANT WIND SPEED  17   RESULTANT WIND DIRECTION   W (250)
  HIGHEST WIND SPEED    25   HIGHEST WIND DIRECTION    SW (240)
  HIGHEST GUST SPEED    32   HIGHEST GUST DIRECTION    SW (240)
  AVERAGE WIND SPEED    16.8


SKY COVER
  POSSIBLE SUNSHINE   0 PERCENT
  AVERAGE SKY COVER 0.9


WEATHER CONDITIONS
 THE FOLLOWING WEATHER WAS RECORDED YESTERDAY.
  HEAVY SNOW
  SNOW
  LIGHT SNOW
  FOG
  FOG W/VISIBILITY <= 1/4 MILE
  BLOWING SNOW


RELATIVE HUMIDITY (PERCENT)
 HIGHEST    92          1100 PM
 LOWEST     73           300 PM
 AVERAGE    83

..........................................................


THE GRAND RAPIDS MI CLIMATE NORMALS FOR TODAY
                         NORMAL    RECORD    YEAR
 MAXIMUM TEMPERATURE (F)   46        74      1930
 MINIMUM TEMPERATURE (F)   32         9      1986


SUNRISE AND SUNSET
NOVEMBER 19 2014......SUNRISE   739 AM EST   SUNSET   515 PM EST
NOVEMBER 20 2014......SUNRISE   740 AM EST   SUNSET   515 PM EST


-  INDICATES NEGATIVE NUMBERS.
R  INDICATES RECORD WAS SET OR TIED.
MM INDICATES DATA IS MISSING.
T  INDICATES TRACE AMOUNT.




$$

JAM
