000
CDUS43 KGRR 260517
CLIGRR


CLIMATE REPORT
NATIONAL WEATHER SERVICE GRAND RAPIDS, MI
1217 AM EST SUN FEB 26 2017


...................................

...THE GRAND RAPIDS MI CLIMATE SUMMARY FOR FEBRUARY 25 2017...

CLIMATE NORMAL PERIOD 1981 TO 2010
CLIMATE RECORD PERIOD 1892 TO 2017


WEATHER ITEM   OBSERVED TIME   RECORD YEAR NORMAL DEPARTURE LAST
                VALUE   (LST)  VALUE       VALUE  FROM      YEAR
                                                  NORMAL
..................................................................
TEMPERATURE (F)
 YESTERDAY
  MAXIMUM         38   1211 AM  61    1976  37      1       35
  MINIMUM         22    824 PM -14    1950  22      0       26
  AVERAGE         30                        29      1       31

PRECIPITATION (IN)
  YESTERDAY        0.04          1.43 1926   0.08  -0.04     0.16
  MONTH TO DATE    1.43                      1.57  -0.14     2.57
  SINCE DEC 1      7.90                      6.16   1.74     8.05
  SINCE JAN 1      4.94                      3.66   1.28     4.72

SNOWFALL (IN)
  YESTERDAY        0.5           8.1  1935   0.5    0.0      3.9
  MONTH TO DATE    2.4                      13.5  -11.1     14.4
  SINCE DEC 1     54.2                      56.2   -2.0     37.7
  SINCE JUL 1     55.0                      63.5   -8.5     41.2
  SNOW DEPTH       T

DEGREE DAYS
 HEATING
  YESTERDAY       35                        36     -1       34
  MONTH TO DATE  764                       962   -198      905
  SINCE DEC 1   3028                      3331   -303     2902
  SINCE JUL 1   3976                      4669   -693     3960

 COOLING
  YESTERDAY        0                         0      0        0
  MONTH TO DATE    0                         0      0        0
  SINCE DEC 1      0                         0      0        0
  SINCE JAN 1      0                         0      0        0
..................................................................


WIND (MPH)
  RESULTANT WIND SPEED  17   RESULTANT WIND DIRECTION   W (270)
  HIGHEST WIND SPEED    28   HIGHEST WIND DIRECTION     W (270)
  HIGHEST GUST SPEED    35   HIGHEST GUST DIRECTION     W (250)
  AVERAGE WIND SPEED    16.7


SKY COVER
  POSSIBLE SUNSHINE   0 PERCENT
  AVERAGE SKY COVER 1.0


WEATHER CONDITIONS
 THE FOLLOWING WEATHER WAS RECORDED YESTERDAY.
  HEAVY SNOW
  LIGHT SNOW
  FOG
  HAZE


RELATIVE HUMIDITY (PERCENT)
 HIGHEST    92          1200 AM
 LOWEST     68           300 PM
 AVERAGE    80

..........................................................


THE GRAND RAPIDS MI CLIMATE NORMALS FOR TODAY
                         NORMAL    RECORD    YEAR
 MAXIMUM TEMPERATURE (F)   37        64      1944
 MINIMUM TEMPERATURE (F)   22        -9      1963


SUNRISE AND SUNSET
FEBRUARY 26 2017......SUNRISE   722 AM EST   SUNSET   628 PM EST
FEBRUARY 27 2017......SUNRISE   721 AM EST   SUNSET   629 PM EST


-  INDICATES NEGATIVE NUMBERS.
R  INDICATES RECORD WAS SET OR TIED.
MM INDICATES DATA IS MISSING.
T  INDICATES TRACE AMOUNT.




$$
