000
CDUS43 KGRR 192129
CLIGRR


CLIMATE REPORT
NATIONAL WEATHER SERVICE GRAND RAPIDS, MI
528 PM EDT SAT JUL 19 2014


...................................

...THE GRAND RAPIDS MI CLIMATE SUMMARY FOR JULY 19 2014...
VALID TODAY AS OF 0500 PM LOCAL TIME.

CLIMATE NORMAL PERIOD 1981 TO 2010
CLIMATE RECORD PERIOD 1892 TO 2014


WEATHER ITEM   OBSERVED TIME   RECORD YEAR NORMAL DEPARTURE LAST
                VALUE   (LST)  VALUE       VALUE  FROM      YEAR
                                                  NORMAL
..................................................................
TEMPERATURE (F)
 TODAY
  MAXIMUM         82    232 PM  96    2013  83     -1       96
                                      1935
  MINIMUM         57    559 AM  47    1979  62     -5       78
  AVERAGE         70                        73     -3

PRECIPITATION (IN)
  TODAY            0.00          1.80 1902   0.12  -0.12     0.11
  MONTH TO DATE    4.32                      2.30   2.02     1.45
  SINCE JUN 1      9.47                      6.07   3.40     5.97
  SINCE JAN 1     22.74                     19.65   3.09    28.66

SNOWFALL (IN)
  TODAY            0.0           0.0  2006   0.0    0.0
                                      2005
                                      2004
  MONTH TO DATE    0.0                       0.0    0.0
  SINCE JUN 1      0.0                       0.0    0.0
  SINCE JUL 1      0.0                       0.0    0.0
  SNOW DEPTH       0

DEGREE DAYS
 HEATING
  TODAY            0                         0      0        0
  MONTH TO DATE    7                         0      7        1
  SINCE JUN 1     20                        45    -25       41
  SINCE JUL 1      7                         0      7        1

 COOLING
  TODAY            5                         8     -3       22
  MONTH TO DATE   70                       149    -79      217
  SINCE JUN 1    249                       294    -45      366
  SINCE JAN 1    302                       341    -39      448
..................................................................


WIND (MPH)
  RESULTANT WIND SPEED   3   RESULTANT WIND DIRECTION   E (100)
  HIGHEST WIND SPEED    10   HIGHEST WIND DIRECTION     E (90)
  HIGHEST GUST SPEED    15   HIGHEST GUST DIRECTION     N (20)
  AVERAGE WIND SPEED     4.3


SKY COVER
  AVERAGE SKY COVER 0.3


WEATHER CONDITIONS
 THE FOLLOWING WEATHER WAS RECORDED TODAY.
  NO SIGNIFICANT WEATHER WAS OBSERVED.


RELATIVE HUMIDITY (PERCENT)
 HIGHEST    93           500 AM
 LOWEST     42           300 PM
 AVERAGE    68

..........................................................


THE GRAND RAPIDS MI CLIMATE NORMALS FOR TOMORROW
                         NORMAL    RECORD    YEAR
 MAXIMUM TEMPERATURE (F)   83        99      1934
                                             1930
 MINIMUM TEMPERATURE (F)   62        44      1941


SUNRISE AND SUNSET
JULY 19 2014..........SUNRISE   620 AM EDT   SUNSET   916 PM EDT
JULY 20 2014..........SUNRISE   621 AM EDT   SUNSET   915 PM EDT


-  INDICATES NEGATIVE NUMBERS.
R  INDICATES RECORD WAS SET OR TIED.
MM INDICATES DATA IS MISSING.
T  INDICATES TRACE AMOUNT.




$$

JAM
