000
CDUS43 KGRR 100555
CLIGRR


CLIMATE REPORT
NATIONAL WEATHER SERVICE GRAND RAPIDS, MI
155 AM EDT THU APR 10 2014


...................................

...THE GRAND RAPIDS MI CLIMATE SUMMARY FOR APRIL 9 2014...

CLIMATE NORMAL PERIOD 1981 TO 2010
CLIMATE RECORD PERIOD 1892 TO 2014


WEATHER ITEM   OBSERVED TIME   RECORD YEAR NORMAL DEPARTURE LAST
                VALUE   (LST)  VALUE       VALUE  FROM      YEAR
                                                  NORMAL
..................................................................
TEMPERATURE (F)
 YESTERDAY
  MAXIMUM         58    354 PM  79    1931  55      3       48
  MINIMUM         34    704 AM  18    1997  35     -1       41
  AVERAGE         46                        45      1       45

PRECIPITATION (IN)
  YESTERDAY        0.00          1.38 1991   0.11  -0.11     1.17
  MONTH TO DATE    0.56                      0.95  -0.39     1.76
  SINCE MAR 1      2.10                      3.32  -1.22     2.70
  SINCE JAN 1      7.90                      7.20   0.70     9.76

SNOWFALL (IN)
  YESTERDAY        0.0           4.4  1973   0.1   -0.1      0.0
  MONTH TO DATE    T                         1.0   -1.0       T
  SINCE MAR 1      6.4                       9.3   -2.9      7.7
  SINCE JUL 1    114.2                      74.1   40.1     65.3
  SNOW DEPTH       0

DEGREE DAYS
 HEATING
  YESTERDAY       19                        20     -1       20
  MONTH TO DATE  205                       192     13      227
  SINCE MAR 1   1388                      1102    286     1255
  SINCE JUL 1   6669                      5879    790     5740

 COOLING
  YESTERDAY        0                         0      0        0
  MONTH TO DATE    0                         0      0        0
  SINCE MAR 1      0                         1     -1        0
  SINCE JAN 1      0                         1     -1        0
..................................................................


WIND (MPH)
  RESULTANT WIND SPEED   4   RESULTANT WIND DIRECTION   W (250)
  HIGHEST WIND SPEED    21   HIGHEST WIND DIRECTION     W (260)
  HIGHEST GUST SPEED    28   HIGHEST GUST DIRECTION     W (270)
  AVERAGE WIND SPEED     8.0


SKY COVER
  POSSIBLE SUNSHINE  96 PERCENT
  AVERAGE SKY COVER 0.4


WEATHER CONDITIONS
 THE FOLLOWING WEATHER WAS RECORDED YESTERDAY.
  NO SIGNIFICANT WEATHER WAS OBSERVED.


RELATIVE HUMIDITY (PERCENT)
 HIGHEST    62          1200 AM
 LOWEST     32          1100 AM
 AVERAGE    47

..........................................................


THE GRAND RAPIDS MI CLIMATE NORMALS FOR TODAY
                         NORMAL    RECORD    YEAR
 MAXIMUM TEMPERATURE (F)   56        85      2011
 MINIMUM TEMPERATURE (F)   36        15      1989


SUNRISE AND SUNSET
APRIL 10 2014.........SUNRISE   709 AM EDT   SUNSET   819 PM EDT
APRIL 11 2014.........SUNRISE   707 AM EDT   SUNSET   820 PM EDT


-  INDICATES NEGATIVE NUMBERS.
R  INDICATES RECORD WAS SET OR TIED.
MM INDICATES DATA IS MISSING.
T  INDICATES TRACE AMOUNT.




$$
