000
CDUS43 KGRR 190519
CLIGRR


CLIMATE REPORT
NATIONAL WEATHER SERVICE GRAND RAPIDS, MI
119 AM EDT THU MAY 19 2016


...................................

...THE GRAND RAPIDS MI CLIMATE SUMMARY FOR MAY 18 2016...

CLIMATE NORMAL PERIOD 1981 TO 2010
CLIMATE RECORD PERIOD 1892 TO 2016


WEATHER ITEM   OBSERVED TIME   RECORD YEAR NORMAL DEPARTURE LAST
                VALUE   (LST)  VALUE       VALUE  FROM      YEAR
                                                  NORMAL
..................................................................
TEMPERATURE (F)
 YESTERDAY
  MAXIMUM         70    232 PM  90    1962  70      0       82
  MINIMUM         43    539 AM  28    1973  48     -5       51
  AVERAGE         57                        59     -2       67

PRECIPITATION (IN)
  YESTERDAY        0.00          3.31 2000   0.13  -0.13     0.00
  MONTH TO DATE    2.63                      2.27   0.36     2.04
  SINCE MAR 1     11.49                      7.99   3.50     7.16
  SINCE JAN 1     16.42                     11.87   4.55    10.20

SNOWFALL (IN)
  YESTERDAY        0.0           0.2  1915   0.0    0.0      0.0
  MONTH TO DATE    T                         0.0    0.0      0.0
  SINCE MAR 1     19.5                      10.1    9.4      3.3
  SINCE JUL 1     61.1                      74.9  -13.8     78.1
  SNOW DEPTH       0

DEGREE DAYS
 HEATING
  YESTERDAY        8                         7      1        0
  MONTH TO DATE  193                       166     27       89
  SINCE MAR 1   1506                      1594    -88     1604
  SINCE JUL 1   5583                      6371   -788     6906

 COOLING
  YESTERDAY        0                         1     -1        2
  MONTH TO DATE    0                        14    -14       29
  SINCE MAR 1      0                        22    -22       29
  SINCE JAN 1      0                        22    -22       29
..................................................................


WIND (MPH)
  RESULTANT WIND SPEED   3   RESULTANT WIND DIRECTION   E (70)
  HIGHEST WIND SPEED    14   HIGHEST WIND DIRECTION    NW (300)
  HIGHEST GUST SPEED    17   HIGHEST GUST DIRECTION    SE (120)
  AVERAGE WIND SPEED     6.1


SKY COVER
  POSSIBLE SUNSHINE  96 PERCENT
  AVERAGE SKY COVER 0.4


WEATHER CONDITIONS
 THE FOLLOWING WEATHER WAS RECORDED YESTERDAY.
  NO SIGNIFICANT WEATHER WAS OBSERVED.


RELATIVE HUMIDITY (PERCENT)
 HIGHEST    76           400 AM
 LOWEST     29           400 PM
 AVERAGE    53

..........................................................


THE GRAND RAPIDS MI CLIMATE NORMALS FOR TODAY
                         NORMAL    RECORD    YEAR
 MAXIMUM TEMPERATURE (F)   71        91      1977
 MINIMUM TEMPERATURE (F)   49        30      2002


SUNRISE AND SUNSET
MAY 19 2016...........SUNRISE   615 AM EDT   SUNSET   903 PM EDT
MAY 20 2016...........SUNRISE   614 AM EDT   SUNSET   904 PM EDT


-  INDICATES NEGATIVE NUMBERS.
R  INDICATES RECORD WAS SET OR TIED.
MM INDICATES DATA IS MISSING.
T  INDICATES TRACE AMOUNT.




$$
