000
CDUS43 KGRR 160521
CLIGRR


CLIMATE REPORT
NATIONAL WEATHER SERVICE GRAND RAPIDS, MI
120 AM EDT SUN APR 16 2017


...................................

...THE GRAND RAPIDS MI CLIMATE SUMMARY FOR APRIL 15 2017...

CLIMATE NORMAL PERIOD 1981 TO 2010
CLIMATE RECORD PERIOD 1892 TO 2017


WEATHER ITEM   OBSERVED TIME   RECORD YEAR NORMAL DEPARTURE LAST
                VALUE   (LST)  VALUE       VALUE  FROM      YEAR
                                                  NORMAL
..................................................................
TEMPERATURE (F)
 YESTERDAY
  MAXIMUM         80    443 PM  84    2003  58     22       71
                                      2002
  MINIMUM         50    406 AM  18    1943  38     12       35
  AVERAGE         65                        48     17       53

PRECIPITATION (IN)
  YESTERDAY        0.21          1.40 1991   0.12   0.09     0.00
  MONTH TO DATE    3.27                      1.65   1.62     2.26
  SINCE MAR 1      6.54                      4.02   2.52     7.20
  SINCE JAN 1     12.10                      7.90   4.20    12.13

SNOWFALL (IN)
  YESTERDAY        0.0           4.0  1919   0.0    0.0      0.0
  MONTH TO DATE    0.4                       1.4   -1.0      9.4
  SINCE MAR 1      5.1                       9.7   -4.6     19.5
  SINCE JUL 1     60.1                      74.5  -14.4     61.1
  SNOW DEPTH       0

DEGREE DAYS
 HEATING
  YESTERDAY        0                        17    -17       12
  MONTH TO DATE  237                       301    -64      403
  SINCE MAR 1   1158                      1211    -53     1152
  SINCE JUL 1   5212                      5988   -776     5229

 COOLING
  YESTERDAY        0                         0      0        0
  MONTH TO DATE    0                         0      0        0
  SINCE MAR 1      0                         1     -1        0
  SINCE JAN 1      0                         1     -1        0
..................................................................


WIND (MPH)
  RESULTANT WIND SPEED  16   RESULTANT WIND DIRECTION  SW (230)
  HIGHEST WIND SPEED    35   HIGHEST WIND DIRECTION    SW (230)
  HIGHEST GUST SPEED    42   HIGHEST GUST DIRECTION    SW (220)
  AVERAGE WIND SPEED    15.9


SKY COVER
  POSSIBLE SUNSHINE  77 PERCENT
  AVERAGE SKY COVER 0.5


WEATHER CONDITIONS
 THE FOLLOWING WEATHER WAS RECORDED YESTERDAY.
  THUNDERSTORM
  HEAVY RAIN
  RAIN
  LIGHT RAIN
  FOG
  HAZE


RELATIVE HUMIDITY (PERCENT)
 HIGHEST   100           600 AM
 LOWEST     36           300 PM
 AVERAGE    68

..........................................................


THE GRAND RAPIDS MI CLIMATE NORMALS FOR TODAY
                         NORMAL    RECORD    YEAR
 MAXIMUM TEMPERATURE (F)   59        86      2002
 MINIMUM TEMPERATURE (F)   38        21      1904


SUNRISE AND SUNSET
APRIL 16 2017.........SUNRISE   658 AM EDT   SUNSET   826 PM EDT
APRIL 17 2017.........SUNRISE   657 AM EDT   SUNSET   827 PM EDT


-  INDICATES NEGATIVE NUMBERS.
R  INDICATES RECORD WAS SET OR TIED.
MM INDICATES DATA IS MISSING.
T  INDICATES TRACE AMOUNT.




$$
