982
CDUS43 KGRR 260537
CLIGRR


CLIMATE REPORT
NATIONAL WEATHER SERVICE GRAND RAPIDS, MI
136 AM EDT THU MAY 26 2016


...................................

...THE GRAND RAPIDS MI CLIMATE SUMMARY FOR MAY 25 2016...

CLIMATE NORMAL PERIOD 1981 TO 2010
CLIMATE RECORD PERIOD 1892 TO 2016


WEATHER ITEM   OBSERVED TIME   RECORD YEAR NORMAL DEPARTURE LAST
                VALUE   (LST)  VALUE       VALUE  FROM      YEAR
                                                  NORMAL
..................................................................
TEMPERATURE (F)
 YESTERDAY
  MAXIMUM         88    457 PM  91    1977  72     16       77
  MINIMUM         64    520 AM  31    1992  51     13       64
  AVERAGE         76                        62     14       71

PRECIPITATION (IN)
  YESTERDAY        0.17          1.27 1970   0.14   0.03     0.25
  MONTH TO DATE    2.80                      3.23  -0.43     2.30
  SINCE MAR 1     11.66                      8.95   2.71     7.42
  SINCE JAN 1     16.59                     12.83   3.76    10.46

SNOWFALL (IN)
  YESTERDAY        0.0           T    1924   0.0    0.0      0.0
  MONTH TO DATE    T                         0.0    0.0      0.0
  SINCE MAR 1     19.5                      10.1    9.4      3.3
  SINCE JUL 1     61.1                      74.9  -13.8     78.1
  SNOW DEPTH       0

DEGREE DAYS
 HEATING
  YESTERDAY        0                         5     -5        0
  MONTH TO DATE  206                       208     -2      153
  SINCE MAR 1   1519                      1636   -117     1668
  SINCE JUL 1   5596                      6413   -817     6970

 COOLING
  YESTERDAY       11                         2      9        6
  MONTH TO DATE   18                        25     -7       35
  SINCE MAR 1     18                        33    -15       35
  SINCE JAN 1     18                        33    -15       35
..................................................................


WIND (MPH)
  RESULTANT WIND SPEED   7   RESULTANT WIND DIRECTION   S (200)
  HIGHEST WIND SPEED    22   HIGHEST WIND DIRECTION     W (250)
  HIGHEST GUST SPEED    29   HIGHEST GUST DIRECTION    SW (210)
  AVERAGE WIND SPEED     8.0


SKY COVER
  POSSIBLE SUNSHINE  82 PERCENT
  AVERAGE SKY COVER 0.5


WEATHER CONDITIONS
 THE FOLLOWING WEATHER WAS RECORDED YESTERDAY.
  THUNDERSTORM
  HEAVY RAIN
  RAIN
  FOG


RELATIVE HUMIDITY (PERCENT)
 HIGHEST    73           600 AM
 LOWEST     36           400 PM
 AVERAGE    55

..........................................................


THE GRAND RAPIDS MI CLIMATE NORMALS FOR TODAY
                         NORMAL    RECORD    YEAR
 MAXIMUM TEMPERATURE (F)   73        90      2010
 MINIMUM TEMPERATURE (F)   51        34      1974
                                             1897


SUNRISE AND SUNSET
MAY 26 2016...........SUNRISE   609 AM EDT   SUNSET   910 PM EDT
MAY 27 2016...........SUNRISE   609 AM EDT   SUNSET   910 PM EDT


-  INDICATES NEGATIVE NUMBERS.
R  INDICATES RECORD WAS SET OR TIED.
MM INDICATES DATA IS MISSING.
T  INDICATES TRACE AMOUNT.




$$
