643
CDUS43 KGRR 092237
CLIGRR


CLIMATE REPORT
NATIONAL WEATHER SERVICE GRAND RAPIDS, MI
535 PM EST TUE FEB 9 2016


...................................

...THE GRAND RAPIDS MI CLIMATE SUMMARY FOR FEBRUARY 9 2016...
VALID TODAY AS OF 0500 PM LOCAL TIME.

CLIMATE NORMAL PERIOD 1981 TO 2010
CLIMATE RECORD PERIOD 1892 TO 2016


WEATHER ITEM   OBSERVED TIME   RECORD YEAR NORMAL DEPARTURE LAST
                VALUE   (LST)  VALUE       VALUE  FROM      YEAR
                                                  NORMAL
..................................................................
TEMPERATURE (F)
 TODAY
  MAXIMUM         33    226 AM  55    1925  32      1       27
  MINIMUM         25    459 PM -16    1934  19      6       15
  AVERAGE         29                        26      3       21

PRECIPITATION (IN)
  TODAY            T             1.02 1939   0.06  -0.06     0.00
  MONTH TO DATE    1.63                      0.51   1.12     0.76
  SINCE DEC 1      7.11                      5.10   2.01     4.20
  SINCE JAN 1      3.78                      2.60   1.18     2.63

SNOWFALL (IN)
  TODAY            T             8.1  2010   0.5   -0.5      0.0
  MONTH TO DATE    1.0                       5.2   -4.2     10.5
  SINCE DEC 1     24.3                      47.9  -23.6     34.7
  SINCE JUL 1     27.8                      55.2  -27.4     65.7
  SNOW DEPTH       0

DEGREE DAYS
 HEATING
  TODAY           36                        39     -3       44
  MONTH TO DATE  303                       359    -56      410
  SINCE DEC 1   2300                      2728   -428     2777
  SINCE JUL 1   3358                      4066   -708     4273

 COOLING
  TODAY            0                         0      0        0
  MONTH TO DATE    0                         0      0        0
  SINCE DEC 1      0                         0      0        0
  SINCE JAN 1      0                         0      0        0
..................................................................


WIND (MPH)
  RESULTANT WIND SPEED  13   RESULTANT WIND DIRECTION  NW (310)
  HIGHEST WIND SPEED    20   HIGHEST WIND DIRECTION    NW (300)
  HIGHEST GUST SPEED    26   HIGHEST GUST DIRECTION    NW (300)
  AVERAGE WIND SPEED    13.8


SKY COVER
  AVERAGE SKY COVER 1.0


WEATHER CONDITIONS
 THE FOLLOWING WEATHER WAS RECORDED TODAY.
  LIGHT SNOW
  FOG


RELATIVE HUMIDITY (PERCENT)
 HIGHEST    89          1200 AM
 LOWEST     68           300 PM
 AVERAGE    79

..........................................................


THE GRAND RAPIDS MI CLIMATE NORMALS FOR TOMORROW
                         NORMAL    RECORD    YEAR
 MAXIMUM TEMPERATURE (F)   32        61      2009
 MINIMUM TEMPERATURE (F)   19       -21      1899


SUNRISE AND SUNSET
FEBRUARY  9 2016......SUNRISE   748 AM EST   SUNSET   605 PM EST
FEBRUARY 10 2016......SUNRISE   747 AM EST   SUNSET   606 PM EST


-  INDICATES NEGATIVE NUMBERS.
R  INDICATES RECORD WAS SET OR TIED.
MM INDICATES DATA IS MISSING.
T  INDICATES TRACE AMOUNT.




$$

63
