000
CDUS43 KGRR 120553
CLIGRR


CLIMATE REPORT
NATIONAL WEATHER SERVICE GRAND RAPIDS, MI
1252 AM EST FRI JAN 12 2018


...................................

...THE GRAND RAPIDS MI CLIMATE SUMMARY FOR JANUARY 11 2018...

CLIMATE NORMAL PERIOD 1981 TO 2010
CLIMATE RECORD PERIOD 1892 TO 2018


WEATHER ITEM   OBSERVED TIME   RECORD YEAR NORMAL DEPARTURE LAST
                VALUE   (LST)  VALUE       VALUE  FROM      YEAR
                                                  NORMAL
..................................................................
TEMPERATURE (F)
 YESTERDAY
  MAXIMUM         58R   139 PM  55    1980  31     27       43
  MINIMUM         39   1159 PM -21    1979  18     21       28
  AVERAGE         49                        24     25       36

PRECIPITATION (IN)
  YESTERDAY        0.42          0.58 2013   0.07   0.35     0.25
  MONTH TO DATE    0.82                      0.84  -0.02     1.52
  SINCE DEC 1      2.78                      3.34  -0.56     4.48
  SINCE JAN 1      0.82                      0.84  -0.02     1.52

SNOWFALL (IN)
  YESTERDAY        0.0           6.9  1991   0.7   -0.7      0.0
  MONTH TO DATE    5.5                       7.9   -2.4      7.6
  SINCE DEC 1     38.4                      29.8    8.6     44.6
  SINCE JUL 1     39.0                      37.1    1.9     45.4
  SNOW DEPTH       1

DEGREE DAYS
 HEATING
  YESTERDAY       16                        41    -25       29
  MONTH TO DATE  504                       442     62      454
  SINCE DEC 1   1756                      1553    203     1610
  SINCE JUL 1   2947                      2891     56     2558

 COOLING
  YESTERDAY        0                         0      0        0
  MONTH TO DATE    0                         0      0        0
  SINCE DEC 1      0                         0      0        0
  SINCE JAN 1      0                         0      0        0
..................................................................


WIND (MPH)
  RESULTANT WIND SPEED  12   RESULTANT WIND DIRECTION  SW (210)
  HIGHEST WIND SPEED    22   HIGHEST WIND DIRECTION     W (260)
  HIGHEST GUST SPEED    27   HIGHEST GUST DIRECTION     S (190)
  AVERAGE WIND SPEED    12.9


SKY COVER
  POSSIBLE SUNSHINE   0 PERCENT
  AVERAGE SKY COVER 1.0


WEATHER CONDITIONS
 THE FOLLOWING WEATHER WAS RECORDED YESTERDAY.
  HEAVY RAIN
  RAIN
  LIGHT RAIN
  FOG


RELATIVE HUMIDITY (PERCENT)
 HIGHEST   100           200 AM
 LOWEST     86           100 PM
 AVERAGE    93

..........................................................


THE GRAND RAPIDS MI CLIMATE NORMALS FOR TODAY
                         NORMAL    RECORD    YEAR
 MAXIMUM TEMPERATURE (F)   31        57      2013
 MINIMUM TEMPERATURE (F)   18       -14      1918


SUNRISE AND SUNSET
JANUARY 12 2018.......SUNRISE   811 AM EST   SUNSET   530 PM EST
JANUARY 13 2018.......SUNRISE   811 AM EST   SUNSET   531 PM EST


-  INDICATES NEGATIVE NUMBERS.
R  INDICATES RECORD WAS SET OR TIED.
MM INDICATES DATA IS MISSING.
T  INDICATES TRACE AMOUNT.




$$
