000
CDUS43 KGRR 130523
CLIGRR


CLIMATE REPORT
NATIONAL WEATHER SERVICE GRAND RAPIDS, MI
1219 AM EST SAT FEB 13 2016


...................................

...THE GRAND RAPIDS MI CLIMATE SUMMARY FOR FEBRUARY 12 2016...

CLIMATE NORMAL PERIOD 1981 TO 2010
CLIMATE RECORD PERIOD 1892 TO 2016


WEATHER ITEM   OBSERVED TIME   RECORD YEAR NORMAL DEPARTURE LAST
                VALUE   (LST)  VALUE       VALUE  FROM      YEAR
                                                  NORMAL
..................................................................
TEMPERATURE (F)
 YESTERDAY
  MAXIMUM         22    210 PM  55    1984  33    -11       23
  MINIMUM          7   1159 PM -23    1899  19    -12       10
  AVERAGE         15                        26    -11       17

PRECIPITATION (IN)
  YESTERDAY        0.04          1.70 1938   0.07  -0.03      T
  MONTH TO DATE    1.67                      0.70   0.97     0.77
  SINCE DEC 1      7.15                      5.29   1.86     4.21
  SINCE JAN 1      3.82                      2.79   1.03     2.64

SNOWFALL (IN)
  YESTERDAY        1.0           4.2  1964   0.5    0.5       T
  MONTH TO DATE    2.1                       6.8   -4.7     10.8
  SINCE DEC 1     25.4                      49.5  -24.1     35.0
  SINCE JUL 1     28.9                      56.8  -27.9     66.0
  SNOW DEPTH       T

DEGREE DAYS
 HEATING
  YESTERDAY       50                        39     11       48
  MONTH TO DATE  447                       476    -29      544
  SINCE DEC 1   2444                      2845   -401     2911
  SINCE JUL 1   3502                      4183   -681     4407

 COOLING
  YESTERDAY        0                         0      0        0
  MONTH TO DATE    0                         0      0        0
  SINCE DEC 1      0                         0      0        0
  SINCE JAN 1      0                         0      0        0
..................................................................


WIND (MPH)
  RESULTANT WIND SPEED   8   RESULTANT WIND DIRECTION   W (270)
  HIGHEST WIND SPEED    26   HIGHEST WIND DIRECTION    NW (320)
  HIGHEST GUST SPEED    33   HIGHEST GUST DIRECTION    NW (300)
  AVERAGE WIND SPEED    14.4


SKY COVER
  POSSIBLE SUNSHINE  14 PERCENT
  AVERAGE SKY COVER 0.8


WEATHER CONDITIONS
 THE FOLLOWING WEATHER WAS RECORDED YESTERDAY.
  HEAVY SNOW
  SNOW
  LIGHT SNOW
  FOG
  HAZE
  BLOWING SNOW


RELATIVE HUMIDITY (PERCENT)
 HIGHEST    84          1100 AM
 LOWEST     56           500 PM
 AVERAGE    70

..........................................................


THE GRAND RAPIDS MI CLIMATE NORMALS FOR TODAY
                         NORMAL    RECORD    YEAR
 MAXIMUM TEMPERATURE (F)   33        58      1938
 MINIMUM TEMPERATURE (F)   20       -24      1899


SUNRISE AND SUNSET
FEBRUARY 13 2016......SUNRISE   743 AM EST   SUNSET   610 PM EST
FEBRUARY 14 2016......SUNRISE   741 AM EST   SUNSET   612 PM EST


-  INDICATES NEGATIVE NUMBERS.
R  INDICATES RECORD WAS SET OR TIED.
MM INDICATES DATA IS MISSING.
T  INDICATES TRACE AMOUNT.




$$

63
