000
CDUS43 KGRR 050512
CLIGRR


CLIMATE REPORT
NATIONAL WEATHER SERVICE GRAND RAPIDS, MI
112 AM EDT SAT SEP 5 2015


...................................

...THE GRAND RAPIDS MI CLIMATE SUMMARY FOR SEPTEMBER 4 2015...

CLIMATE NORMAL PERIOD 1981 TO 2010
CLIMATE RECORD PERIOD 1892 TO 2015


WEATHER ITEM   OBSERVED TIME   RECORD YEAR NORMAL DEPARTURE LAST
                VALUE   (LST)  VALUE       VALUE  FROM      YEAR
                                                  NORMAL
..................................................................
TEMPERATURE (F)
 YESTERDAY
  MAXIMUM         80    515 PM  94    1925  77      3       84
                                      1898
  MINIMUM         68   1159 PM  38    1974  57     11       64
  AVERAGE         74                        67      7       74

PRECIPITATION (IN)
  YESTERDAY        0.00          2.82 2008   0.14  -0.14     0.42
  MONTH TO DATE    0.61                      0.54   0.07     0.68
  SINCE SEP 1      0.61                      0.54   0.07     0.68
  SINCE JAN 1     22.25                     25.26  -3.01    27.20

SNOWFALL (IN)
  YESTERDAY        0.0           0.0    MM   0.0    0.0      0.0
  MONTH TO DATE    0.0                       0.0    0.0      0.0
  SINCE SEP 1      0.0                       0.0    0.0      0.0
  SINCE JUL 1      0.0                       0.0    0.0      0.0
  SNOW DEPTH       0

DEGREE DAYS
 HEATING
  YESTERDAY        0                         2     -2        0
  MONTH TO DATE    0                         6     -6        0
  SINCE SEP 1      0                         6     -6        0
  SINCE JUL 1     29                        26      3       19

 COOLING
  YESTERDAY        9                         4      5        9
  MONTH TO DATE   47                        16     31       30
  SINCE SEP 1     47                        16     31       30
  SINCE JAN 1    554                       641    -87      590
..................................................................


WIND (MPH)
  RESULTANT WIND SPEED   4   RESULTANT WIND DIRECTION   W (270)
  HIGHEST WIND SPEED    10   HIGHEST WIND DIRECTION     W (260)
  HIGHEST GUST SPEED    12   HIGHEST GUST DIRECTION     W (260)
  AVERAGE WIND SPEED     4.9


SKY COVER
  POSSIBLE SUNSHINE  22 PERCENT
  AVERAGE SKY COVER 0.8


WEATHER CONDITIONS
 THE FOLLOWING WEATHER WAS RECORDED YESTERDAY.
  FOG
  HAZE


RELATIVE HUMIDITY (PERCENT)
 HIGHEST    97           400 AM
 LOWEST     67           300 PM
 AVERAGE    82

..........................................................


THE GRAND RAPIDS MI CLIMATE NORMALS FOR TODAY
                         NORMAL    RECORD    YEAR
 MAXIMUM TEMPERATURE (F)   77        92      1954
                                             1922
 MINIMUM TEMPERATURE (F)   57        39      1974
                                             1950


SUNRISE AND SUNSET
SEPTEMBER  5 2015.....SUNRISE   711 AM EDT   SUNSET   810 PM EDT
SEPTEMBER  6 2015.....SUNRISE   712 AM EDT   SUNSET   808 PM EDT


-  INDICATES NEGATIVE NUMBERS.
R  INDICATES RECORD WAS SET OR TIED.
MM INDICATES DATA IS MISSING.
T  INDICATES TRACE AMOUNT.




$$
