955
CDUS43 KGRR 230521
CLIGRR


CLIMATE REPORT
NATIONAL WEATHER SERVICE GRAND RAPIDS, MI
120 AM EDT FRI JUN 23 2017


...................................

...THE GRAND RAPIDS MI CLIMATE SUMMARY FOR JUNE 22 2017...

CLIMATE NORMAL PERIOD 1981 TO 2010
CLIMATE RECORD PERIOD 1892 TO 2017


WEATHER ITEM   OBSERVED TIME   RECORD YEAR NORMAL DEPARTURE LAST
                VALUE   (LST)  VALUE       VALUE  FROM      YEAR
                                                  NORMAL
..................................................................
TEMPERATURE (F)
 YESTERDAY
  MAXIMUM         89    307 PM  97    1923  81      8       87
                                      1894
  MINIMUM         61   1207 AM  39    1992  60      1       59
  AVERAGE         75                        70      5       73

PRECIPITATION (IN)
  YESTERDAY        0.12          1.92 1928   0.12   0.00     0.00
  MONTH TO DATE    3.20                      2.79   0.41     0.93
  SINCE JUN 1      3.20                      2.79   0.41     0.93
  SINCE JAN 1     19.80                     16.37   3.43    17.73

SNOWFALL (IN)
  YESTERDAY        0.0           0.0  2007   0.0    0.0      0.0
                                      2006
                                      2005
  MONTH TO DATE    0.0                       0.0    0.0      0.0
  SINCE JUN 1      0.0                       0.0    0.0      0.0
  SINCE JUL 1     60.1                      74.9  -14.8     61.1
  SNOW DEPTH       0

DEGREE DAYS
 HEATING
  YESTERDAY        0                         1     -1        0
  MONTH TO DATE    8                        41    -33       21
  SINCE JUN 1      8                        41    -33       21
  SINCE JUL 1   5621                      6481   -860     5617

 COOLING
  YESTERDAY       10                         6      4        8
  MONTH TO DATE  140                        93     47      135
  SINCE JUN 1    140                        93     47      135
  SINCE JAN 1    170                       140     30      206
..................................................................


WIND (MPH)
  RESULTANT WIND SPEED  11   RESULTANT WIND DIRECTION  SW (210)
  HIGHEST WIND SPEED    23   HIGHEST WIND DIRECTION     S (200)
  HIGHEST GUST SPEED    38   HIGHEST GUST DIRECTION     S (190)
  AVERAGE WIND SPEED    12.7


SKY COVER
  POSSIBLE SUNSHINE  36 PERCENT
  AVERAGE SKY COVER 0.7


WEATHER CONDITIONS
 THE FOLLOWING WEATHER WAS RECORDED YESTERDAY.
  THUNDERSTORM
  LIGHT RAIN
  FOG


RELATIVE HUMIDITY (PERCENT)
 HIGHEST    93          1000 PM
 LOWEST     46           300 PM
 AVERAGE    70

..........................................................


THE GRAND RAPIDS MI CLIMATE NORMALS FOR TODAY
                         NORMAL    RECORD    YEAR
 MAXIMUM TEMPERATURE (F)   81        98      1923
 MINIMUM TEMPERATURE (F)   60        38      1918


SUNRISE AND SUNSET
JUNE 23 2017..........SUNRISE   604 AM EDT   SUNSET   925 PM EDT
JUNE 24 2017..........SUNRISE   604 AM EDT   SUNSET   925 PM EDT


-  INDICATES NEGATIVE NUMBERS.
R  INDICATES RECORD WAS SET OR TIED.
MM INDICATES DATA IS MISSING.
T  INDICATES TRACE AMOUNT.




$$

jam
