000
CDUS43 KGRR 200513
CLIGRR


CLIMATE REPORT
NATIONAL WEATHER SERVICE GRAND RAPIDS, MI
1213 AM EST TUE JAN 20 2015


...................................

...THE GRAND RAPIDS MI CLIMATE SUMMARY FOR JANUARY 19 2015...

CLIMATE NORMAL PERIOD 1981 TO 2010
CLIMATE RECORD PERIOD 1892 TO 2015


WEATHER ITEM   OBSERVED TIME   RECORD YEAR NORMAL DEPARTURE LAST
                VALUE   (LST)  VALUE       VALUE  FROM      YEAR
                                                  NORMAL
..................................................................
TEMPERATURE (F)
 YESTERDAY
  MAXIMUM         34    424 AM  56    1907  30      4       33
  MINIMUM         29   1159 PM -22    1994  18     11       12
  AVERAGE         32                        24      8       23

PRECIPITATION (IN)
  YESTERDAY        T             1.84 1907   0.06  -0.06      T
  MONTH TO DATE    1.57                      1.38   0.19     2.27
  SINCE DEC 1      3.14                      3.88  -0.74     4.97
  SINCE JAN 1      1.57                      1.38   0.19     2.27

SNOWFALL (IN)
  YESTERDAY        T             6.4  2003   0.7   -0.7       T
  MONTH TO DATE   20.3                      13.2    7.1     19.5
  SINCE DEC 1     21.3                      35.1  -13.8     54.2
  SINCE JUL 1     52.3                      42.4    9.9     56.4
  SNOW DEPTH       3

DEGREE DAYS
 HEATING
  YESTERDAY       33                        41     -8       42
  MONTH TO DATE  873                       770    103      834
  SINCE DEC 1   1892                      1881     11     2032
  SINCE JUL 1   3388                      3219    169     3354

 COOLING
  YESTERDAY        0                         0      0        0
  MONTH TO DATE    0                         0      0        0
  SINCE DEC 1      0                         0      0        0
  SINCE JAN 1      0                         0      0        0
..................................................................


WIND (MPH)
  RESULTANT WIND SPEED   3   RESULTANT WIND DIRECTION   N (350)
  HIGHEST WIND SPEED    10   HIGHEST WIND DIRECTION     N (10)
  HIGHEST GUST SPEED    14   HIGHEST GUST DIRECTION     N (20)
  AVERAGE WIND SPEED     4.8


SKY COVER
  POSSIBLE SUNSHINE   0 PERCENT
  AVERAGE SKY COVER 1.0


WEATHER CONDITIONS
 THE FOLLOWING WEATHER WAS RECORDED YESTERDAY.
  LIGHT SNOW


RELATIVE HUMIDITY (PERCENT)
 HIGHEST    85           200 AM
 LOWEST     61           400 PM
 AVERAGE    73

..........................................................


THE GRAND RAPIDS MI CLIMATE NORMALS FOR TODAY
                         NORMAL    RECORD    YEAR
 MAXIMUM TEMPERATURE (F)   30        64      1906
 MINIMUM TEMPERATURE (F)   18       -15      1984


SUNRISE AND SUNSET
JANUARY 20 2015.......SUNRISE   807 AM EST   SUNSET   539 PM EST
JANUARY 21 2015.......SUNRISE   807 AM EST   SUNSET   540 PM EST


-  INDICATES NEGATIVE NUMBERS.
R  INDICATES RECORD WAS SET OR TIED.
MM INDICATES DATA IS MISSING.
T  INDICATES TRACE AMOUNT.




$$
