000
CDUS43 KGRR 230522
CLIGRR


CLIMATE REPORT
NATIONAL WEATHER SERVICE GRAND RAPIDS, MI
119 AM EDT SAT APR 23 2016


...................................

...THE GRAND RAPIDS MI CLIMATE SUMMARY FOR APRIL 22 2016...

CLIMATE NORMAL PERIOD 1981 TO 2010
CLIMATE RECORD PERIOD 1892 TO 2016


WEATHER ITEM   OBSERVED TIME   RECORD YEAR NORMAL DEPARTURE LAST
                VALUE   (LST)  VALUE       VALUE  FROM      YEAR
                                                  NORMAL
..................................................................
TEMPERATURE (F)
 YESTERDAY
  MAXIMUM         62   1248 PM  86    1980  61      1       40
  MINIMUM         46   1156 PM  24    1986  40      6       33
                                      1950
  AVERAGE         54                        51      3       37

PRECIPITATION (IN)
  YESTERDAY        0.00          1.72 1999   0.11  -0.11     0.01
  MONTH TO DATE    2.34                      2.45  -0.11     4.07
  SINCE MAR 1      7.28                      4.82   2.46     5.12
  SINCE JAN 1     12.21                      8.70   3.51     8.16

SNOWFALL (IN)
  YESTERDAY        0.0           0.1  2015   0.0    0.0      0.1
                                      2002
                                      1984
  MONTH TO DATE    9.4                       1.7    7.7      0.1
  SINCE MAR 1     19.5                      10.0    9.5      3.3
  SINCE JUL 1     61.1                      74.8  -13.7     78.1
  SNOW DEPTH       0

DEGREE DAYS
 HEATING
  YESTERDAY       11                        15     -4       28
  MONTH TO DATE  445                       413     32      371
  SINCE MAR 1   1194                      1323   -129     1375
  SINCE JUL 1   5271                      6100   -829     6677

 COOLING
  YESTERDAY        0                         0      0        0
  MONTH TO DATE    0                         0      0        0
  SINCE MAR 1      0                         1     -1        0
  SINCE JAN 1      0                         1     -1        0
..................................................................


WIND (MPH)
  RESULTANT WIND SPEED   7   RESULTANT WIND DIRECTION  NE (30)
  HIGHEST WIND SPEED    18   HIGHEST WIND DIRECTION    NE (40)
  HIGHEST GUST SPEED    21   HIGHEST GUST DIRECTION    NE (40)
  AVERAGE WIND SPEED     8.1


SKY COVER
  POSSIBLE SUNSHINE   4 PERCENT
  AVERAGE SKY COVER 0.8


WEATHER CONDITIONS
 THE FOLLOWING WEATHER WAS RECORDED YESTERDAY.
  FOG
  FOG W/VISIBILITY <= 1/4 MILE


RELATIVE HUMIDITY (PERCENT)
 HIGHEST   100           700 AM
 LOWEST     64          1200 PM
 AVERAGE    82

..........................................................


THE GRAND RAPIDS MI CLIMATE NORMALS FOR TODAY
                         NORMAL    RECORD    YEAR
 MAXIMUM TEMPERATURE (F)   62        84      1925
                                             1915
 MINIMUM TEMPERATURE (F)   40        20      1986


SUNRISE AND SUNSET
APRIL 23 2016.........SUNRISE   647 AM EDT   SUNSET   834 PM EDT
APRIL 24 2016.........SUNRISE   646 AM EDT   SUNSET   835 PM EDT


-  INDICATES NEGATIVE NUMBERS.
R  INDICATES RECORD WAS SET OR TIED.
MM INDICATES DATA IS MISSING.
T  INDICATES TRACE AMOUNT.




$$
