000
CDUS43 KGRR 180515
CLIGRR


CLIMATE REPORT
NATIONAL WEATHER SERVICE GRAND RAPIDS, MI
115 AM EDT FRI JUL 18 2014


...................................

...THE GRAND RAPIDS MI CLIMATE SUMMARY FOR JULY 17 2014...

CLIMATE NORMAL PERIOD 1981 TO 2010
CLIMATE RECORD PERIOD 1892 TO 2014


WEATHER ITEM   OBSERVED TIME   RECORD YEAR NORMAL DEPARTURE LAST
                VALUE   (LST)  VALUE       VALUE  FROM      YEAR
                                                  NORMAL
..................................................................
TEMPERATURE (F)
 YESTERDAY
  MAXIMUM         76    423 PM  99    2012  83     -7       95
  MINIMUM         51    459 AM  48    1958  62    -11       75
  AVERAGE         64                        73     -9       85

PRECIPITATION (IN)
  YESTERDAY        0.00          1.86 1950   0.13  -0.13     0.00
  MONTH TO DATE    4.32                      2.05   2.27     1.34
  SINCE JUN 1      9.47                      5.82   3.65     5.86
  SINCE JAN 1     22.74                     19.40   3.34    28.55

SNOWFALL (IN)
  YESTERDAY        0.0           0.0  2006   0.0    0.0      0.0
                                      2005
                                      2004
  MONTH TO DATE    0.0                       0.0    0.0      0.0
  SINCE JUN 1      0.0                       0.0    0.0      0.0
  SINCE JUL 1      0.0                       0.0    0.0      0.0
  SNOW DEPTH       0

DEGREE DAYS
 HEATING
  YESTERDAY        1                         0      1        0
  MONTH TO DATE    7                         0      7        1
  SINCE JUN 1     20                        45    -25       41
  SINCE JUL 1      7                         0      7        1

 COOLING
  YESTERDAY        0                         8     -8       20
  MONTH TO DATE   65                       133    -68      174
  SINCE JUN 1    244                       278    -34      323
  SINCE JAN 1    297                       325    -28      405
..................................................................


WIND (MPH)
  RESULTANT WIND SPEED   6   RESULTANT WIND DIRECTION   W (260)
  HIGHEST WIND SPEED    16   HIGHEST WIND DIRECTION     W (250)
  HIGHEST GUST SPEED    27   HIGHEST GUST DIRECTION     W (250)
  AVERAGE WIND SPEED     6.4


SKY COVER
  POSSIBLE SUNSHINE  96 PERCENT
  AVERAGE SKY COVER 0.3


WEATHER CONDITIONS
 THE FOLLOWING WEATHER WAS RECORDED YESTERDAY.
  NO SIGNIFICANT WEATHER WAS OBSERVED.


RELATIVE HUMIDITY (PERCENT)
 HIGHEST    93           400 AM
 LOWEST     38           100 PM
 AVERAGE    66

..........................................................


THE GRAND RAPIDS MI CLIMATE NORMALS FOR TODAY
                         NORMAL    RECORD    YEAR
 MAXIMUM TEMPERATURE (F)   83       101      1894
 MINIMUM TEMPERATURE (F)   62        47      1924


SUNRISE AND SUNSET
JULY 18 2014..........SUNRISE   620 AM EDT   SUNSET   917 PM EDT
JULY 19 2014..........SUNRISE   620 AM EDT   SUNSET   916 PM EDT


-  INDICATES NEGATIVE NUMBERS.
R  INDICATES RECORD WAS SET OR TIED.
MM INDICATES DATA IS MISSING.
T  INDICATES TRACE AMOUNT.




$$
