000
CDUS43 KGRR 102237
CLIGRR


CLIMATE REPORT
NATIONAL WEATHER SERVICE GRAND RAPIDS, MI
534 PM EST MON NOV 10 2014


...................................

...THE GRAND RAPIDS MI CLIMATE SUMMARY FOR NOVEMBER 10 2014...
VALID TODAY AS OF 0500 PM LOCAL TIME.

CLIMATE NORMAL PERIOD 1981 TO 2010
CLIMATE RECORD PERIOD 1892 TO 2014


WEATHER ITEM   OBSERVED TIME   RECORD YEAR NORMAL DEPARTURE LAST
                VALUE   (LST)  VALUE       VALUE  FROM      YEAR
                                                  NORMAL
..................................................................
TEMPERATURE (F)
 TODAY
  MAXIMUM         58    327 PM  67    1999  50      8       48
  MINIMUM         39    749 AM  16    1957  35      4       33
  AVERAGE         49                        42      7

PRECIPITATION (IN)
  TODAY            T             1.37 1998   0.11  -0.11     0.00
  MONTH TO DATE    0.37                      1.19  -0.82     1.61
  SINCE SEP 1      8.45                      8.73  -0.28     8.32
  SINCE JAN 1     34.97                     33.45   1.52    40.64

SNOWFALL (IN)
  TODAY            0.0           3.6  1943   0.2   -0.2
  MONTH TO DATE    T                         1.2   -1.2
  SINCE SEP 1      T                         1.7   -1.7
  SINCE JUL 1      T                         1.7   -1.7
  SNOW DEPTH       0

DEGREE DAYS
 HEATING
  TODAY           16                        23     -7       24
  MONTH TO DATE  221                       209     12      199
  SINCE SEP 1    784                       781      3      687
  SINCE JUL 1    803                       801      2      713

 COOLING
  TODAY            0                         0      0        0
  MONTH TO DATE    0                         0      0        0
  SINCE SEP 1     51                        74    -23       97
  SINCE JAN 1    611                       699    -88      767
..................................................................


WIND (MPH)
  RESULTANT WIND SPEED   8   RESULTANT WIND DIRECTION  SE (120)
  HIGHEST WIND SPEED    21   HIGHEST WIND DIRECTION     S (160)
  HIGHEST GUST SPEED    27   HIGHEST GUST DIRECTION     S (160)
  AVERAGE WIND SPEED     9.7


SKY COVER
  AVERAGE SKY COVER 1.0


WEATHER CONDITIONS
 THE FOLLOWING WEATHER WAS RECORDED TODAY.
  LIGHT RAIN


RELATIVE HUMIDITY (PERCENT)
 HIGHEST    86           100 AM
 LOWEST     47           300 PM
 AVERAGE    67

..........................................................


THE GRAND RAPIDS MI CLIMATE NORMALS FOR TOMORROW
                         NORMAL    RECORD    YEAR
 MAXIMUM TEMPERATURE (F)   50        73      1909
 MINIMUM TEMPERATURE (F)   35        18      1987


SUNRISE AND SUNSET
NOVEMBER 10 2014......SUNRISE   728 AM EST   SUNSET   524 PM EST
NOVEMBER 11 2014......SUNRISE   729 AM EST   SUNSET   523 PM EST


-  INDICATES NEGATIVE NUMBERS.
R  INDICATES RECORD WAS SET OR TIED.
MM INDICATES DATA IS MISSING.
T  INDICATES TRACE AMOUNT.




$$

63
