000
CDUS43 KGRR 062227
CLIGRR


CLIMATE REPORT
NATIONAL WEATHER SERVICE GRAND RAPIDS, MI
527 PM EST TUE FEB 6 2018


...................................

...THE GRAND RAPIDS MI CLIMATE SUMMARY FOR FEBRUARY 6 2018...
VALID TODAY AS OF 0500 PM LOCAL TIME.

CLIMATE NORMAL PERIOD 1981 TO 2010
CLIMATE RECORD PERIOD 1892 TO 2018


WEATHER ITEM   OBSERVED TIME   RECORD YEAR NORMAL DEPARTURE LAST
                VALUE   (LST)  VALUE       VALUE  FROM      YEAR
                                                  NORMAL
..................................................................
TEMPERATURE (F)
 TODAY
  MAXIMUM         23    259 PM  54    1938  32     -9       43
  MINIMUM         11   1202 AM  -9    1977  19     -8       16
                                      1895
  AVERAGE         17                        25     -8       30

PRECIPITATION (IN)
  TODAY            0.03          0.71 2008   0.05  -0.02     0.00
  MONTH TO DATE    0.60                      0.33   0.27     0.11
  SINCE DEC 1      4.68                      4.92  -0.24     6.58
  SINCE JAN 1      2.72                      2.42   0.30     3.62

SNOWFALL (IN)
  TODAY            0.7           8.1  2008   0.6    0.1      0.0
  MONTH TO DATE    9.6                       3.6    6.0      1.2
  SINCE DEC 1     55.1                      46.3    8.8     53.0
  SINCE JUL 1     55.7                      53.6    2.1     53.8
  SNOW DEPTH       5

DEGREE DAYS
 HEATING
  TODAY           48                        40      8       35
  MONTH TO DATE  275                       240     35      251
  SINCE DEC 1   2762                      2609    153     2515
  SINCE JUL 1   3953                      3947      6     3463

 COOLING
  TODAY            0                         0      0        0
  MONTH TO DATE    0                         0      0        0
  SINCE DEC 1      0                         0      0        0
  SINCE JAN 1      0                         0      0        0
..................................................................


WIND (MPH)
  RESULTANT WIND SPEED   4   RESULTANT WIND DIRECTION   W (250)
  HIGHEST WIND SPEED    12   HIGHEST WIND DIRECTION    SW (220)
  HIGHEST GUST SPEED    15   HIGHEST GUST DIRECTION     W (260)
  AVERAGE WIND SPEED     6.9


SKY COVER
  AVERAGE SKY COVER 0.9


WEATHER CONDITIONS
 THE FOLLOWING WEATHER WAS RECORDED TODAY.
  LIGHT SNOW
  FOG


RELATIVE HUMIDITY (PERCENT)
 HIGHEST    84           200 AM
 LOWEST     54           300 PM
 AVERAGE    69

..........................................................


THE GRAND RAPIDS MI CLIMATE NORMALS FOR TOMORROW
                         NORMAL    RECORD    YEAR
 MAXIMUM TEMPERATURE (F)   32        52      2009
 MINIMUM TEMPERATURE (F)   19       -15      1899


SUNRISE AND SUNSET
FEBRUARY  6 2018......SUNRISE   751 AM EST   SUNSET   602 PM EST
FEBRUARY  7 2018......SUNRISE   750 AM EST   SUNSET   603 PM EST


-  INDICATES NEGATIVE NUMBERS.
R  INDICATES RECORD WAS SET OR TIED.
MM INDICATES DATA IS MISSING.
T  INDICATES TRACE AMOUNT.




$$
