000
CDUS43 KGRR 221345
CLIGRR


CLIMATE REPORT
NATIONAL WEATHER SERVICE GRAND RAPIDS, MI
944 AM EDT SAT AUG 22 2015


...................................

...THE GRAND RAPIDS MI CLIMATE SUMMARY FOR AUGUST 22 2015...
VALID AS OF 0900 AM LOCAL TIME.

CLIMATE NORMAL PERIOD 1981 TO 2010
CLIMATE RECORD PERIOD 1892 TO 2015


WEATHER ITEM   OBSERVED TIME   RECORD YEAR NORMAL DEPARTURE LAST
                VALUE   (LST)  VALUE       VALUE  FROM      YEAR
                                                  NORMAL
..................................................................
TEMPERATURE (F)
 TODAY
  MAXIMUM         66    759 AM  98    1936  80    -14       81
  MINIMUM         59    425 AM  44    1923  61     -2       69
                                      1897
                                      1894
  AVERAGE         63                        70     -7       75

PRECIPITATION (IN)
  TODAY            0.00          1.25 2001   0.11  -0.11     0.00
  MONTH TO DATE    2.90                      2.53   0.37     2.83
  SINCE JUN 1      9.16                     10.08  -0.92    12.40
  SINCE JAN 1     20.79                     23.66  -2.87    25.67

SNOWFALL (IN)
  TODAY            0.0           0.0    MM   0.0    0.0      0.0
  MONTH TO DATE    0.0                       0.0    0.0      0.0
  SINCE JUN 1      0.0                       0.0    0.0      0.0
  SINCE JUL 1      0.0                       0.0    0.0      0.0
  SNOW DEPTH       0

DEGREE DAYS
 HEATING
  TODAY            2                         0      2        0
  MONTH TO DATE    3                         0      3        9
  SINCE JUN 1     46                        51     -5       31
  SINCE JUL 1     16                         6     10       18

 COOLING
  TODAY            0                         6     -6       10
  MONTH TO DATE  147                       147      0      134
  SINCE JUN 1    434                       531    -97      437
  SINCE JAN 1    486                       578    -92      490
..................................................................


WIND (MPH)
  RESULTANT WIND SPEED   4   RESULTANT WIND DIRECTION   S (170)
  HIGHEST WIND SPEED     9   HIGHEST WIND DIRECTION     S (160)
  HIGHEST GUST SPEED    10   HIGHEST GUST DIRECTION    SW (210)
  AVERAGE WIND SPEED     3.8


SKY COVER
  AVERAGE SKY COVER 0.3


WEATHER CONDITIONS
 THE FOLLOWING WEATHER WAS RECORDED TODAY.
  NO SIGNIFICANT WEATHER WAS OBSERVED.


RELATIVE HUMIDITY (PERCENT)
 HIGHEST    90          1200 AM
 LOWEST     84           300 AM
 AVERAGE    87

..........................................................


THE GRAND RAPIDS MI CLIMATE NORMALS FOR TOMORROW
                         NORMAL    RECORD    YEAR
 MAXIMUM TEMPERATURE (F)   80        96      1947
 MINIMUM TEMPERATURE (F)   60        43      1952
                                             1951


SUNRISE AND SUNSET
AUGUST 22 2015........SUNRISE   656 AM EDT   SUNSET   834 PM EDT
AUGUST 23 2015........SUNRISE   657 AM EDT   SUNSET   832 PM EDT


-  INDICATES NEGATIVE NUMBERS.
R  INDICATES RECORD WAS SET OR TIED.
MM INDICATES DATA IS MISSING.
T  INDICATES TRACE AMOUNT.




$$

JAM
