000
CDUS43 KGRR 260520
CLIGRR


CLIMATE REPORT
NATIONAL WEATHER SERVICE GRAND RAPIDS, MI
1219 AM EST SAT NOV 26 2016


...................................

...THE GRAND RAPIDS MI CLIMATE SUMMARY FOR NOVEMBER 25 2016...

CLIMATE NORMAL PERIOD 1981 TO 2010
CLIMATE RECORD PERIOD 1892 TO 2016


WEATHER ITEM   OBSERVED TIME   RECORD YEAR NORMAL DEPARTURE LAST
                VALUE   (LST)  VALUE       VALUE  FROM      YEAR
                                                  NORMAL
..................................................................
TEMPERATURE (F)
 YESTERDAY
  MAXIMUM         40   1253 PM  65    1908  43     -3       54
  MINIMUM         37   1159 PM -10    1950  30      7       32
  AVERAGE         39                        36      3       43

PRECIPITATION (IN)
  YESTERDAY        0.15          1.39 1979   0.11   0.04     0.02
  MONTH TO DATE    2.64                      2.98  -0.34     1.54
  SINCE SEP 1     11.19                     10.52   0.67     7.07
  SINCE JAN 1     42.73                     35.24   7.49    28.71

SNOWFALL (IN)
  YESTERDAY        0.0           3.5  2005   0.4   -0.4      0.0
  MONTH TO DATE    0.8                       4.9   -4.1      3.5
  SINCE SEP 1      0.8                       5.4   -4.6      3.5
  SINCE JUL 1      0.8                       5.4   -4.6      3.5
  SNOW DEPTH       0

DEGREE DAYS
 HEATING
  YESTERDAY       26                        29     -3       22
  MONTH TO DATE  473                       596   -123      449
  SINCE SEP 1    841                      1168   -327      901
  SINCE JUL 1    841                      1188   -347      930

 COOLING
  YESTERDAY        0                         0      0        0
  MONTH TO DATE    0                         0      0        0
  SINCE SEP 1    105                        74     31      135
  SINCE JAN 1    936                       699    237      642
..................................................................


WIND (MPH)
  RESULTANT WIND SPEED   8   RESULTANT WIND DIRECTION  SW (240)
  HIGHEST WIND SPEED    13   HIGHEST WIND DIRECTION     W (290)
  HIGHEST GUST SPEED    17   HIGHEST GUST DIRECTION    NW (310)
  AVERAGE WIND SPEED     7.9


SKY COVER
  POSSIBLE SUNSHINE   0 PERCENT
  AVERAGE SKY COVER 1.0


WEATHER CONDITIONS
 THE FOLLOWING WEATHER WAS RECORDED YESTERDAY.
  LIGHT RAIN
  FOG


RELATIVE HUMIDITY (PERCENT)
 HIGHEST    92          1200 AM
 LOWEST     85           100 AM
 AVERAGE    89

..........................................................


THE GRAND RAPIDS MI CLIMATE NORMALS FOR TODAY
                         NORMAL    RECORD    YEAR
 MAXIMUM TEMPERATURE (F)   42        65      1896
 MINIMUM TEMPERATURE (F)   30         3      1949


SUNRISE AND SUNSET
NOVEMBER 26 2016......SUNRISE   748 AM EST   SUNSET   511 PM EST
NOVEMBER 27 2016......SUNRISE   749 AM EST   SUNSET   510 PM EST


-  INDICATES NEGATIVE NUMBERS.
R  INDICATES RECORD WAS SET OR TIED.
MM INDICATES DATA IS MISSING.
T  INDICATES TRACE AMOUNT.




$$
