000
CDUS43 KGRR 190531
CLIGRR


CLIMATE REPORT
NATIONAL WEATHER SERVICE GRAND RAPIDS, MI
131 AM EDT TUE MAY 19 2015


...................................

...THE GRAND RAPIDS MI CLIMATE SUMMARY FOR MAY 18 2015...

CLIMATE NORMAL PERIOD 1981 TO 2010
CLIMATE RECORD PERIOD 1892 TO 2015


WEATHER ITEM   OBSERVED TIME   RECORD YEAR NORMAL DEPARTURE LAST
                VALUE   (LST)  VALUE       VALUE  FROM      YEAR
                                                  NORMAL
..................................................................
TEMPERATURE (F)
 YESTERDAY
  MAXIMUM         82    151 PM  90    1962  70     12       67
  MINIMUM         51   1159 PM  28    1973  48      3       40
  AVERAGE         67                        59      8       54

PRECIPITATION (IN)
  YESTERDAY        0.00          3.31 2000   0.13  -0.13     0.00
  MONTH TO DATE    2.04                      2.27  -0.23     2.91
  SINCE MAR 1      7.16                      7.99  -0.83     7.07
  SINCE JAN 1     10.20                     11.87  -1.67    12.87

SNOWFALL (IN)
  YESTERDAY        0.0           0.2  1915   0.0    0.0      0.0
  MONTH TO DATE    0.0                       0.0    0.0      0.0
  SINCE MAR 1      3.3                      10.1   -6.8      8.2
  SINCE JUL 1     78.1                      74.9    3.2    116.0
  SNOW DEPTH       0

DEGREE DAYS
 HEATING
  YESTERDAY        0                         7     -7       11
  MONTH TO DATE   89                       166    -77      203
  SINCE MAR 1   1604                      1594     10     1903
  SINCE JUL 1   6906                      6371    535     7184

 COOLING
  YESTERDAY        2                         1      1        0
  MONTH TO DATE   29                        14     15        9
  SINCE MAR 1     29                        22      7       11
  SINCE JAN 1     29                        22      7       11
..................................................................


WIND (MPH)
  RESULTANT WIND SPEED  14   RESULTANT WIND DIRECTION   W (250)
  HIGHEST WIND SPEED    28   HIGHEST WIND DIRECTION     W (260)
  HIGHEST GUST SPEED    34   HIGHEST GUST DIRECTION     W (280)
  AVERAGE WIND SPEED    15.5


SKY COVER
  POSSIBLE SUNSHINE  91 PERCENT
  AVERAGE SKY COVER 0.5


WEATHER CONDITIONS
 THE FOLLOWING WEATHER WAS RECORDED YESTERDAY.
  NO SIGNIFICANT WEATHER WAS OBSERVED.


RELATIVE HUMIDITY (PERCENT)
 HIGHEST    84           100 AM
 LOWEST     45           700 PM
 AVERAGE    65

..........................................................


THE GRAND RAPIDS MI CLIMATE NORMALS FOR TODAY
                         NORMAL    RECORD    YEAR
 MAXIMUM TEMPERATURE (F)   71        91      1977
 MINIMUM TEMPERATURE (F)   49        30      2002


SUNRISE AND SUNSET
MAY 19 2015...........SUNRISE   616 AM EDT   SUNSET   902 PM EDT
MAY 20 2015...........SUNRISE   615 AM EDT   SUNSET   903 PM EDT


-  INDICATES NEGATIVE NUMBERS.
R  INDICATES RECORD WAS SET OR TIED.
MM INDICATES DATA IS MISSING.
T  INDICATES TRACE AMOUNT.




$$
