000
CDUS43 KGRR 090548
CLIGRR


CLIMATE REPORT
NATIONAL WEATHER SERVICE GRAND RAPIDS, MI
1247 AM EST SUN NOV 9 2014


...................................

...THE GRAND RAPIDS MI CLIMATE SUMMARY FOR NOVEMBER 8 2014...

CLIMATE NORMAL PERIOD 1981 TO 2010
CLIMATE RECORD PERIOD 1892 TO 2014


WEATHER ITEM   OBSERVED TIME   RECORD YEAR NORMAL DEPARTURE LAST
                VALUE   (LST)  VALUE       VALUE  FROM      YEAR
                                                  NORMAL
..................................................................
TEMPERATURE (F)
 YESTERDAY
  MAXIMUM         44    249 PM  72    2009  51     -7       45
                                      1931
  MINIMUM         33   1159 PM  16    1991  35     -2       33
                                      1976
  AVERAGE         39                        43     -4       39

PRECIPITATION (IN)
  YESTERDAY        0.09          0.76 1916   0.11  -0.02     0.00
  MONTH TO DATE    0.36                      0.96  -0.60     1.59
  SINCE SEP 1      8.44                      8.50  -0.06     8.30
  SINCE JAN 1     34.96                     33.22   1.74    40.62

SNOWFALL (IN)
  YESTERDAY        0.0           1.3  1955   0.1   -0.1      0.0
  MONTH TO DATE    T                         0.9   -0.9       T
  SINCE SEP 1      T                         1.4   -1.4       T
  SINCE JUL 1      T                         1.4   -1.4       T
  SNOW DEPTH       0

DEGREE DAYS
 HEATING
  YESTERDAY       26                        22      4       26
  MONTH TO DATE  179                       164     15      155
  SINCE SEP 1    742                       736      6      643
  SINCE JUL 1    761                       756      5      669

 COOLING
  YESTERDAY        0                         0      0        0
  MONTH TO DATE    0                         0      0        0
  SINCE SEP 1     51                        74    -23       97
  SINCE JAN 1    611                       699    -88      767
..................................................................


WIND (MPH)
  RESULTANT WIND SPEED   5   RESULTANT WIND DIRECTION   W (250)
  HIGHEST WIND SPEED    24   HIGHEST WIND DIRECTION    NW (300)
  HIGHEST GUST SPEED    32   HIGHEST GUST DIRECTION    NW (300)
  AVERAGE WIND SPEED    11.4


SKY COVER
  POSSIBLE SUNSHINE   0 PERCENT
  AVERAGE SKY COVER 0.9


WEATHER CONDITIONS
 THE FOLLOWING WEATHER WAS RECORDED YESTERDAY.
  LIGHT RAIN
  FOG


RELATIVE HUMIDITY (PERCENT)
 HIGHEST    93          1000 AM
 LOWEST     55           900 PM
 AVERAGE    74

..........................................................


THE GRAND RAPIDS MI CLIMATE NORMALS FOR TODAY
                         NORMAL    RECORD    YEAR
 MAXIMUM TEMPERATURE (F)   51        73      1931
 MINIMUM TEMPERATURE (F)   35        16      2003


SUNRISE AND SUNSET
NOVEMBER  9 2014......SUNRISE   727 AM EST   SUNSET   525 PM EST
NOVEMBER 10 2014......SUNRISE   728 AM EST   SUNSET   524 PM EST


-  INDICATES NEGATIVE NUMBERS.
R  INDICATES RECORD WAS SET OR TIED.
MM INDICATES DATA IS MISSING.
T  INDICATES TRACE AMOUNT.




$$
