747
CDUS43 KGRR 020522
CLIGRR


CLIMATE REPORT
NATIONAL WEATHER SERVICE GRAND RAPIDS, MI
1221 AM EST TUE FEB 2 2016


...................................

...THE GRAND RAPIDS MI CLIMATE SUMMARY FOR FEBRUARY 1 2016...

CLIMATE NORMAL PERIOD 1981 TO 2010
CLIMATE RECORD PERIOD 1892 TO 2016


WEATHER ITEM   OBSERVED TIME   RECORD YEAR NORMAL DEPARTURE LAST
                VALUE   (LST)  VALUE       VALUE  FROM      YEAR
                                                  NORMAL
..................................................................
TEMPERATURE (F)
 YESTERDAY
  MAXIMUM         42    405 PM  51    1989  31     11       30
                                      1968
  MINIMUM         27   1159 PM -20    1899  18      9       11
  AVERAGE         35                        24     11       21

PRECIPITATION (IN)
  YESTERDAY        T             1.32 1968   0.05  -0.05     0.65
  MONTH TO DATE    T                         0.05  -0.05     0.65
  SINCE DEC 1      5.48                      4.64   0.84     4.09
  SINCE JAN 1      2.15                      2.14   0.01     2.52

SNOWFALL (IN)
  YESTERDAY        0.0           8.8  2015   0.6   -0.6      8.8
  MONTH TO DATE    0.0                       0.6   -0.6      8.8
  SINCE DEC 1     23.3                      43.3  -20.0     33.0
  SINCE JUL 1     26.8                      50.6  -23.8     64.0
  SNOW DEPTH       T

DEGREE DAYS
 HEATING
  YESTERDAY       30                        40    -10       44
  MONTH TO DATE   30                        40    -10       44
  SINCE DEC 1   2027                      2409   -382     2411
  SINCE JUL 1   3085                      3747   -662     3907

 COOLING
  YESTERDAY        0                         0      0        0
  MONTH TO DATE    0                         0      0        0
  SINCE DEC 1      0                         0      0        0
  SINCE JAN 1      0                         0      0        0
..................................................................


WIND (MPH)
  RESULTANT WIND SPEED   6   RESULTANT WIND DIRECTION   W (250)
  HIGHEST WIND SPEED    15   HIGHEST WIND DIRECTION     W (250)
  HIGHEST GUST SPEED    20   HIGHEST GUST DIRECTION     W (290)
  AVERAGE WIND SPEED     6.7


SKY COVER
  POSSIBLE SUNSHINE  34 PERCENT
  AVERAGE SKY COVER 0.7


WEATHER CONDITIONS
 THE FOLLOWING WEATHER WAS RECORDED YESTERDAY.
  LIGHT RAIN
  FOG
  HAZE


RELATIVE HUMIDITY (PERCENT)
 HIGHEST   100          1200 AM
 LOWEST     70           400 PM
 AVERAGE    85

..........................................................


THE GRAND RAPIDS MI CLIMATE NORMALS FOR TODAY
                         NORMAL    RECORD    YEAR
 MAXIMUM TEMPERATURE (F)   31        48      1903
 MINIMUM TEMPERATURE (F)   18       -11      1971


SUNRISE AND SUNSET
FEBRUARY  2 2016......SUNRISE   756 AM EST   SUNSET   556 PM EST
FEBRUARY  3 2016......SUNRISE   755 AM EST   SUNSET   557 PM EST


-  INDICATES NEGATIVE NUMBERS.
R  INDICATES RECORD WAS SET OR TIED.
MM INDICATES DATA IS MISSING.
T  INDICATES TRACE AMOUNT.




$$

JAM
