000
CDUS43 KGRR 180528
CLIGRR


CLIMATE REPORT
NATIONAL WEATHER SERVICE GRAND RAPIDS, MI
1226 AM EST TUE NOV 18 2014


...................................

...THE GRAND RAPIDS MI CLIMATE SUMMARY FOR NOVEMBER 17 2014...

CLIMATE NORMAL PERIOD 1981 TO 2010
CLIMATE RECORD PERIOD 1892 TO 2014


WEATHER ITEM   OBSERVED TIME   RECORD YEAR NORMAL DEPARTURE LAST
                VALUE   (LST)  VALUE       VALUE  FROM      YEAR
                                                  NORMAL
..................................................................
TEMPERATURE (F)
 YESTERDAY
  MAXIMUM         30    351 AM  70    1958  47    -17       64
                                      1953
  MINIMUM         16   1159 PM   9    1959  33    -17       43
  AVERAGE         23                        40    -17       54

PRECIPITATION (IN)
  YESTERDAY        0.28          1.59 1952   0.12   0.16     1.21
  MONTH TO DATE    1.11                      2.05  -0.94     3.52
  SINCE SEP 1      9.19                      9.59  -0.40    10.23
  SINCE JAN 1     35.71                     34.31   1.40    42.55

SNOWFALL (IN)
  YESTERDAY        6.0           7.1  1989   0.2    5.8      0.0
  MONTH TO DATE   10.9                       2.5    8.4      0.1
  SINCE SEP 1     10.9                       3.0    7.9      0.1
  SINCE JUL 1     10.9                       3.0    7.9      0.1
  SNOW DEPTH       2

DEGREE DAYS
 HEATING
  YESTERDAY       42                        25     17       11
  MONTH TO DATE  460                       378     82      374
  SINCE SEP 1   1023                       950     73      862
  SINCE JUL 1   1042                       970     72      888

 COOLING
  YESTERDAY        0                         0      0        0
  MONTH TO DATE    0                         0      0        0
  SINCE SEP 1     51                        74    -23       97
  SINCE JAN 1    611                       699    -88      767
..................................................................


WIND (MPH)
  RESULTANT WIND SPEED  15   RESULTANT WIND DIRECTION   W (260)
  HIGHEST WIND SPEED    26   HIGHEST WIND DIRECTION     W (260)
  HIGHEST GUST SPEED    33   HIGHEST GUST DIRECTION     W (260)
  AVERAGE WIND SPEED    14.8


SKY COVER
  POSSIBLE SUNSHINE   0 PERCENT
  AVERAGE SKY COVER 1.0


WEATHER CONDITIONS
 THE FOLLOWING WEATHER WAS RECORDED YESTERDAY.
  HEAVY SNOW
  SNOW
  LIGHT SNOW
  FOG
  FOG W/VISIBILITY <= 1/4 MILE
  HAZE
  BLOWING SNOW


RELATIVE HUMIDITY (PERCENT)
 HIGHEST    88          1100 PM
 LOWEST     68           700 AM
 AVERAGE    78

..........................................................


THE GRAND RAPIDS MI CLIMATE NORMALS FOR TODAY
                         NORMAL    RECORD    YEAR
 MAXIMUM TEMPERATURE (F)   46        70      1958
 MINIMUM TEMPERATURE (F)   32        11      1959


SUNRISE AND SUNSET
NOVEMBER 18 2014......SUNRISE   738 AM EST   SUNSET   516 PM EST
NOVEMBER 19 2014......SUNRISE   739 AM EST   SUNSET   515 PM EST


-  INDICATES NEGATIVE NUMBERS.
R  INDICATES RECORD WAS SET OR TIED.
MM INDICATES DATA IS MISSING.
T  INDICATES TRACE AMOUNT.




$$

JAM
