000
CDUS43 KGRR 110521
CLIGRR


CLIMATE REPORT
NATIONAL WEATHER SERVICE GRAND RAPIDS, MI
120 AM EDT SUN JUN 11 2017


...................................

...THE GRAND RAPIDS MI CLIMATE SUMMARY FOR JUNE 10 2017...

CLIMATE NORMAL PERIOD 1981 TO 2010
CLIMATE RECORD PERIOD 1892 TO 2017


WEATHER ITEM   OBSERVED TIME   RECORD YEAR NORMAL DEPARTURE LAST
                VALUE   (LST)  VALUE       VALUE  FROM      YEAR
                                                  NORMAL
..................................................................
TEMPERATURE (F)
 YESTERDAY
  MAXIMUM         89    526 PM  93    1999  78     11       90
                                      1933
  MINIMUM         57    521 AM  36    1980  56      1       59
  AVERAGE         73                        67      6       75

PRECIPITATION (IN)
  YESTERDAY        0.00          1.37 1979   0.13  -0.13     0.00
  MONTH TO DATE    0.24                      1.28  -1.04     0.52
  SINCE JUN 1      0.24                      1.28  -1.04     0.52
  SINCE JAN 1     16.84                     14.86   1.98    17.32

SNOWFALL (IN)
  YESTERDAY        0.0           0.0  2007   0.0    0.0      0.0
                                      2006
                                      2005
  MONTH TO DATE    0.0                       0.0    0.0      0.0
  SINCE JUN 1      0.0                       0.0    0.0      0.0
  SINCE JUL 1     60.1                      74.9  -14.8     61.1
  SNOW DEPTH       0

DEGREE DAYS
 HEATING
  YESTERDAY        0                         2     -2        0
  MONTH TO DATE    7                        27    -20       21
  SINCE JUN 1      7                        27    -20       21
  SINCE JUL 1   5620                      6467   -847     5617

 COOLING
  YESTERDAY        8                         4      4       10
  MONTH TO DATE   28                        32     -4       33
  SINCE JUN 1     28                        32     -4       33
  SINCE JAN 1     58                        79    -21      104
..................................................................


WIND (MPH)
  RESULTANT WIND SPEED  13   RESULTANT WIND DIRECTION  SW (220)
  HIGHEST WIND SPEED    28   HIGHEST WIND DIRECTION    SW (230)
  HIGHEST GUST SPEED    35   HIGHEST GUST DIRECTION    SW (230)
  AVERAGE WIND SPEED    13.8


SKY COVER
  POSSIBLE SUNSHINE  94 PERCENT
  AVERAGE SKY COVER 0.4


WEATHER CONDITIONS
 THE FOLLOWING WEATHER WAS RECORDED YESTERDAY.
  NO SIGNIFICANT WEATHER WAS OBSERVED.


RELATIVE HUMIDITY (PERCENT)
 HIGHEST    93           300 AM
 LOWEST     26           500 PM
 AVERAGE    60

..........................................................


THE GRAND RAPIDS MI CLIMATE NORMALS FOR TODAY
                         NORMAL    RECORD    YEAR
 MAXIMUM TEMPERATURE (F)   78        93      1956
                                             1933
                                             1894
 MINIMUM TEMPERATURE (F)   57        33      1972


SUNRISE AND SUNSET
JUNE 11 2017..........SUNRISE   603 AM EDT   SUNSET   921 PM EDT
JUNE 12 2017..........SUNRISE   603 AM EDT   SUNSET   921 PM EDT


-  INDICATES NEGATIVE NUMBERS.
R  INDICATES RECORD WAS SET OR TIED.
MM INDICATES DATA IS MISSING.
T  INDICATES TRACE AMOUNT.




$$
